Server : LiteSpeed System : Linux server551.iseencloud.net 5.14.0-570.33.2.el9_6.x86_64 #1 SMP PREEMPT_DYNAMIC Thu Aug 14 07:37:35 EDT 2025 x86_64 User : pbkvidya ( 2092) PHP Version : 8.1.33 Disable Function : show_source, system, shell_exec, passthru, exec, popen, proc_open Directory : /home2/pbkvidya/access-logs/ |
57.141.20.43 - - [13/May/2026:17:54:00 +0530] "GET /?products/22457126/ HTTP/1.1" 200 154617 "-" "meta-externalagent/1.1 (+https://developers.facebook.com/docs/sharing/webmasters/crawler)"
57.141.20.54 - - [13/May/2026:17:55:46 +0530] "GET /?products/6746359/ HTTP/1.1" 200 154617 "-" "meta-externalagent/1.1 (+https://developers.facebook.com/docs/sharing/webmasters/crawler)"
57.141.20.21 - - [13/May/2026:17:55:52 +0530] "GET /?products/8981715/ HTTP/1.1" 200 154617 "-" "meta-externalagent/1.1 (+https://developers.facebook.com/docs/sharing/webmasters/crawler)"
57.141.20.56 - - [13/May/2026:17:56:54 +0530] "GET /?products/20470026/ HTTP/1.1" 200 154617 "-" "meta-externalagent/1.1 (+https://developers.facebook.com/docs/sharing/webmasters/crawler)"
57.141.20.70 - - [13/May/2026:17:57:17 +0530] "GET /?products/12234682/ HTTP/1.1" 200 154617 "-" "meta-externalagent/1.1 (+https://developers.facebook.com/docs/sharing/webmasters/crawler)"
57.141.20.30 - - [13/May/2026:17:57:50 +0530] "GET /?products/24562148/ HTTP/1.1" 200 154617 "-" "meta-externalagent/1.1 (+https://developers.facebook.com/docs/sharing/webmasters/crawler)"
57.141.20.17 - - [13/May/2026:17:58:39 +0530] "GET /?products/5096448/ HTTP/1.1" 200 154617 "-" "meta-externalagent/1.1 (+https://developers.facebook.com/docs/sharing/webmasters/crawler)"
57.141.20.33 - - [13/May/2026:17:58:45 +0530] "GET /?products/8487659/ HTTP/1.1" 200 154617 "-" "meta-externalagent/1.1 (+https://developers.facebook.com/docs/sharing/webmasters/crawler)"
57.141.20.47 - - [13/May/2026:18:00:03 +0530] "GET /?products/16576626/ HTTP/1.1" 200 154617 "-" "meta-externalagent/1.1 (+https://developers.facebook.com/docs/sharing/webmasters/crawler)"
57.141.20.28 - - [13/May/2026:17:55:21 +0530] "GET /?products/3655226/ HTTP/1.1" 200 154617 "-" "meta-externalagent/1.1 (+https://developers.facebook.com/docs/sharing/webmasters/crawler)"
57.141.20.62 - - [13/May/2026:17:58:52 +0530] "GET /?products/10063859/ HTTP/1.1" 200 154617 "-" "meta-externalagent/1.1 (+https://developers.facebook.com/docs/sharing/webmasters/crawler)"
57.141.20.21 - - [13/May/2026:17:59:12 +0530] "GET /?products/4261371/ HTTP/1.1" 200 154617 "-" "meta-externalagent/1.1 (+https://developers.facebook.com/docs/sharing/webmasters/crawler)"
57.141.20.62 - - [13/May/2026:17:59:57 +0530] "GET /?products/2365726/ HTTP/1.1" 200 154617 "-" "meta-externalagent/1.1 (+https://developers.facebook.com/docs/sharing/webmasters/crawler)"
57.141.20.67 - - [13/May/2026:18:00:19 +0530] "GET /?products/19858782/ HTTP/1.1" 200 154617 "-" "meta-externalagent/1.1 (+https://developers.facebook.com/docs/sharing/webmasters/crawler)"
57.141.20.14 - - [13/May/2026:18:01:05 +0530] "GET /?products/4670460/ HTTP/1.1" 200 154617 "-" "meta-externalagent/1.1 (+https://developers.facebook.com/docs/sharing/webmasters/crawler)"
57.141.20.53 - - [13/May/2026:18:01:21 +0530] "GET /?products/21681859/ HTTP/1.1" 200 154617 "-" "meta-externalagent/1.1 (+https://developers.facebook.com/docs/sharing/webmasters/crawler)"
57.141.20.12 - - [13/May/2026:18:01:31 +0530] "GET /?products/12202848/ HTTP/1.1" 200 154617 "-" "meta-externalagent/1.1 (+https://developers.facebook.com/docs/sharing/webmasters/crawler)"
57.141.20.0 - - [13/May/2026:18:01:36 +0530] "GET /?products/3172482/ HTTP/1.1" 200 154617 "-" "meta-externalagent/1.1 (+https://developers.facebook.com/docs/sharing/webmasters/crawler)"
57.141.20.18 - - [13/May/2026:18:01:49 +0530] "GET /?products/3927426/ HTTP/1.1" 200 154617 "-" "meta-externalagent/1.1 (+https://developers.facebook.com/docs/sharing/webmasters/crawler)"
57.141.20.42 - - [13/May/2026:18:02:02 +0530] "GET /?products/12182593/ HTTP/1.1" 200 154617 "-" "meta-externalagent/1.1 (+https://developers.facebook.com/docs/sharing/webmasters/crawler)"
57.141.20.29 - - [13/May/2026:18:02:32 +0530] "GET /?products/20204960/ HTTP/1.1" 200 154617 "-" "meta-externalagent/1.1 (+https://developers.facebook.com/docs/sharing/webmasters/crawler)"
57.141.20.43 - - [13/May/2026:18:02:35 +0530] "GET /?products/11321160/ HTTP/1.1" 200 154617 "-" "meta-externalagent/1.1 (+https://developers.facebook.com/docs/sharing/webmasters/crawler)"
57.141.20.37 - - [13/May/2026:18:03:36 +0530] "GET /?products/21731982/ HTTP/1.1" 200 154617 "-" "meta-externalagent/1.1 (+https://developers.facebook.com/docs/sharing/webmasters/crawler)"
57.141.20.65 - - [13/May/2026:18:04:58 +0530] "GET /?products/8703260/ HTTP/1.1" 200 154617 "-" "meta-externalagent/1.1 (+https://developers.facebook.com/docs/sharing/webmasters/crawler)"
57.141.20.32 - - [13/May/2026:18:05:23 +0530] "GET /?products/18447548/ HTTP/1.1" 200 154617 "-" "meta-externalagent/1.1 (+https://developers.facebook.com/docs/sharing/webmasters/crawler)"
185.226.196.19 - - [13/May/2026:18:06:20 +0530] "GET /login.do HTTP/1.1" 404 1251 "-" "Mozilla/5.0 AppleWebKit/537.36 (KHTML, like Gecko) Chrome/123.0.6312.86 Safari/537.36"
57.141.20.31 - - [13/May/2026:18:06:21 +0530] "GET /?products/12457160/ HTTP/1.1" 200 154617 "-" "meta-externalagent/1.1 (+https://developers.facebook.com/docs/sharing/webmasters/crawler)"
57.141.20.52 - - [13/May/2026:18:06:25 +0530] "GET /?products/16931348/ HTTP/1.1" 200 154617 "-" "meta-externalagent/1.1 (+https://developers.facebook.com/docs/sharing/webmasters/crawler)"
57.141.20.49 - - [13/May/2026:18:06:52 +0530] "GET /?products/5487982/ HTTP/1.1" 200 154617 "-" "meta-externalagent/1.1 (+https://developers.facebook.com/docs/sharing/webmasters/crawler)"
57.141.20.8 - - [13/May/2026:18:07:21 +0530] "GET /?products/22405948/ HTTP/1.1" 200 154617 "-" "meta-externalagent/1.1 (+https://developers.facebook.com/docs/sharing/webmasters/crawler)"
57.141.20.1 - - [13/May/2026:17:54:26 +0530] "GET /?products/7406248/ HTTP/1.1" 200 154617 "-" "meta-externalagent/1.1 (+https://developers.facebook.com/docs/sharing/webmasters/crawler)"
57.141.20.54 - - [13/May/2026:17:54:27 +0530] "GET /?products/21555259/ HTTP/1.1" 200 154617 "-" "meta-externalagent/1.1 (+https://developers.facebook.com/docs/sharing/webmasters/crawler)"
51.68.111.207 - - [13/May/2026:17:54:44 +0530] "GET /robots.txt HTTP/1.1" 404 1251 "-" "Mozilla/5.0 (compatible; MJ12bot/v2.0.5; http://mj12bot.com/)"
51.68.111.207 - - [13/May/2026:17:54:44 +0530] "GET / HTTP/1.1" 200 12834 "-" "Mozilla/5.0 (compatible; MJ12bot/v2.0.5; http://mj12bot.com/)"
57.141.20.39 - - [13/May/2026:17:55:03 +0530] "GET /?products/25866948/ HTTP/1.1" 200 154617 "-" "meta-externalagent/1.1 (+https://developers.facebook.com/docs/sharing/webmasters/crawler)"
57.141.20.12 - - [13/May/2026:17:56:42 +0530] "GET /?products/4632126/ HTTP/1.1" 200 154617 "-" "meta-externalagent/1.1 (+https://developers.facebook.com/docs/sharing/webmasters/crawler)"
57.141.20.31 - - [13/May/2026:17:57:47 +0530] "GET /?products/11291115/ HTTP/1.1" 200 154617 "-" "meta-externalagent/1.1 (+https://developers.facebook.com/docs/sharing/webmasters/crawler)"
57.141.20.52 - - [13/May/2026:17:58:08 +0530] "GET /?products/15900693/ HTTP/1.1" 200 154617 "-" "meta-externalagent/1.1 (+https://developers.facebook.com/docs/sharing/webmasters/crawler)"
57.141.20.41 - - [13/May/2026:17:59:04 +0530] "GET /?products/7548959/ HTTP/1.1" 200 154617 "-" "meta-externalagent/1.1 (+https://developers.facebook.com/docs/sharing/webmasters/crawler)"
57.141.20.6 - - [13/May/2026:17:59:16 +0530] "GET /?products/21352860/ HTTP/1.1" 200 154617 "-" "meta-externalagent/1.1 (+https://developers.facebook.com/docs/sharing/webmasters/crawler)"
57.141.20.3 - - [13/May/2026:17:59:56 +0530] "GET /?products/18360760/ HTTP/1.1" 200 154617 "-" "meta-externalagent/1.1 (+https://developers.facebook.com/docs/sharing/webmasters/crawler)"
57.141.20.51 - - [13/May/2026:17:59:58 +0530] "GET /?products/9630293/ HTTP/1.1" 200 154617 "-" "meta-externalagent/1.1 (+https://developers.facebook.com/docs/sharing/webmasters/crawler)"
57.141.20.21 - - [13/May/2026:18:00:01 +0530] "GET /?products/10479148/ HTTP/1.1" 200 154617 "-" "meta-externalagent/1.1 (+https://developers.facebook.com/docs/sharing/webmasters/crawler)"
57.141.20.39 - - [13/May/2026:18:01:24 +0530] "GET /?products/5585337/ HTTP/1.1" 200 154617 "-" "meta-externalagent/1.1 (+https://developers.facebook.com/docs/sharing/webmasters/crawler)"
57.141.20.37 - - [13/May/2026:18:01:38 +0530] "GET /?products/17752704/ HTTP/1.1" 200 154617 "-" "meta-externalagent/1.1 (+https://developers.facebook.com/docs/sharing/webmasters/crawler)"
57.141.20.26 - - [13/May/2026:18:03:02 +0530] "GET /?products/23122004/ HTTP/1.1" 200 154617 "-" "meta-externalagent/1.1 (+https://developers.facebook.com/docs/sharing/webmasters/crawler)"
57.141.20.13 - - [13/May/2026:18:04:29 +0530] "GET /?products/9240615/ HTTP/1.1" 200 154617 "-" "meta-externalagent/1.1 (+https://developers.facebook.com/docs/sharing/webmasters/crawler)"
57.141.20.59 - - [13/May/2026:18:04:52 +0530] "GET /?products/2692937/ HTTP/1.1" 200 154617 "-" "meta-externalagent/1.1 (+https://developers.facebook.com/docs/sharing/webmasters/crawler)"
57.141.20.2 - - [13/May/2026:18:04:59 +0530] "GET /?products/10765771/ HTTP/1.1" 200 154617 "-" "meta-externalagent/1.1 (+https://developers.facebook.com/docs/sharing/webmasters/crawler)"
185.226.196.18 - - [13/May/2026:18:06:47 +0530] "GET / HTTP/1.1" 200 12834 "-" "Mozilla/5.0 AppleWebKit/537.36 (KHTML, like Gecko) Chrome/123.0.6312.86 Safari/537.36"
57.141.20.69 - - [13/May/2026:18:07:19 +0530] "GET /?products/21054126/ HTTP/1.1" 200 154617 "-" "meta-externalagent/1.1 (+https://developers.facebook.com/docs/sharing/webmasters/crawler)"
185.226.196.19 - - [13/May/2026:18:07:40 +0530] "GET /identity HTTP/1.1" 404 1251 "-" "Mozilla/5.0 AppleWebKit/537.36 (KHTML, like Gecko) Chrome/123.0.6312.86 Safari/537.36"
57.141.20.67 - - [13/May/2026:17:54:56 +0530] "GET /?products/17734359/ HTTP/1.1" 200 154617 "-" "meta-externalagent/1.1 (+https://developers.facebook.com/docs/sharing/webmasters/crawler)"
57.141.20.6 - - [13/May/2026:17:58:35 +0530] "GET /?products/985660/ HTTP/1.1" 200 154617 "-" "meta-externalagent/1.1 (+https://developers.facebook.com/docs/sharing/webmasters/crawler)"
57.141.20.45 - - [13/May/2026:17:59:43 +0530] "GET /?products/17158582/ HTTP/1.1" 200 154617 "-" "meta-externalagent/1.1 (+https://developers.facebook.com/docs/sharing/webmasters/crawler)"
57.141.20.54 - - [13/May/2026:17:59:57 +0530] "GET /?products/3588915/ HTTP/1.1" 200 154617 "-" "meta-externalagent/1.1 (+https://developers.facebook.com/docs/sharing/webmasters/crawler)"
57.141.20.55 - - [13/May/2026:18:00:27 +0530] "GET /?products/2513959/ HTTP/1.1" 200 154617 "-" "meta-externalagent/1.1 (+https://developers.facebook.com/docs/sharing/webmasters/crawler)"
57.141.20.47 - - [13/May/2026:18:00:30 +0530] "GET /?products/9437871/ HTTP/1.1" 200 154617 "-" "meta-externalagent/1.1 (+https://developers.facebook.com/docs/sharing/webmasters/crawler)"
57.141.20.60 - - [13/May/2026:18:00:46 +0530] "GET /?products/6807004/ HTTP/1.1" 200 154617 "-" "meta-externalagent/1.1 (+https://developers.facebook.com/docs/sharing/webmasters/crawler)"
43.134.51.171 - - [13/May/2026:18:01:43 +0530] "GET /mandatory_disclosure.php HTTP/1.1" 200 7335 "-" "Mozilla/5.0 (iPhone; CPU iPhone OS 13_2_3 like Mac OS X) AppleWebKit/605.1.15 (KHTML, like Gecko) Version/13.0.3 Mobile/15E148 Safari/604.1"
57.141.20.35 - - [13/May/2026:18:03:18 +0530] "GET /?products/6692526/ HTTP/1.1" 200 154617 "-" "meta-externalagent/1.1 (+https://developers.facebook.com/docs/sharing/webmasters/crawler)"
57.141.20.3 - - [13/May/2026:18:04:20 +0530] "GET /?products/20222826/ HTTP/1.1" 200 154617 "-" "meta-externalagent/1.1 (+https://developers.facebook.com/docs/sharing/webmasters/crawler)"
185.226.196.19 - - [13/May/2026:18:06:23 +0530] "GET / HTTP/1.1" 200 12834 "-" "Mozilla/5.0 AppleWebKit/537.36 (KHTML, like Gecko) Chrome/123.0.6312.86 Safari/537.36"
57.141.20.61 - - [13/May/2026:18:06:26 +0530] "GET /?products/14622426/ HTTP/1.1" 200 154617 "-" "meta-externalagent/1.1 (+https://developers.facebook.com/docs/sharing/webmasters/crawler)"
185.226.196.19 - - [13/May/2026:18:06:34 +0530] "GET /static/historypage.js HTTP/1.1" 404 1251 "-" "Mozilla/5.0 AppleWebKit/537.36 (KHTML, like Gecko) Chrome/123.0.6312.86 Safari/537.36"
57.141.20.16 - - [13/May/2026:18:06:42 +0530] "GET /?products/1891482/ HTTP/1.1" 200 154617 "-" "meta-externalagent/1.1 (+https://developers.facebook.com/docs/sharing/webmasters/crawler)"
57.141.20.33 - - [13/May/2026:18:07:05 +0530] "GET /?products/25546515/ HTTP/1.1" 200 154617 "-" "meta-externalagent/1.1 (+https://developers.facebook.com/docs/sharing/webmasters/crawler)"
185.226.196.20 - - [13/May/2026:18:07:26 +0530] "GET /api/session/properties HTTP/1.1" 404 1251 "-" "Mozilla/5.0 AppleWebKit/537.36 (KHTML, like Gecko) Chrome/123.0.6312.86 Safari/537.36"
57.141.20.1 - - [13/May/2026:18:07:27 +0530] "GET /?products/13018415/ HTTP/1.1" 200 154617 "-" "meta-externalagent/1.1 (+https://developers.facebook.com/docs/sharing/webmasters/crawler)"
57.141.20.30 - - [13/May/2026:18:07:38 +0530] "GET /?products/9215715/ HTTP/1.1" 200 154617 "-" "meta-externalagent/1.1 (+https://developers.facebook.com/docs/sharing/webmasters/crawler)"
57.141.20.61 - - [13/May/2026:18:07:50 +0530] "GET /?products/10707659/ HTTP/1.1" 200 154617 "-" "meta-externalagent/1.1 (+https://developers.facebook.com/docs/sharing/webmasters/crawler)"
57.141.20.52 - - [13/May/2026:18:08:06 +0530] "GET /?products/6106193/ HTTP/1.1" 200 154617 "-" "meta-externalagent/1.1 (+https://developers.facebook.com/docs/sharing/webmasters/crawler)"
185.226.196.20 - - [13/May/2026:18:08:08 +0530] "GET /favicon.ico HTTP/1.1" 404 1251 "-" "Mozilla/5.0 AppleWebKit/537.36 (KHTML, like Gecko) Chrome/123.0.6312.86 Safari/537.36"
185.226.196.19 - - [13/May/2026:18:07:48 +0530] "GET /Telerik.Web.UI.WebResource.axd?type=rau HTTP/1.1" 404 1251 "-" "Mozilla/5.0 AppleWebKit/537.36 (KHTML, like Gecko) Chrome/123.0.6312.86 Safari/537.36"
185.226.196.17 - - [13/May/2026:18:07:57 +0530] "GET /solr/ HTTP/1.1" 404 1251 "-" "Mozilla/5.0 AppleWebKit/537.36 (KHTML, like Gecko) Chrome/123.0.6312.86 Safari/537.36"
185.226.196.19 - - [13/May/2026:18:08:27 +0530] "GET /zabbix/favicon.ico HTTP/1.1" 404 1251 "-" "Mozilla/5.0 AppleWebKit/537.36 (KHTML, like Gecko) Chrome/123.0.6312.86 Safari/537.36"
57.141.20.28 - - [13/May/2026:18:08:30 +0530] "GET /?products/10938859/ HTTP/1.1" 200 154617 "-" "meta-externalagent/1.1 (+https://developers.facebook.com/docs/sharing/webmasters/crawler)"
185.226.196.17 - - [13/May/2026:18:08:37 +0530] "GET /sugar_version.json HTTP/1.1" 404 1251 "-" "Mozilla/5.0 AppleWebKit/537.36 (KHTML, like Gecko) Chrome/123.0.6312.86 Safari/537.36"
185.226.196.18 - - [13/May/2026:18:08:59 +0530] "GET / HTTP/1.1" 200 12834 "-" "Mozilla/5.0 AppleWebKit/537.36 (KHTML, like Gecko) Chrome/123.0.6312.86 Safari/537.36"
57.141.20.34 - - [13/May/2026:18:09:01 +0530] "GET /?item/y1145160254/ HTTP/1.1" 200 154617 "-" "meta-externalagent/1.1 (+https://developers.facebook.com/docs/sharing/webmasters/crawler)"
185.226.196.18 - - [13/May/2026:18:09:12 +0530] "GET /favicon-32x32.png HTTP/1.1" 404 1251 "-" "Mozilla/5.0 AppleWebKit/537.36 (KHTML, like Gecko) Chrome/123.0.6312.86 Safari/537.36"
185.226.196.18 - - [13/May/2026:18:09:13 +0530] "GET /license.txt HTTP/1.1" 404 1251 "-" "Mozilla/5.0 AppleWebKit/537.36 (KHTML, like Gecko) Chrome/123.0.6312.86 Safari/537.36"
57.141.20.8 - - [13/May/2026:18:09:15 +0530] "GET /?products/2569093/ HTTP/1.1" 200 154617 "-" "meta-externalagent/1.1 (+https://developers.facebook.com/docs/sharing/webmasters/crawler)"
57.141.20.1 - - [13/May/2026:18:09:31 +0530] "GET /?products/8099059/ HTTP/1.1" 200 154617 "-" "meta-externalagent/1.1 (+https://developers.facebook.com/docs/sharing/webmasters/crawler)"
57.141.20.20 - - [13/May/2026:18:09:47 +0530] "GET /?products/7567537/ HTTP/1.1" 200 154617 "-" "meta-externalagent/1.1 (+https://developers.facebook.com/docs/sharing/webmasters/crawler)"
185.226.196.19 - - [13/May/2026:18:09:49 +0530] "GET /showLogin.cc HTTP/1.1" 404 1251 "-" "Mozilla/5.0 AppleWebKit/537.36 (KHTML, like Gecko) Chrome/123.0.6312.86 Safari/537.36"
57.141.20.64 - - [13/May/2026:18:10:57 +0530] "GET /?products/18624371/ HTTP/1.1" 200 154617 "-" "meta-externalagent/1.1 (+https://developers.facebook.com/docs/sharing/webmasters/crawler)"
57.141.20.61 - - [13/May/2026:18:13:08 +0530] "GET /?products/11403359/ HTTP/1.1" 200 154617 "-" "meta-externalagent/1.1 (+https://developers.facebook.com/docs/sharing/webmasters/crawler)"
57.141.20.61 - - [13/May/2026:18:02:25 +0530] "GET /?item/s6205975575/ HTTP/1.1" 200 154617 "-" "meta-externalagent/1.1 (+https://developers.facebook.com/docs/sharing/webmasters/crawler)"
57.141.20.18 - - [13/May/2026:18:03:28 +0530] "GET /?products/16438793/ HTTP/1.1" 200 154617 "-" "meta-externalagent/1.1 (+https://developers.facebook.com/docs/sharing/webmasters/crawler)"
57.141.20.69 - - [13/May/2026:18:05:22 +0530] "GET /?products/1026137/ HTTP/1.1" 200 154617 "-" "meta-externalagent/1.1 (+https://developers.facebook.com/docs/sharing/webmasters/crawler)"
57.141.20.55 - - [13/May/2026:18:05:44 +0530] "GET /?products/8056304/ HTTP/1.1" 200 154617 "-" "meta-externalagent/1.1 (+https://developers.facebook.com/docs/sharing/webmasters/crawler)"
185.226.196.18 - - [13/May/2026:18:06:48 +0530] "GET /sitecore/shell/sitecore.version.xml HTTP/1.1" 404 1251 "-" "Mozilla/5.0 AppleWebKit/537.36 (KHTML, like Gecko) Chrome/123.0.6312.86 Safari/537.36"
185.226.196.17 - - [13/May/2026:18:06:55 +0530] "GET /cgi-bin/authLogin.cgi HTTP/1.1" 404 1251 "-" "Mozilla/5.0 AppleWebKit/537.36 (KHTML, like Gecko) Chrome/123.0.6312.86 Safari/537.36"
185.226.196.19 - - [13/May/2026:18:07:11 +0530] "GET /index.jsp HTTP/1.1" 404 1251 "-" "Mozilla/5.0 AppleWebKit/537.36 (KHTML, like Gecko) Chrome/123.0.6312.86 Safari/537.36"
57.141.20.67 - - [13/May/2026:18:07:26 +0530] "GET /?products/15016471/ HTTP/1.1" 200 154617 "-" "meta-externalagent/1.1 (+https://developers.facebook.com/docs/sharing/webmasters/crawler)"
185.226.196.17 - - [13/May/2026:18:07:56 +0530] "GET /cf_scripts/scripts/ajax/ckeditor/ckeditor.js HTTP/1.1" 404 1251 "-" "Mozilla/5.0 AppleWebKit/537.36 (KHTML, like Gecko) Chrome/123.0.6312.86 Safari/537.36"
185.226.196.18 - - [13/May/2026:18:08:07 +0530] "GET /admin/ HTTP/1.1" 200 1826 "-" "Mozilla/5.0 AppleWebKit/537.36 (KHTML, like Gecko) Chrome/123.0.6312.86 Safari/537.36"
57.141.20.54 - - [13/May/2026:18:08:46 +0530] "GET /?products/4604859/ HTTP/1.1" 200 154617 "-" "meta-externalagent/1.1 (+https://developers.facebook.com/docs/sharing/webmasters/crawler)"
185.226.196.19 - - [13/May/2026:18:08:58 +0530] "GET /aspera/faspex/ HTTP/1.1" 404 1251 "-" "Mozilla/5.0 AppleWebKit/537.36 (KHTML, like Gecko) Chrome/123.0.6312.86 Safari/537.36"
185.226.196.19 - - [13/May/2026:18:09:00 +0530] "GET /WebInterface/ HTTP/1.1" 404 1251 "-" "Mozilla/5.0 AppleWebKit/537.36 (KHTML, like Gecko) Chrome/123.0.6312.86 Safari/537.36"
185.226.196.19 - - [13/May/2026:18:09:13 +0530] "GET /js/NewWindow_2_all.js HTTP/1.1" 404 1251 "-" "Mozilla/5.0 AppleWebKit/537.36 (KHTML, like Gecko) Chrome/123.0.6312.86 Safari/537.36"
185.226.196.18 - - [13/May/2026:18:09:27 +0530] "GET /wp-json HTTP/1.1" 404 1251 "-" "Mozilla/5.0 AppleWebKit/537.36 (KHTML, like Gecko) Chrome/123.0.6312.86 Safari/537.36"
57.141.20.16 - - [13/May/2026:18:09:51 +0530] "GET /?products/9560693/ HTTP/1.1" 200 154617 "-" "meta-externalagent/1.1 (+https://developers.facebook.com/docs/sharing/webmasters/crawler)"
57.141.20.28 - - [13/May/2026:18:11:13 +0530] "GET /?products/2651259/ HTTP/1.1" 200 154617 "-" "meta-externalagent/1.1 (+https://developers.facebook.com/docs/sharing/webmasters/crawler)"
178.128.44.234 - - [13/May/2026:18:11:52 +0530] "GET / HTTP/1.1" 200 12834 "-" "Mozilla/5.0 (X11; Linux x86_64; rv:142.0) Gecko/20100101 Firefox/142.0"
173.252.82.28 - - [13/May/2026:18:12:07 +0530] "GET /robots.txt HTTP/1.1" 404 1251 "-" "facebookexternalhit/1.1 (+http://www.facebook.com/externalhit_uatext.php)"
57.141.20.59 - - [13/May/2026:18:12:22 +0530] "GET /?products/3206626/ HTTP/1.1" 200 154617 "-" "meta-externalagent/1.1 (+https://developers.facebook.com/docs/sharing/webmasters/crawler)"
57.141.20.14 - - [13/May/2026:18:12:31 +0530] "GET /?products/7187526/ HTTP/1.1" 200 154617 "-" "meta-externalagent/1.1 (+https://developers.facebook.com/docs/sharing/webmasters/crawler)"
57.141.20.12 - - [13/May/2026:18:13:24 +0530] "GET /?products/11055493/ HTTP/1.1" 200 154617 "-" "meta-externalagent/1.1 (+https://developers.facebook.com/docs/sharing/webmasters/crawler)"
57.141.20.33 - - [13/May/2026:18:08:15 +0530] "GET /?products/3265326/ HTTP/1.1" 200 154617 "-" "meta-externalagent/1.1 (+https://developers.facebook.com/docs/sharing/webmasters/crawler)"
57.141.20.38 - - [13/May/2026:18:08:30 +0530] "GET /?products/15903548/ HTTP/1.1" 200 154617 "-" "meta-externalagent/1.1 (+https://developers.facebook.com/docs/sharing/webmasters/crawler)"
57.141.20.20 - - [13/May/2026:18:09:42 +0530] "GET /?products/17602760/ HTTP/1.1" 200 154617 "-" "meta-externalagent/1.1 (+https://developers.facebook.com/docs/sharing/webmasters/crawler)"
57.141.20.0 - - [13/May/2026:18:09:47 +0530] "GET /?products/22449326/ HTTP/1.1" 200 154617 "-" "meta-externalagent/1.1 (+https://developers.facebook.com/docs/sharing/webmasters/crawler)"
43.156.71.177 - - [13/May/2026:18:11:56 +0530] "GET /program-details.php HTTP/1.1" 404 1251 "-" "Mozilla/5.0 (iPhone; CPU iPhone OS 13_2_3 like Mac OS X) AppleWebKit/605.1.15 (KHTML, like Gecko) Version/13.0.3 Mobile/15E148 Safari/604.1"
57.141.20.29 - - [13/May/2026:18:13:18 +0530] "GET /?products/20650804/ HTTP/1.1" 200 154617 "-" "meta-externalagent/1.1 (+https://developers.facebook.com/docs/sharing/webmasters/crawler)"
57.141.20.38 - - [13/May/2026:18:13:18 +0530] "GET /?products/6897626/ HTTP/1.1" 200 154617 "-" "meta-externalagent/1.1 (+https://developers.facebook.com/docs/sharing/webmasters/crawler)"
57.141.20.39 - - [13/May/2026:18:15:25 +0530] "GET /?products/24048660/ HTTP/1.1" 200 154617 "-" "meta-externalagent/1.1 (+https://developers.facebook.com/docs/sharing/webmasters/crawler)"
57.141.20.35 - - [13/May/2026:18:16:49 +0530] "GET /?products/14706537/ HTTP/1.1" 200 154617 "-" "meta-externalagent/1.1 (+https://developers.facebook.com/docs/sharing/webmasters/crawler)"
57.141.20.26 - - [13/May/2026:18:17:05 +0530] "GET /?products/6586760/ HTTP/1.1" 200 154617 "-" "meta-externalagent/1.1 (+https://developers.facebook.com/docs/sharing/webmasters/crawler)"
57.141.20.6 - - [13/May/2026:18:17:09 +0530] "GET /?products/8834804/ HTTP/1.1" 200 154617 "-" "meta-externalagent/1.1 (+https://developers.facebook.com/docs/sharing/webmasters/crawler)"
57.141.20.16 - - [13/May/2026:18:18:11 +0530] "GET /?products/14282848/ HTTP/1.1" 200 154617 "-" "meta-externalagent/1.1 (+https://developers.facebook.com/docs/sharing/webmasters/crawler)"
57.141.20.39 - - [13/May/2026:18:19:29 +0530] "GET /?products/22219637/ HTTP/1.1" 200 154617 "-" "meta-externalagent/1.1 (+https://developers.facebook.com/docs/sharing/webmasters/crawler)"
57.141.20.12 - - [13/May/2026:18:20:27 +0530] "GET /?products/19705204/ HTTP/1.1" 200 154617 "-" "meta-externalagent/1.1 (+https://developers.facebook.com/docs/sharing/webmasters/crawler)"
57.141.20.69 - - [13/May/2026:18:20:28 +0530] "GET /?products/9826260/ HTTP/1.1" 200 154617 "-" "meta-externalagent/1.1 (+https://developers.facebook.com/docs/sharing/webmasters/crawler)"
57.141.20.64 - - [13/May/2026:18:21:06 +0530] "GET /?products/6187737/ HTTP/1.1" 200 154617 "-" "meta-externalagent/1.1 (+https://developers.facebook.com/docs/sharing/webmasters/crawler)"
57.141.20.69 - - [13/May/2026:18:21:20 +0530] "GET /?products/3324582/ HTTP/1.1" 200 154617 "-" "meta-externalagent/1.1 (+https://developers.facebook.com/docs/sharing/webmasters/crawler)"
57.141.20.8 - - [13/May/2026:18:21:48 +0530] "GET /?products/12915059/ HTTP/1.1" 200 154617 "-" "meta-externalagent/1.1 (+https://developers.facebook.com/docs/sharing/webmasters/crawler)"
57.141.20.10 - - [13/May/2026:18:22:14 +0530] "GET /?products/1221926/ HTTP/1.1" 200 154617 "-" "meta-externalagent/1.1 (+https://developers.facebook.com/docs/sharing/webmasters/crawler)"
57.141.20.52 - - [13/May/2026:18:22:19 +0530] "GET /?products/22148526/ HTTP/1.1" 200 154617 "-" "meta-externalagent/1.1 (+https://developers.facebook.com/docs/sharing/webmasters/crawler)"
57.141.20.12 - - [13/May/2026:18:22:29 +0530] "GET /?products/1980893/ HTTP/1.1" 200 154617 "-" "meta-externalagent/1.1 (+https://developers.facebook.com/docs/sharing/webmasters/crawler)"
57.141.20.28 - - [13/May/2026:18:07:35 +0530] "GET /?products/7674804/ HTTP/1.1" 200 154617 "-" "meta-externalagent/1.1 (+https://developers.facebook.com/docs/sharing/webmasters/crawler)"
57.141.20.57 - - [13/May/2026:18:08:38 +0530] "GET /?products/18721759/ HTTP/1.1" 200 154617 "-" "meta-externalagent/1.1 (+https://developers.facebook.com/docs/sharing/webmasters/crawler)"
57.141.20.61 - - [13/May/2026:18:08:43 +0530] "GET /?products/8692671/ HTTP/1.1" 200 154617 "-" "meta-externalagent/1.1 (+https://developers.facebook.com/docs/sharing/webmasters/crawler)"
185.226.196.20 - - [13/May/2026:18:08:59 +0530] "GET / HTTP/1.1" 200 12834 "-" "Mozilla/5.0 AppleWebKit/537.36 (KHTML, like Gecko) Chrome/123.0.6312.86 Safari/537.36"
185.226.196.17 - - [13/May/2026:18:09:12 +0530] "GET /favicon.ico HTTP/1.1" 404 1251 "-" "Mozilla/5.0 AppleWebKit/537.36 (KHTML, like Gecko) Chrome/123.0.6312.86 Safari/537.36"
185.226.196.17 - - [13/May/2026:18:09:38 +0530] "GET /console HTTP/1.1" 404 1251 "-" "Mozilla/5.0 AppleWebKit/537.36 (KHTML, like Gecko) Chrome/123.0.6312.86 Safari/537.36"
57.141.20.7 - - [13/May/2026:18:10:20 +0530] "GET /?products/10903548/ HTTP/1.1" 200 154617 "-" "meta-externalagent/1.1 (+https://developers.facebook.com/docs/sharing/webmasters/crawler)"
57.141.20.49 - - [13/May/2026:18:10:42 +0530] "GET /?products/23011160/ HTTP/1.1" 200 154617 "-" "meta-externalagent/1.1 (+https://developers.facebook.com/docs/sharing/webmasters/crawler)"
57.141.20.37 - - [13/May/2026:18:11:06 +0530] "GET /?products/11683415/ HTTP/1.1" 200 154617 "-" "meta-externalagent/1.1 (+https://developers.facebook.com/docs/sharing/webmasters/crawler)"
178.128.44.234 - - [13/May/2026:18:11:52 +0530] "GET /assets/img/logo.png HTTP/1.1" 200 51945 "http://pbkvidyalayam.org/" "Mozilla/5.0 (X11; Linux x86_64; rv:142.0) Gecko/20100101 Firefox/142.0"
57.141.20.27 - - [13/May/2026:18:14:09 +0530] "GET /?products/14223704/ HTTP/1.1" 200 154617 "-" "meta-externalagent/1.1 (+https://developers.facebook.com/docs/sharing/webmasters/crawler)"
57.141.20.51 - - [13/May/2026:18:14:32 +0530] "GET /?products/25633659/ HTTP/1.1" 200 154617 "-" "meta-externalagent/1.1 (+https://developers.facebook.com/docs/sharing/webmasters/crawler)"
57.141.20.54 - - [13/May/2026:18:16:05 +0530] "GET /?products/12246537/ HTTP/1.1" 200 154617 "-" "meta-externalagent/1.1 (+https://developers.facebook.com/docs/sharing/webmasters/crawler)"
57.141.20.52 - - [13/May/2026:18:17:57 +0530] "GET /?products/6006715/ HTTP/1.1" 200 154617 "-" "meta-externalagent/1.1 (+https://developers.facebook.com/docs/sharing/webmasters/crawler)"
57.141.20.47 - - [13/May/2026:18:18:47 +0530] "GET /?products/18734582/ HTTP/1.1" 200 154617 "-" "meta-externalagent/1.1 (+https://developers.facebook.com/docs/sharing/webmasters/crawler)"
57.141.20.55 - - [13/May/2026:18:19:28 +0530] "GET /?products/10961793/ HTTP/1.1" 200 154617 "-" "meta-externalagent/1.1 (+https://developers.facebook.com/docs/sharing/webmasters/crawler)"
57.141.20.16 - - [13/May/2026:18:20:08 +0530] "GET /?products/7612282/ HTTP/1.1" 200 154617 "-" "meta-externalagent/1.1 (+https://developers.facebook.com/docs/sharing/webmasters/crawler)"
57.141.20.52 - - [13/May/2026:18:21:51 +0530] "GET /?products/15040171/ HTTP/1.1" 200 154617 "-" "meta-externalagent/1.1 (+https://developers.facebook.com/docs/sharing/webmasters/crawler)"
57.141.20.64 - - [13/May/2026:18:22:35 +0530] "GET /?products/1076760/ HTTP/1.1" 200 154617 "-" "meta-externalagent/1.1 (+https://developers.facebook.com/docs/sharing/webmasters/crawler)"
43.166.1.243 - - [13/May/2026:18:22:55 +0530] "GET /contact.php HTTP/1.1" 200 4928 "-" "Mozilla/5.0 (iPhone; CPU iPhone OS 13_2_3 like Mac OS X) AppleWebKit/605.1.15 (KHTML, like Gecko) Version/13.0.3 Mobile/15E148 Safari/604.1"
57.141.20.30 - - [13/May/2026:18:24:23 +0530] "GET /?products/10269671/ HTTP/1.1" 200 154617 "-" "meta-externalagent/1.1 (+https://developers.facebook.com/docs/sharing/webmasters/crawler)"
57.141.20.20 - - [13/May/2026:18:15:07 +0530] "GET /?products/4526971/ HTTP/1.1" 200 154617 "-" "meta-externalagent/1.1 (+https://developers.facebook.com/docs/sharing/webmasters/crawler)"
57.141.20.1 - - [13/May/2026:18:15:15 +0530] "GET /?products/4776571/ HTTP/1.1" 200 154617 "-" "meta-externalagent/1.1 (+https://developers.facebook.com/docs/sharing/webmasters/crawler)"
57.141.20.2 - - [13/May/2026:18:15:39 +0530] "GET /?products/12898015/ HTTP/1.1" 200 154617 "-" "meta-externalagent/1.1 (+https://developers.facebook.com/docs/sharing/webmasters/crawler)"
57.141.20.12 - - [13/May/2026:18:15:39 +0530] "GET /?products/10137948/ HTTP/1.1" 200 154617 "-" "meta-externalagent/1.1 (+https://developers.facebook.com/docs/sharing/webmasters/crawler)"
57.141.20.18 - - [13/May/2026:18:16:32 +0530] "GET /?products/10464848/ HTTP/1.1" 200 154617 "-" "meta-externalagent/1.1 (+https://developers.facebook.com/docs/sharing/webmasters/crawler)"
57.141.20.47 - - [13/May/2026:18:22:15 +0530] "GET /?products/14128982/ HTTP/1.1" 200 154617 "-" "meta-externalagent/1.1 (+https://developers.facebook.com/docs/sharing/webmasters/crawler)"
57.141.20.13 - - [13/May/2026:18:22:34 +0530] "GET /?products/20014959/ HTTP/1.1" 200 154617 "-" "meta-externalagent/1.1 (+https://developers.facebook.com/docs/sharing/webmasters/crawler)"
57.141.20.7 - - [13/May/2026:18:22:36 +0530] "GET /?products/10149137/ HTTP/1.1" 200 154617 "-" "meta-externalagent/1.1 (+https://developers.facebook.com/docs/sharing/webmasters/crawler)"
57.141.20.30 - - [13/May/2026:18:23:11 +0530] "GET /?products/24773126/ HTTP/1.1" 200 154617 "-" "meta-externalagent/1.1 (+https://developers.facebook.com/docs/sharing/webmasters/crawler)"
57.141.20.65 - - [13/May/2026:18:25:31 +0530] "GET /?products/25535604/ HTTP/1.1" 200 154617 "-" "meta-externalagent/1.1 (+https://developers.facebook.com/docs/sharing/webmasters/crawler)"
57.141.20.1 - - [13/May/2026:18:25:48 +0530] "GET /?products/3076037/ HTTP/1.1" 200 154617 "-" "meta-externalagent/1.1 (+https://developers.facebook.com/docs/sharing/webmasters/crawler)"
57.141.20.60 - - [13/May/2026:18:25:53 +0530] "GET /?products/1211860/ HTTP/1.1" 200 154617 "-" "meta-externalagent/1.1 (+https://developers.facebook.com/docs/sharing/webmasters/crawler)"
57.141.20.66 - - [13/May/2026:18:27:00 +0530] "GET /?products/4749148/ HTTP/1.1" 200 154617 "-" "meta-externalagent/1.1 (+https://developers.facebook.com/docs/sharing/webmasters/crawler)"
57.141.20.10 - - [13/May/2026:18:27:19 +0530] "GET /?products/24939693/ HTTP/1.1" 200 154617 "-" "meta-externalagent/1.1 (+https://developers.facebook.com/docs/sharing/webmasters/crawler)"
57.141.20.54 - - [13/May/2026:18:27:44 +0530] "GET /?products/15072415/ HTTP/1.1" 200 154617 "-" "meta-externalagent/1.1 (+https://developers.facebook.com/docs/sharing/webmasters/crawler)"
66.249.70.68 - - [13/May/2026:18:27:50 +0530] "GET /?products/12170971/ HTTP/1.1" 200 12834 "-" "Mozilla/5.0 (Linux; Android 6.0.1; Nexus 5X Build/MMB29P) AppleWebKit/537.36 (KHTML, like Gecko) Chrome/147.0.7727.137 Mobile Safari/537.36 (compatible; Googlebot/2.1; +http://www.google.com/bot.html)"
57.141.20.49 - - [13/May/2026:18:28:01 +0530] "GET /?products/17748737/ HTTP/1.1" 200 154617 "-" "meta-externalagent/1.1 (+https://developers.facebook.com/docs/sharing/webmasters/crawler)"
57.141.20.28 - - [13/May/2026:18:28:28 +0530] "GET /?products/3511348/ HTTP/1.1" 200 154617 "-" "meta-externalagent/1.1 (+https://developers.facebook.com/docs/sharing/webmasters/crawler)"
43.159.144.16 - - [13/May/2026:18:28:51 +0530] "GET / HTTP/1.1" 200 12834 "-" "Mozilla/5.0 (iPhone; CPU iPhone OS 13_2_3 like Mac OS X) AppleWebKit/605.1.15 (KHTML, like Gecko) Version/13.0.3 Mobile/15E148 Safari/604.1"
57.141.20.34 - - [13/May/2026:18:29:01 +0530] "GET /?products/3565059/ HTTP/1.1" 200 154617 "-" "meta-externalagent/1.1 (+https://developers.facebook.com/docs/sharing/webmasters/crawler)"
57.141.20.44 - - [13/May/2026:18:15:31 +0530] "GET /?products/18152015/ HTTP/1.1" 200 154617 "-" "meta-externalagent/1.1 (+https://developers.facebook.com/docs/sharing/webmasters/crawler)"
57.141.20.51 - - [13/May/2026:18:16:04 +0530] "GET /?products/6709782/ HTTP/1.1" 200 154617 "-" "meta-externalagent/1.1 (+https://developers.facebook.com/docs/sharing/webmasters/crawler)"
57.141.20.29 - - [13/May/2026:18:16:15 +0530] "GET /?products/23498982/ HTTP/1.1" 200 154617 "-" "meta-externalagent/1.1 (+https://developers.facebook.com/docs/sharing/webmasters/crawler)"
57.141.20.20 - - [13/May/2026:18:17:28 +0530] "GET /?products/16139959/ HTTP/1.1" 200 154617 "-" "meta-externalagent/1.1 (+https://developers.facebook.com/docs/sharing/webmasters/crawler)"
57.141.20.41 - - [13/May/2026:18:17:57 +0530] "GET /?products/15548959/ HTTP/1.1" 200 154617 "-" "meta-externalagent/1.1 (+https://developers.facebook.com/docs/sharing/webmasters/crawler)"
57.141.20.69 - - [13/May/2026:18:18:42 +0530] "GET /?item/d7656808935/ HTTP/1.1" 200 154617 "-" "meta-externalagent/1.1 (+https://developers.facebook.com/docs/sharing/webmasters/crawler)"
57.141.20.58 - - [13/May/2026:18:18:59 +0530] "GET /?products/9478271/ HTTP/1.1" 200 154617 "-" "meta-externalagent/1.1 (+https://developers.facebook.com/docs/sharing/webmasters/crawler)"
57.141.20.39 - - [13/May/2026:18:19:23 +0530] "GET /?products/15206659/ HTTP/1.1" 200 154617 "-" "meta-externalagent/1.1 (+https://developers.facebook.com/docs/sharing/webmasters/crawler)"
57.141.20.6 - - [13/May/2026:18:20:23 +0530] "GET /?products/4324904/ HTTP/1.1" 200 154617 "-" "meta-externalagent/1.1 (+https://developers.facebook.com/docs/sharing/webmasters/crawler)"
57.141.20.54 - - [13/May/2026:18:21:10 +0530] "GET /?products/6850648/ HTTP/1.1" 200 154617 "-" "meta-externalagent/1.1 (+https://developers.facebook.com/docs/sharing/webmasters/crawler)"
57.141.20.44 - - [13/May/2026:18:23:01 +0530] "GET /?products/22141360/ HTTP/1.1" 200 154617 "-" "meta-externalagent/1.1 (+https://developers.facebook.com/docs/sharing/webmasters/crawler)"
57.141.20.60 - - [13/May/2026:18:24:11 +0530] "GET /?products/6711482/ HTTP/1.1" 200 154617 "-" "meta-externalagent/1.1 (+https://developers.facebook.com/docs/sharing/webmasters/crawler)"
57.141.20.2 - - [13/May/2026:18:24:52 +0530] "GET /?products/9984926/ HTTP/1.1" 200 154617 "-" "meta-externalagent/1.1 (+https://developers.facebook.com/docs/sharing/webmasters/crawler)"
57.141.20.52 - - [13/May/2026:18:25:35 +0530] "GET /?products/3982259/ HTTP/1.1" 200 154617 "-" "meta-externalagent/1.1 (+https://developers.facebook.com/docs/sharing/webmasters/crawler)"
57.141.20.27 - - [13/May/2026:18:26:53 +0530] "GET /?products/3723704/ HTTP/1.1" 200 154617 "-" "meta-externalagent/1.1 (+https://developers.facebook.com/docs/sharing/webmasters/crawler)"
57.141.20.2 - - [13/May/2026:18:28:34 +0530] "GET /?products/13249748/ HTTP/1.1" 200 154617 "-" "meta-externalagent/1.1 (+https://developers.facebook.com/docs/sharing/webmasters/crawler)"
57.141.20.47 - - [13/May/2026:18:30:43 +0530] "GET /?products/23122926/ HTTP/1.1" 200 154617 "-" "meta-externalagent/1.1 (+https://developers.facebook.com/docs/sharing/webmasters/crawler)"
57.141.20.13 - - [13/May/2026:18:31:09 +0530] "GET /?products/7501537/ HTTP/1.1" 200 154617 "-" "meta-externalagent/1.1 (+https://developers.facebook.com/docs/sharing/webmasters/crawler)"
57.141.20.54 - - [13/May/2026:18:31:13 +0530] "GET /?products/14959993/ HTTP/1.1" 200 154617 "-" "meta-externalagent/1.1 (+https://developers.facebook.com/docs/sharing/webmasters/crawler)"
57.141.20.43 - - [13/May/2026:18:31:38 +0530] "GET /?products/22659060/ HTTP/1.1" 200 154617 "-" "meta-externalagent/1.1 (+https://developers.facebook.com/docs/sharing/webmasters/crawler)"
66.249.70.70 - - [13/May/2026:18:29:12 +0530] "GET /assets/css/bootstrap.min.css HTTP/1.1" 200 28295 "http://www.pbkvidyalayam.org/?products/12170971/" "Mozilla/5.0 (Linux; Android 6.0.1; Nexus 5X Build/MMB29P) AppleWebKit/537.36 (KHTML, like Gecko) Chrome/147.0.7727.137 Mobile Safari/537.36 (compatible; Googlebot/2.1; +http://www.google.com/bot.html)"
66.249.70.68 - - [13/May/2026:18:29:13 +0530] "GET /assets/css/remixicon.css HTTP/1.1" 200 16676 "http://www.pbkvidyalayam.org/?products/12170971/" "Mozilla/5.0 (Linux; Android 6.0.1; Nexus 5X Build/MMB29P) AppleWebKit/537.36 (KHTML, like Gecko) Chrome/147.0.7727.137 Mobile Safari/537.36 (compatible; Googlebot/2.1; +http://www.google.com/bot.html)"
66.249.70.68 - - [13/May/2026:18:29:13 +0530] "GET /assets/css/flaticon.css HTTP/1.1" 200 1061 "http://www.pbkvidyalayam.org/?products/12170971/" "Mozilla/5.0 (Linux; Android 6.0.1; Nexus 5X Build/MMB29P) AppleWebKit/537.36 (KHTML, like Gecko) Chrome/147.0.7727.137 Mobile Safari/537.36 (compatible; Googlebot/2.1; +http://www.google.com/bot.html)"
66.249.70.70 - - [13/May/2026:18:29:13 +0530] "GET /assets/css/scrollCue.css HTTP/1.1" 200 865 "http://www.pbkvidyalayam.org/?products/12170971/" "Mozilla/5.0 (Linux; Android 6.0.1; Nexus 5X Build/MMB29P) AppleWebKit/537.36 (KHTML, like Gecko) Chrome/147.0.7727.137 Mobile Safari/537.36 (compatible; Googlebot/2.1; +http://www.google.com/bot.html)"
66.249.70.70 - - [13/May/2026:18:29:13 +0530] "GET /assets/js/bootstrap.bundle.min.js HTTP/1.1" 200 22886 "http://www.pbkvidyalayam.org/?products/12170971/" "Mozilla/5.0 (Linux; Android 6.0.1; Nexus 5X Build/MMB29P) AppleWebKit/537.36 (KHTML, like Gecko) Chrome/147.0.7727.137 Mobile Safari/537.36 (compatible; Googlebot/2.1; +http://www.google.com/bot.html)"
66.249.70.68 - - [13/May/2026:18:29:13 +0530] "GET /assets/css/style.css HTTP/1.1" 200 13634 "http://www.pbkvidyalayam.org/?products/12170971/" "Mozilla/5.0 (Linux; Android 6.0.1; Nexus 5X Build/MMB29P) AppleWebKit/537.36 (KHTML, like Gecko) Chrome/147.0.7727.137 Mobile Safari/537.36 (compatible; Googlebot/2.1; +http://www.google.com/bot.html)"
66.249.70.70 - - [13/May/2026:18:29:13 +0530] "GET /assets/js/scrollCue.min.js HTTP/1.1" 200 3124 "http://www.pbkvidyalayam.org/?products/12170971/" "Mozilla/5.0 (Linux; Android 6.0.1; Nexus 5X Build/MMB29P) AppleWebKit/537.36 (KHTML, like Gecko) Chrome/147.0.7727.137 Mobile Safari/537.36 (compatible; Googlebot/2.1; +http://www.google.com/bot.html)"
66.249.70.68 - - [13/May/2026:18:29:14 +0530] "GET /assets/js/fslightbox.js HTTP/1.1" 200 9120 "http://www.pbkvidyalayam.org/?products/12170971/" "Mozilla/5.0 (Linux; Android 6.0.1; Nexus 5X Build/MMB29P) AppleWebKit/537.36 (KHTML, like Gecko) Chrome/147.0.7727.137 Mobile Safari/537.36 (compatible; Googlebot/2.1; +http://www.google.com/bot.html)"
66.249.70.68 - - [13/May/2026:18:29:15 +0530] "GET /assets/css/responsive.css HTTP/1.1" 200 5571 "http://www.pbkvidyalayam.org/?products/12170971/" "Mozilla/5.0 (Linux; Android 6.0.1; Nexus 5X Build/MMB29P) AppleWebKit/537.36 (KHTML, like Gecko) Chrome/147.0.7727.137 Mobile Safari/537.36 (compatible; Googlebot/2.1; +http://www.google.com/bot.html)"
57.141.20.69 - - [13/May/2026:18:31:25 +0530] "GET /?products/20185471/ HTTP/1.1" 200 154617 "-" "meta-externalagent/1.1 (+https://developers.facebook.com/docs/sharing/webmasters/crawler)"
57.141.20.59 - - [13/May/2026:18:32:27 +0530] "GET /?products/15975993/ HTTP/1.1" 200 154617 "-" "meta-externalagent/1.1 (+https://developers.facebook.com/docs/sharing/webmasters/crawler)"
57.141.20.13 - - [13/May/2026:18:35:23 +0530] "GET /?products/8402204/ HTTP/1.1" 200 154617 "-" "meta-externalagent/1.1 (+https://developers.facebook.com/docs/sharing/webmasters/crawler)"
57.141.20.53 - - [13/May/2026:18:35:27 +0530] "GET /?products/6129260/ HTTP/1.1" 200 154617 "-" "meta-externalagent/1.1 (+https://developers.facebook.com/docs/sharing/webmasters/crawler)"
57.141.20.8 - - [13/May/2026:18:23:14 +0530] "GET /?products/21044237/ HTTP/1.1" 200 154617 "-" "meta-externalagent/1.1 (+https://developers.facebook.com/docs/sharing/webmasters/crawler)"
57.141.20.20 - - [13/May/2026:18:23:48 +0530] "GET /?products/6239037/ HTTP/1.1" 200 154617 "-" "meta-externalagent/1.1 (+https://developers.facebook.com/docs/sharing/webmasters/crawler)"
57.141.20.6 - - [13/May/2026:18:23:57 +0530] "GET /?products/2070326/ HTTP/1.1" 200 154617 "-" "meta-externalagent/1.1 (+https://developers.facebook.com/docs/sharing/webmasters/crawler)"
57.141.20.13 - - [13/May/2026:18:25:32 +0530] "GET /?products/23907315/ HTTP/1.1" 200 154617 "-" "meta-externalagent/1.1 (+https://developers.facebook.com/docs/sharing/webmasters/crawler)"
66.249.70.68 - - [13/May/2026:18:27:44 +0530] "GET /robots.txt HTTP/1.1" 404 1251 "-" "Mozilla/5.0 (compatible; Googlebot/2.1; +http://www.google.com/bot.html)"
57.141.20.32 - - [13/May/2026:18:28:35 +0530] "GET /?products/2518982/ HTTP/1.1" 200 154617 "-" "meta-externalagent/1.1 (+https://developers.facebook.com/docs/sharing/webmasters/crawler)"
57.141.20.39 - - [13/May/2026:18:28:50 +0530] "GET /?products/16877682/ HTTP/1.1" 200 154617 "-" "meta-externalagent/1.1 (+https://developers.facebook.com/docs/sharing/webmasters/crawler)"
66.249.70.69 - - [13/May/2026:18:29:14 +0530] "GET /assets/js/custom.js HTTP/1.1" 200 1414 "http://www.pbkvidyalayam.org/?products/12170971/" "Mozilla/5.0 (Linux; Android 6.0.1; Nexus 5X Build/MMB29P) AppleWebKit/537.36 (KHTML, like Gecko) Chrome/147.0.7727.137 Mobile Safari/537.36 (compatible; Googlebot/2.1; +http://www.google.com/bot.html)"
66.249.70.69 - - [13/May/2026:18:29:15 +0530] "GET /assets/js/swiper-bundle.min.js HTTP/1.1" 200 40121 "http://www.pbkvidyalayam.org/?products/12170971/" "Mozilla/5.0 (Linux; Android 6.0.1; Nexus 5X Build/MMB29P) AppleWebKit/537.36 (KHTML, like Gecko) Chrome/147.0.7727.137 Mobile Safari/537.36 (compatible; Googlebot/2.1; +http://www.google.com/bot.html)"
57.141.20.55 - - [13/May/2026:18:30:38 +0530] "GET /?products/5314582/ HTTP/1.1" 200 154617 "-" "meta-externalagent/1.1 (+https://developers.facebook.com/docs/sharing/webmasters/crawler)"
57.141.20.49 - - [13/May/2026:18:31:24 +0530] "GET /?products/20655659/ HTTP/1.1" 200 154617 "-" "meta-externalagent/1.1 (+https://developers.facebook.com/docs/sharing/webmasters/crawler)"
57.141.20.59 - - [13/May/2026:18:32:25 +0530] "GET /?products/12590971/ HTTP/1.1" 200 154617 "-" "meta-externalagent/1.1 (+https://developers.facebook.com/docs/sharing/webmasters/crawler)"
57.141.20.8 - - [13/May/2026:18:33:21 +0530] "GET /?products/14174904/ HTTP/1.1" 200 154617 "-" "meta-externalagent/1.1 (+https://developers.facebook.com/docs/sharing/webmasters/crawler)"
57.141.20.20 - - [13/May/2026:18:33:38 +0530] "GET /?products/4917504/ HTTP/1.1" 200 154617 "-" "meta-externalagent/1.1 (+https://developers.facebook.com/docs/sharing/webmasters/crawler)"
57.141.20.69 - - [13/May/2026:18:33:41 +0530] "GET /?products/18896760/ HTTP/1.1" 200 154617 "-" "meta-externalagent/1.1 (+https://developers.facebook.com/docs/sharing/webmasters/crawler)"
57.141.20.68 - - [13/May/2026:18:35:38 +0530] "GET /?products/15249326/ HTTP/1.1" 200 154617 "-" "meta-externalagent/1.1 (+https://developers.facebook.com/docs/sharing/webmasters/crawler)"
57.141.20.45 - - [13/May/2026:18:36:54 +0530] "GET /?products/12196537/ HTTP/1.1" 200 154617 "-" "meta-externalagent/1.1 (+https://developers.facebook.com/docs/sharing/webmasters/crawler)"
57.141.20.20 - - [13/May/2026:18:37:09 +0530] "GET /?products/17535837/ HTTP/1.1" 200 154617 "-" "meta-externalagent/1.1 (+https://developers.facebook.com/docs/sharing/webmasters/crawler)"
57.141.20.16 - - [13/May/2026:18:37:36 +0530] "GET /?products/24114560/ HTTP/1.1" 200 154617 "-" "meta-externalagent/1.1 (+https://developers.facebook.com/docs/sharing/webmasters/crawler)"
57.141.20.12 - - [13/May/2026:18:38:10 +0530] "GET /?products/13609715/ HTTP/1.1" 200 154617 "-" "meta-externalagent/1.1 (+https://developers.facebook.com/docs/sharing/webmasters/crawler)"
57.141.20.17 - - [13/May/2026:18:26:06 +0530] "GET /?products/15780215/ HTTP/1.1" 200 154617 "-" "meta-externalagent/1.1 (+https://developers.facebook.com/docs/sharing/webmasters/crawler)"
57.141.20.21 - - [13/May/2026:18:26:14 +0530] "GET /?products/12733460/ HTTP/1.1" 200 154617 "-" "meta-externalagent/1.1 (+https://developers.facebook.com/docs/sharing/webmasters/crawler)"
57.141.20.33 - - [13/May/2026:18:28:32 +0530] "GET /?products/24430371/ HTTP/1.1" 200 154617 "-" "meta-externalagent/1.1 (+https://developers.facebook.com/docs/sharing/webmasters/crawler)"
66.249.70.70 - - [13/May/2026:18:29:13 +0530] "GET /assets/css/swiper-bundle.min.css HTTP/1.1" 200 4492 "http://www.pbkvidyalayam.org/?products/12170971/" "Mozilla/5.0 (Linux; Android 6.0.1; Nexus 5X Build/MMB29P) AppleWebKit/537.36 (KHTML, like Gecko) Chrome/147.0.7727.137 Mobile Safari/537.36 (compatible; Googlebot/2.1; +http://www.google.com/bot.html)"
66.249.70.68 - - [13/May/2026:18:29:23 +0530] "GET /?products/6170804/ HTTP/1.1" 200 12834 "-" "Mozilla/5.0 (Linux; Android 6.0.1; Nexus 5X Build/MMB29P) AppleWebKit/537.36 (KHTML, like Gecko) Chrome/147.0.7727.137 Mobile Safari/537.36 (compatible; Googlebot/2.1; +http://www.google.com/bot.html)"
57.141.20.27 - - [13/May/2026:18:29:46 +0530] "GET /?products/16756259/ HTTP/1.1" 200 154617 "-" "meta-externalagent/1.1 (+https://developers.facebook.com/docs/sharing/webmasters/crawler)"
57.141.20.61 - - [13/May/2026:18:29:58 +0530] "GET /?products/13550159/ HTTP/1.1" 200 154617 "-" "meta-externalagent/1.1 (+https://developers.facebook.com/docs/sharing/webmasters/crawler)"
57.141.20.53 - - [13/May/2026:18:30:03 +0530] "GET /?products/1364126/ HTTP/1.1" 200 154617 "-" "meta-externalagent/1.1 (+https://developers.facebook.com/docs/sharing/webmasters/crawler)"
66.249.70.69 - - [13/May/2026:18:31:32 +0530] "GET /?products/24678348/ HTTP/1.1" 200 12834 "-" "Mozilla/5.0 (Linux; Android 6.0.1; Nexus 5X Build/MMB29P) AppleWebKit/537.36 (KHTML, like Gecko) Chrome/147.0.7727.137 Mobile Safari/537.36 (compatible; Googlebot/2.1; +http://www.google.com/bot.html)"
57.141.20.38 - - [13/May/2026:18:31:35 +0530] "GET /?products/16436004/ HTTP/1.1" 200 154617 "-" "meta-externalagent/1.1 (+https://developers.facebook.com/docs/sharing/webmasters/crawler)"
57.141.20.53 - - [13/May/2026:18:38:04 +0530] "GET /?products/13487104/ HTTP/1.1" 200 154617 "-" "meta-externalagent/1.1 (+https://developers.facebook.com/docs/sharing/webmasters/crawler)"
66.249.70.70 - - [13/May/2026:18:38:36 +0530] "GET /?products/10165659/ HTTP/1.1" 200 12834 "-" "Mozilla/5.0 (Linux; Android 6.0.1; Nexus 5X Build/MMB29P) AppleWebKit/537.36 (KHTML, like Gecko) Chrome/147.0.7727.137 Mobile Safari/537.36 (compatible; Googlebot/2.1; +http://www.google.com/bot.html)"
66.249.70.68 - - [13/May/2026:18:38:42 +0530] "GET /assets/css/bootstrap.min.css HTTP/1.1" 200 28295 "http://www.pbkvidyalayam.org/?products/10165659/" "Mozilla/5.0 (Linux; Android 6.0.1; Nexus 5X Build/MMB29P) AppleWebKit/537.36 (KHTML, like Gecko) Chrome/147.0.7727.137 Mobile Safari/537.36 (compatible; Googlebot/2.1; +http://www.google.com/bot.html)"
66.249.70.68 - - [13/May/2026:18:38:45 +0530] "GET /assets/js/fslightbox.js HTTP/1.1" 200 9120 "http://www.pbkvidyalayam.org/?products/10165659/" "Mozilla/5.0 (Linux; Android 6.0.1; Nexus 5X Build/MMB29P) AppleWebKit/537.36 (KHTML, like Gecko) Chrome/147.0.7727.137 Mobile Safari/537.36 (compatible; Googlebot/2.1; +http://www.google.com/bot.html)"
66.249.70.68 - - [13/May/2026:18:38:46 +0530] "GET /assets/js/scrollCue.min.js HTTP/1.1" 200 3124 "http://www.pbkvidyalayam.org/?products/10165659/" "Mozilla/5.0 (Linux; Android 6.0.1; Nexus 5X Build/MMB29P) AppleWebKit/537.36 (KHTML, like Gecko) Chrome/147.0.7727.137 Mobile Safari/537.36 (compatible; Googlebot/2.1; +http://www.google.com/bot.html)"
66.249.70.68 - - [13/May/2026:18:38:46 +0530] "GET /assets/js/bootstrap.bundle.min.js HTTP/1.1" 200 22886 "http://www.pbkvidyalayam.org/?products/10165659/" "Mozilla/5.0 (Linux; Android 6.0.1; Nexus 5X Build/MMB29P) AppleWebKit/537.36 (KHTML, like Gecko) Chrome/147.0.7727.137 Mobile Safari/537.36 (compatible; Googlebot/2.1; +http://www.google.com/bot.html)"
66.249.70.68 - - [13/May/2026:18:38:47 +0530] "GET /assets/css/flaticon.css HTTP/1.1" 200 1061 "http://www.pbkvidyalayam.org/?products/10165659/" "Mozilla/5.0 (Linux; Android 6.0.1; Nexus 5X Build/MMB29P) AppleWebKit/537.36 (KHTML, like Gecko) Chrome/147.0.7727.137 Mobile Safari/537.36 (compatible; Googlebot/2.1; +http://www.google.com/bot.html)"
66.249.70.68 - - [13/May/2026:18:38:47 +0530] "GET /assets/css/responsive.css HTTP/1.1" 200 5571 "http://www.pbkvidyalayam.org/?products/10165659/" "Mozilla/5.0 (Linux; Android 6.0.1; Nexus 5X Build/MMB29P) AppleWebKit/537.36 (KHTML, like Gecko) Chrome/147.0.7727.137 Mobile Safari/537.36 (compatible; Googlebot/2.1; +http://www.google.com/bot.html)"
66.249.70.68 - - [13/May/2026:18:38:48 +0530] "GET /assets/js/swiper-bundle.min.js HTTP/1.1" 200 40121 "http://www.pbkvidyalayam.org/?products/10165659/" "Mozilla/5.0 (Linux; Android 6.0.1; Nexus 5X Build/MMB29P) AppleWebKit/537.36 (KHTML, like Gecko) Chrome/147.0.7727.137 Mobile Safari/537.36 (compatible; Googlebot/2.1; +http://www.google.com/bot.html)"
66.249.70.68 - - [13/May/2026:18:38:49 +0530] "GET /assets/js/custom.js HTTP/1.1" 200 1414 "http://www.pbkvidyalayam.org/?products/10165659/" "Mozilla/5.0 (Linux; Android 6.0.1; Nexus 5X Build/MMB29P) AppleWebKit/537.36 (KHTML, like Gecko) Chrome/147.0.7727.137 Mobile Safari/537.36 (compatible; Googlebot/2.1; +http://www.google.com/bot.html)"
