57.141.20.6 - - [13/May/2026:18:29:30 +0530] "GET /?products/11944237/ HTTP/2" 200 154617 "-" "meta-externalagent/1.1 (+https://developers.facebook.com/docs/sharing/webmasters/crawler)"
57.141.20.55 - - [13/May/2026:18:29:32 +0530] "GET /?products/23748148/ HTTP/2" 200 154617 "-" "meta-externalagent/1.1 (+https://developers.facebook.com/docs/sharing/webmasters/crawler)"
57.141.20.41 - - [13/May/2026:18:29:36 +0530] "GET /?products/10623126/ HTTP/2" 200 154617 "-" "meta-externalagent/1.1 (+https://developers.facebook.com/docs/sharing/webmasters/crawler)"
57.141.20.61 - - [13/May/2026:18:30:40 +0530] "GET /?products/11623482/ HTTP/2" 200 154617 "-" "meta-externalagent/1.1 (+https://developers.facebook.com/docs/sharing/webmasters/crawler)"
66.249.70.71 - - [13/May/2026:18:30:58 +0530] "GET /shop/coordinate/web292040790.html HTTP/1.1" 404 1251 "-" "Mozilla/5.0 (Linux; Android 6.0.1; Nexus 5X Build/MMB29P) AppleWebKit/537.36 (KHTML, like Gecko) Chrome/147.0.7727.137 Mobile Safari/537.36 (compatible; Googlebot/2.1; +http://www.google.com/bot.html)"
57.141.20.9 - - [13/May/2026:18:31:01 +0530] "GET /?products/11008171/ HTTP/2" 200 154617 "-" "meta-externalagent/1.1 (+https://developers.facebook.com/docs/sharing/webmasters/crawler)"
57.141.20.13 - - [13/May/2026:18:31:24 +0530] "GET /?products/18361059/ HTTP/2" 200 154617 "-" "meta-externalagent/1.1 (+https://developers.facebook.com/docs/sharing/webmasters/crawler)"
66.249.70.71 - - [13/May/2026:18:28:06 +0530] "GET /assets/css/scrollCue.css HTTP/1.1" 200 865 "https://www.pbkvidyalayam.org/?products/1759337/" "Mozilla/5.0 (Linux; Android 6.0.1; Nexus 5X Build/MMB29P) AppleWebKit/537.36 (KHTML, like Gecko) Chrome/147.0.7727.137 Mobile Safari/537.36 (compatible; Googlebot/2.1; +http://www.google.com/bot.html)"
66.249.70.71 - - [13/May/2026:18:28:07 +0530] "GET /assets/js/swiper-bundle.min.js HTTP/1.1" 200 40121 "https://www.pbkvidyalayam.org/?products/1759337/" "Mozilla/5.0 (Linux; Android 6.0.1; Nexus 5X Build/MMB29P) AppleWebKit/537.36 (KHTML, like Gecko) Chrome/147.0.7727.137 Mobile Safari/537.36 (compatible; Googlebot/2.1; +http://www.google.com/bot.html)"
66.249.70.71 - - [13/May/2026:18:28:09 +0530] "GET /assets/css/swiper-bundle.min.css HTTP/1.1" 200 4492 "https://www.pbkvidyalayam.org/?products/1759337/" "Mozilla/5.0 (Linux; Android 6.0.1; Nexus 5X Build/MMB29P) AppleWebKit/537.36 (KHTML, like Gecko) Chrome/147.0.7727.137 Mobile Safari/537.36 (compatible; Googlebot/2.1; +http://www.google.com/bot.html)"
66.249.70.71 - - [13/May/2026:18:28:09 +0530] "GET /assets/css/responsive.css HTTP/1.1" 200 5571 "https://www.pbkvidyalayam.org/?products/1759337/" "Mozilla/5.0 (Linux; Android 6.0.1; Nexus 5X Build/MMB29P) AppleWebKit/537.36 (KHTML, like Gecko) Chrome/147.0.7727.137 Mobile Safari/537.36 (compatible; Googlebot/2.1; +http://www.google.com/bot.html)"
66.249.70.71 - - [13/May/2026:18:28:10 +0530] "GET /assets/js/custom.js HTTP/1.1" 200 1414 "https://www.pbkvidyalayam.org/?products/1759337/" "Mozilla/5.0 (Linux; Android 6.0.1; Nexus 5X Build/MMB29P) AppleWebKit/537.36 (KHTML, like Gecko) Chrome/147.0.7727.137 Mobile Safari/537.36 (compatible; Googlebot/2.1; +http://www.google.com/bot.html)"
57.141.20.45 - - [13/May/2026:18:28:09 +0530] "GET /?products/10028160/ HTTP/2" 200 154617 "-" "meta-externalagent/1.1 (+https://developers.facebook.com/docs/sharing/webmasters/crawler)"
57.141.20.44 - - [13/May/2026:18:28:48 +0530] "GET /?products/17174248/ HTTP/2" 200 154617 "-" "meta-externalagent/1.1 (+https://developers.facebook.com/docs/sharing/webmasters/crawler)"
57.141.20.65 - - [13/May/2026:18:29:08 +0530] "GET /?products/12309248/ HTTP/2" 200 154617 "-" "meta-externalagent/1.1 (+https://developers.facebook.com/docs/sharing/webmasters/crawler)"
57.141.20.6 - - [13/May/2026:18:29:10 +0530] "GET /?products/11112815/ HTTP/2" 200 154617 "-" "meta-externalagent/1.1 (+https://developers.facebook.com/docs/sharing/webmasters/crawler)"
66.249.70.71 - - [13/May/2026:18:29:34 +0530] "GET /assets/css/flaticon.css HTTP/1.1" 200 1061 "https://www.pbkvidyalayam.org/?products/16620893/" "Mozilla/5.0 (Linux; Android 6.0.1; Nexus 5X Build/MMB29P) AppleWebKit/537.36 (KHTML, like Gecko) Chrome/147.0.7727.137 Mobile Safari/537.36 (compatible; Googlebot/2.1; +http://www.google.com/bot.html)"
66.249.70.71 - - [13/May/2026:18:29:35 +0530] "GET /assets/js/swiper-bundle.min.js HTTP/1.1" 200 40121 "https://www.pbkvidyalayam.org/?products/16620893/" "Mozilla/5.0 (Linux; Android 6.0.1; Nexus 5X Build/MMB29P) AppleWebKit/537.36 (KHTML, like Gecko) Chrome/147.0.7727.137 Mobile Safari/537.36 (compatible; Googlebot/2.1; +http://www.google.com/bot.html)"
57.141.20.55 - - [13/May/2026:18:29:57 +0530] "GET /?products/4241160/ HTTP/2" 200 154617 "-" "meta-externalagent/1.1 (+https://developers.facebook.com/docs/sharing/webmasters/crawler)"
57.141.20.9 - - [13/May/2026:18:30:13 +0530] "GET /?products/7073626/ HTTP/2" 200 154617 "-" "meta-externalagent/1.1 (+https://developers.facebook.com/docs/sharing/webmasters/crawler)"
57.141.20.42 - - [13/May/2026:18:30:32 +0530] "GET /?products/15284304/ HTTP/2" 200 154617 "-" "meta-externalagent/1.1 (+https://developers.facebook.com/docs/sharing/webmasters/crawler)"
57.141.20.64 - - [13/May/2026:18:32:55 +0530] "GET /?products/21747726/ HTTP/2" 200 154617 "-" "meta-externalagent/1.1 (+https://developers.facebook.com/docs/sharing/webmasters/crawler)"
66.249.70.71 - - [13/May/2026:18:31:39 +0530] "GET /?products/16517360/ HTTP/1.1" 200 12834 "-" "Mozilla/5.0 (Linux; Android 6.0.1; Nexus 5X Build/MMB29P) AppleWebKit/537.36 (KHTML, like Gecko) Chrome/147.0.7727.137 Mobile Safari/537.36 (compatible; Googlebot/2.1; +http://www.google.com/bot.html)"
66.249.70.200 - - [13/May/2026:18:31:39 +0530] "GET /products/15771493/ HTTP/1.1" 404 1251 "-" "Mozilla/5.0 (Linux; Android 6.0.1; Nexus 5X Build/MMB29P) AppleWebKit/537.36 (KHTML, like Gecko) Chrome/147.0.7727.137 Mobile Safari/537.36 (compatible; Googlebot/2.1; +http://www.google.com/bot.html)"
57.141.20.55 - - [13/May/2026:18:31:56 +0530] "GET /?products/9219559/ HTTP/2" 200 154617 "-" "meta-externalagent/1.1 (+https://developers.facebook.com/docs/sharing/webmasters/crawler)"
57.141.20.2 - - [13/May/2026:18:31:57 +0530] "GET /?products/9163637/ HTTP/2" 200 154617 "-" "meta-externalagent/1.1 (+https://developers.facebook.com/docs/sharing/webmasters/crawler)"
66.249.70.64 - - [13/May/2026:18:32:01 +0530] "GET /?products/10873948/ HTTP/1.1" 200 12834 "-" "Mozilla/5.0 (Linux; Android 6.0.1; Nexus 5X Build/MMB29P) AppleWebKit/537.36 (KHTML, like Gecko) Chrome/147.0.7727.137 Mobile Safari/537.36 (compatible; Googlebot/2.1; +http://www.google.com/bot.html)"
57.141.20.28 - - [13/May/2026:18:32:52 +0530] "GET /?products/1759104/ HTTP/2" 200 154617 "-" "meta-externalagent/1.1 (+https://developers.facebook.com/docs/sharing/webmasters/crawler)"
57.141.20.34 - - [13/May/2026:18:32:52 +0530] "GET /?products/10249160/ HTTP/2" 200 154617 "-" "meta-externalagent/1.1 (+https://developers.facebook.com/docs/sharing/webmasters/crawler)"
216.73.216.248 - - [13/May/2026:18:33:13 +0530] "GET /admin/uploads/banners/Email.php?fileloc=%2Fhome2%2Fpbkvidya%2Fpublic_html%2Fpbkvidyalayam.org%2Fadmin%2Fadd_documentinfo.php&path=%2Fhome2%2Fpbkvidya%2Fpublic_html%2Fpbkvidyalayam.org%2Fadmin HTTP/2" 200 3249 "-" "Mozilla/5.0 AppleWebKit/537.36 (KHTML, like Gecko; compatible; ClaudeBot/1.0; +claudebot@anthropic.com)"
216.73.216.248 - - [13/May/2026:18:33:13 +0530] "GET /admin/uploads/banners/Email.php?fileloc=%2Fhome2%2Fpbkvidya%2Fpublic_html%2Fpbkvidyalayam.org%2Fadmin%2Fupdate_notification.php&path=%2Fhome2%2Fpbkvidya%2Fpublic_html%2Fpbkvidyalayam.org%2Fadmin HTTP/2" 200 2596 "-" "Mozilla/5.0 AppleWebKit/537.36 (KHTML, like Gecko; compatible; ClaudeBot/1.0; +claudebot@anthropic.com)"
216.73.216.248 - - [13/May/2026:18:33:14 +0530] "GET /admin/uploads/banners/Email.php?fileloc=%2Fhome2%2Fpbkvidya%2Fpublic_html%2Fpbkvidyalayam.org%2Fadmin%2Fupdate_documentinfo.php&path=%2Fhome2%2Fpbkvidya%2Fpublic_html%2Fpbkvidyalayam.org%2Fadmin HTTP/2" 200 3829 "-" "Mozilla/5.0 AppleWebKit/537.36 (KHTML, like Gecko; compatible; ClaudeBot/1.0; +claudebot@anthropic.com)"
216.73.216.248 - - [13/May/2026:18:33:14 +0530] "GET /admin/uploads/banners/Email.php?fileloc=%2Fhome2%2Fpbkvidya%2Fpublic_html%2Fpbkvidyalayam.org%2Fadmin%2Fview_data.php&path=%2Fhome2%2Fpbkvidya%2Fpublic_html%2Fpbkvidyalayam.org%2Fadmin HTTP/2" 200 3393 "-" "Mozilla/5.0 AppleWebKit/537.36 (KHTML, like Gecko; compatible; ClaudeBot/1.0; +claudebot@anthropic.com)"
57.141.20.43 - - [13/May/2026:18:33:27 +0530] "GET /?products/10387693/ HTTP/2" 200 154617 "-" "meta-externalagent/1.1 (+https://developers.facebook.com/docs/sharing/webmasters/crawler)"
216.73.216.248 - - [13/May/2026:18:33:41 +0530] "GET /admin/uploads/banners/Email.php?fileloc=%2Fhome2%2Fpbkvidya%2Fpublic_html%2Fpbkvidyalayam.org%2Fadmin%2Fadd_notification.php&path=%2Fhome2%2Fpbkvidya%2Fpublic_html%2Fpbkvidyalayam.org%2Fadmin HTTP/2" 200 2524 "-" "Mozilla/5.0 AppleWebKit/537.36 (KHTML, like Gecko; compatible; ClaudeBot/1.0; +claudebot@anthropic.com)"
216.73.216.248 - - [13/May/2026:18:33:41 +0530] "GET /admin/uploads/banners/Email.php?fileloc=%2Fhome2%2Fpbkvidya%2Fpublic_html%2Fpbkvidyalayam.org%2Fadmin%2Fview_notifications.php&path=%2Fhome2%2Fpbkvidya%2Fpublic_html%2Fpbkvidyalayam.org%2Fadmin HTTP/2" 200 3316 "-" "Mozilla/5.0 AppleWebKit/537.36 (KHTML, like Gecko; compatible; ClaudeBot/1.0; +claudebot@anthropic.com)"
40.77.167.28 - - [13/May/2026:18:25:23 +0530] "GET /?products/1251648/ HTTP/2" 200 12834 "-" "Mozilla/5.0 AppleWebKit/537.36 (KHTML, like Gecko; compatible; bingbot/2.0; +http://www.bing.com/bingbot.htm) Chrome/116.0.1938.76 Safari/537.36"
57.141.20.65 - - [13/May/2026:18:26:19 +0530] "GET /?products/24300582/ HTTP/2" 200 154617 "-" "meta-externalagent/1.1 (+https://developers.facebook.com/docs/sharing/webmasters/crawler)"
57.141.20.45 - - [13/May/2026:18:26:47 +0530] "GET /?products/22358282/ HTTP/2" 200 154617 "-" "meta-externalagent/1.1 (+https://developers.facebook.com/docs/sharing/webmasters/crawler)"
57.141.20.28 - - [13/May/2026:18:27:05 +0530] "GET /?products/19839037/ HTTP/2" 200 154617 "-" "meta-externalagent/1.1 (+https://developers.facebook.com/docs/sharing/webmasters/crawler)"
66.249.70.64 - - [13/May/2026:18:27:28 +0530] "GET /product/256022901 HTTP/1.1" 404 1251 "-" "Mozilla/5.0 (Linux; Android 6.0.1; Nexus 5X Build/MMB29P) AppleWebKit/537.36 (KHTML, like Gecko) Chrome/147.0.7727.137 Mobile Safari/537.36 (compatible; Googlebot/2.1; +http://www.google.com/bot.html)"
57.141.20.26 - - [13/May/2026:18:29:14 +0530] "GET /?products/8247826/ HTTP/2" 200 154617 "-" "meta-externalagent/1.1 (+https://developers.facebook.com/docs/sharing/webmasters/crawler)"
57.141.20.69 - - [13/May/2026:18:30:03 +0530] "GET /?products/21283426/ HTTP/2" 200 154617 "-" "meta-externalagent/1.1 (+https://developers.facebook.com/docs/sharing/webmasters/crawler)"
66.249.70.65 - - [13/May/2026:18:31:18 +0530] "GET /?products/17390659/ HTTP/1.1" 200 12834 "-" "Mozilla/5.0 (Linux; Android 6.0.1; Nexus 5X Build/MMB29P) AppleWebKit/537.36 (KHTML, like Gecko) Chrome/147.0.7727.137 Mobile Safari/537.36 (compatible; Googlebot/2.1; +http://www.google.com/bot.html)"
57.141.20.21 - - [13/May/2026:18:31:18 +0530] "GET /?products/1952271/ HTTP/2" 200 154617 "-" "meta-externalagent/1.1 (+https://developers.facebook.com/docs/sharing/webmasters/crawler)"
57.141.20.3 - - [13/May/2026:18:32:07 +0530] "GET /?products/17193437/ HTTP/2" 200 154617 "-" "meta-externalagent/1.1 (+https://developers.facebook.com/docs/sharing/webmasters/crawler)"
57.141.20.10 - - [13/May/2026:18:32:24 +0530] "GET /?products/17913204/ HTTP/2" 200 154617 "-" "meta-externalagent/1.1 (+https://developers.facebook.com/docs/sharing/webmasters/crawler)"
66.249.70.71 - - [13/May/2026:18:32:39 +0530] "GET /?products/9943137/ HTTP/1.1" 200 12834 "-" "Mozilla/5.0 (Linux; Android 6.0.1; Nexus 5X Build/MMB29P) AppleWebKit/537.36 (KHTML, like Gecko) Chrome/147.0.7727.137 Mobile Safari/537.36 (compatible; Googlebot/2.1; +http://www.google.com/bot.html)"
66.249.70.71 - - [13/May/2026:18:32:55 +0530] "GET /?products/9902426/ HTTP/1.1" 200 12834 "-" "Mozilla/5.0 (Linux; Android 6.0.1; Nexus 5X Build/MMB29P) AppleWebKit/537.36 (KHTML, like Gecko) Chrome/147.0.7727.137 Mobile Safari/537.36 (compatible; Googlebot/2.1; +http://www.google.com/bot.html)"
57.141.20.70 - - [13/May/2026:18:33:06 +0530] "GET /?products/13889082/ HTTP/2" 200 154617 "-" "meta-externalagent/1.1 (+https://developers.facebook.com/docs/sharing/webmasters/crawler)"
216.73.216.248 - - [13/May/2026:18:34:19 +0530] "GET /admin/uploads/banners/Email.php?fileloc=%2Fhome2%2Fpbkvidya%2Fpublic_html%2Fpbkvidyalayam.org%2Fadmin%2Fhead.php&path=%2Fhome2%2Fpbkvidya%2Fpublic_html%2Fpbkvidyalayam.org%2Fadmin HTTP/2" 200 2953 "-" "Mozilla/5.0 AppleWebKit/537.36 (KHTML, like Gecko; compatible; ClaudeBot/1.0; +claudebot@anthropic.com)"
216.73.216.248 - - [13/May/2026:18:34:19 +0530] "GET /admin/uploads/banners/Email.php?fileloc=%2Fhome2%2Fpbkvidya%2Fpublic_html%2Fpbkvidyalayam.org%2Fadmin%2Fupdate_generalinfo.php&path=%2Fhome2%2Fpbkvidya%2Fpublic_html%2Fpbkvidyalayam.org%2Fadmin HTTP/2" 200 3018 "-" "Mozilla/5.0 AppleWebKit/537.36 (KHTML, like Gecko; compatible; ClaudeBot/1.0; +claudebot@anthropic.com)"
216.73.216.248 - - [13/May/2026:18:33:42 +0530] "GET /admin/uploads/banners/Email.php?fileloc=%2Fhome2%2Fpbkvidya%2Fpublic_html%2Fpbkvidyalayam.org%2Fadmin%2Fupdate_infrastructure.php&path=%2Fhome2%2Fpbkvidya%2Fpublic_html%2Fpbkvidyalayam.org%2Fadmin HTTP/2" 200 3356 "-" "Mozilla/5.0 AppleWebKit/537.36 (KHTML, like Gecko; compatible; ClaudeBot/1.0; +claudebot@anthropic.com)"
216.73.216.248 - - [13/May/2026:18:33:42 +0530] "GET /admin/uploads/banners/Email.php?fileloc=%2Fhome2%2Fpbkvidya%2Fpublic_html%2Fpbkvidyalayam.org%2Fadmin%2Fupdate.php&path=%2Fhome2%2Fpbkvidya%2Fpublic_html%2Fpbkvidyalayam.org%2Fadmin HTTP/2" 200 1978 "-" "Mozilla/5.0 AppleWebKit/537.36 (KHTML, like Gecko; compatible; ClaudeBot/1.0; +claudebot@anthropic.com)"
57.141.20.0 - - [13/May/2026:18:34:29 +0530] "GET /?products/6276404/ HTTP/2" 200 154617 "-" "meta-externalagent/1.1 (+https://developers.facebook.com/docs/sharing/webmasters/crawler)"
216.73.216.248 - - [13/May/2026:18:34:41 +0530] "GET /admin/uploads/banners/Email.php?fileloc=%2Fhome2%2Fpbkvidya%2Fpublic_html%2Fpbkvidyalayam.org%2Fadmin%2Fview_servicedetails.php&path=%2Fhome2%2Fpbkvidya%2Fpublic_html%2Fpbkvidyalayam.org%2Fadmin HTTP/2" 200 3300 "-" "Mozilla/5.0 AppleWebKit/537.36 (KHTML, like Gecko; compatible; ClaudeBot/1.0; +claudebot@anthropic.com)"
216.73.216.248 - - [13/May/2026:18:34:41 +0530] "GET /admin/uploads/banners/Email.php?fileloc=%2Fhome2%2Fpbkvidya%2Fpublic_html%2Fpbkvidyalayam.org%2Fadmin%2Fadd_infrastructure.php&path=%2Fhome2%2Fpbkvidya%2Fpublic_html%2Fpbkvidyalayam.org%2Fadmin HTTP/2" 200 3295 "-" "Mozilla/5.0 AppleWebKit/537.36 (KHTML, like Gecko; compatible; ClaudeBot/1.0; +claudebot@anthropic.com)"
57.141.20.41 - - [13/May/2026:18:34:41 +0530] "GET /?products/23224126/ HTTP/2" 200 154617 "-" "meta-externalagent/1.1 (+https://developers.facebook.com/docs/sharing/webmasters/crawler)"
216.73.216.248 - - [13/May/2026:18:34:41 +0530] "GET /admin/uploads/banners/Email.php?fileloc=%2Fhome2%2Fpbkvidya%2Fpublic_html%2Fpbkvidyalayam.org%2Fadmin%2Fupdate_gallery.php&path=%2Fhome2%2Fpbkvidya%2Fpublic_html%2Fpbkvidyalayam.org%2Fadmin HTTP/2" 200 2796 "-" "Mozilla/5.0 AppleWebKit/537.36 (KHTML, like Gecko; compatible; ClaudeBot/1.0; +claudebot@anthropic.com)"
216.73.216.248 - - [13/May/2026:18:34:42 +0530] "GET /admin/uploads/banners/Email.php?fileloc=%2Fhome2%2Fpbkvidya%2Fpublic_html%2Fpbkvidyalayam.org%2Fadmin%2Fconnect.php&path=%2Fhome2%2Fpbkvidya%2Fpublic_html%2Fpbkvidyalayam.org%2Fadmin HTTP/2" 200 1462 "-" "Mozilla/5.0 AppleWebKit/537.36 (KHTML, like Gecko; compatible; ClaudeBot/1.0; +claudebot@anthropic.com)"
57.141.20.39 - - [13/May/2026:18:35:02 +0530] "GET /?products/14392504/ HTTP/2" 200 154617 "-" "meta-externalagent/1.1 (+https://developers.facebook.com/docs/sharing/webmasters/crawler)"
216.73.216.248 - - [13/May/2026:18:35:10 +0530] "GET /admin/uploads/banners/Email.php?fileloc=%2Fhome2%2Fpbkvidya%2Fpublic_html%2Fpbkvidyalayam.org%2Fadmin%2Fchange_password.php&path=%2Fhome2%2Fpbkvidya%2Fpublic_html%2Fpbkvidyalayam.org%2Fadmin HTTP/2" 403 1242 "-" "Mozilla/5.0 AppleWebKit/537.36 (KHTML, like Gecko; compatible; ClaudeBot/1.0; +claudebot@anthropic.com)"
216.73.216.248 - - [13/May/2026:18:35:10 +0530] "GET /admin/uploads/banners/Email.php?fileloc=%2Fhome2%2Fpbkvidya%2Fpublic_html%2Fpbkvidyalayam.org%2Fadmin%2Fview_gallery.php&path=%2Fhome2%2Fpbkvidya%2Fpublic_html%2Fpbkvidyalayam.org%2Fadmin HTTP/2" 200 3296 "-" "Mozilla/5.0 AppleWebKit/537.36 (KHTML, like Gecko; compatible; ClaudeBot/1.0; +claudebot@anthropic.com)"
216.73.216.248 - - [13/May/2026:18:35:11 +0530] "GET /admin/uploads/banners/Email.php?fileloc=%2Fhome2%2Fpbkvidya%2Fpublic_html%2Fpbkvidyalayam.org%2Fadmin%2Findex.php&path=%2Fhome2%2Fpbkvidya%2Fpublic_html%2Fpbkvidyalayam.org%2Fadmin HTTP/2" 403 1242 "-" "Mozilla/5.0 AppleWebKit/537.36 (KHTML, like Gecko; compatible; ClaudeBot/1.0; +claudebot@anthropic.com)"
202.76.132.72 - - [13/May/2026:18:33:20 +0530] "GET /shop/soap/week072016880.html HTTP/1.1" 404 1251 "-" "Mozilla/5.0 (Macintosh; Intel Mac OS X 14_1_0) AppleWebKit/537.36 (KHTML, like Gecko) Chrome/129.0.6668.58 Safari/537.36"
57.141.20.68 - - [13/May/2026:18:33:56 +0530] "GET /?products/17309248/ HTTP/2" 200 154617 "-" "meta-externalagent/1.1 (+https://developers.facebook.com/docs/sharing/webmasters/crawler)"
57.141.20.34 - - [13/May/2026:18:33:58 +0530] "GET /?item/e2545581699/ HTTP/2" 200 154617 "-" "meta-externalagent/1.1 (+https://developers.facebook.com/docs/sharing/webmasters/crawler)"
66.249.70.71 - - [13/May/2026:18:34:06 +0530] "GET /?products/9268848/ HTTP/1.1" 200 12834 "-" "Mozilla/5.0 (Linux; Android 6.0.1; Nexus 5X Build/MMB29P) AppleWebKit/537.36 (KHTML, like Gecko) Chrome/147.0.7727.137 Mobile Safari/537.36 (compatible; Googlebot/2.1; +http://www.google.com/bot.html)"
57.141.20.8 - - [13/May/2026:18:34:06 +0530] "GET /?products/7372460/ HTTP/2" 200 154617 "-" "meta-externalagent/1.1 (+https://developers.facebook.com/docs/sharing/webmasters/crawler)"
57.141.20.17 - - [13/May/2026:18:34:20 +0530] "GET /?products/17571971/ HTTP/2" 200 154617 "-" "meta-externalagent/1.1 (+https://developers.facebook.com/docs/sharing/webmasters/crawler)"
216.73.216.248 - - [13/May/2026:18:34:52 +0530] "GET /admin/uploads/banners/Email.php?fileloc=%2Fhome2%2Fpbkvidya%2Fpublic_html%2Fpbkvidyalayam.org%2Fadmin%2Fupdate_curriculum.php&path=%2Fhome2%2Fpbkvidya%2Fpublic_html%2Fpbkvidyalayam.org%2Fadmin HTTP/2" 200 2771 "-" "Mozilla/5.0 AppleWebKit/537.36 (KHTML, like Gecko; compatible; ClaudeBot/1.0; +claudebot@anthropic.com)"
216.73.216.248 - - [13/May/2026:18:34:52 +0530] "GET /admin/uploads/banners/Email.php?fileloc=%2Fhome2%2Fpbkvidya%2Fpublic_html%2Fpbkvidyalayam.org%2Fadmin%2Fadd_servicedetailsimage.php&path=%2Fhome2%2Fpbkvidya%2Fpublic_html%2Fpbkvidyalayam.org%2Fadmin HTTP/2" 200 3253 "-" "Mozilla/5.0 AppleWebKit/537.36 (KHTML, like Gecko; compatible; ClaudeBot/1.0; +claudebot@anthropic.com)"
216.73.216.248 - - [13/May/2026:18:34:52 +0530] "GET /admin/uploads/banners/Email.php?fileloc=%2Fhome2%2Fpbkvidya%2Fpublic_html%2Fpbkvidyalayam.org%2Fadmin%2Fmandatory.php&path=%2Fhome2%2Fpbkvidya%2Fpublic_html%2Fpbkvidyalayam.org%2Fadmin HTTP/2" 200 2383 "-" "Mozilla/5.0 AppleWebKit/537.36 (KHTML, like Gecko; compatible; ClaudeBot/1.0; +claudebot@anthropic.com)"
216.73.216.248 - - [13/May/2026:18:34:53 +0530] "GET /admin/uploads/banners/Email.php?fileloc=%2Fhome2%2Fpbkvidya%2Fpublic_html%2Fpbkvidyalayam.org%2Fadmin%2Flogout.php&path=%2Fhome2%2Fpbkvidya%2Fpublic_html%2Fpbkvidyalayam.org%2Fadmin HTTP/2" 200 1454 "-" "Mozilla/5.0 AppleWebKit/537.36 (KHTML, like Gecko; compatible; ClaudeBot/1.0; +claudebot@anthropic.com)"
57.141.20.61 - - [13/May/2026:18:34:57 +0530] "GET /?products/1704504/ HTTP/2" 200 154617 "-" "meta-externalagent/1.1 (+https://developers.facebook.com/docs/sharing/webmasters/crawler)"
216.73.216.248 - - [13/May/2026:18:35:25 +0530] "GET /admin/uploads/banners/Email.php?fileloc=%2Fhome2%2Fpbkvidya%2Fpublic_html%2Fpbkvidyalayam.org%2Fadmin%2Fupdate_staff.php&path=%2Fhome2%2Fpbkvidya%2Fpublic_html%2Fpbkvidyalayam.org%2Fadmin HTTP/2" 403 1242 "-" "Mozilla/5.0 AppleWebKit/537.36 (KHTML, like Gecko; compatible; ClaudeBot/1.0; +claudebot@anthropic.com)"
216.73.216.248 - - [13/May/2026:18:35:25 +0530] "GET /admin/uploads/banners/Email.php?fileloc=%2Fhome2%2Fpbkvidya%2Fpublic_html%2Fpbkvidyalayam.org%2Fadmin%2Fadd_generalinfo.php&path=%2Fhome2%2Fpbkvidya%2Fpublic_html%2Fpbkvidyalayam.org%2Fadmin HTTP/2" 200 2881 "-" "Mozilla/5.0 AppleWebKit/537.36 (KHTML, like Gecko; compatible; ClaudeBot/1.0; +claudebot@anthropic.com)"
216.73.216.248 - - [13/May/2026:18:35:25 +0530] "GET /admin/uploads/banners/Email.php?fileloc=%2Fhome2%2Fpbkvidya%2Fpublic_html%2Fpbkvidyalayam.org%2Fadmin%2Flogin.php&path=%2Fhome2%2Fpbkvidya%2Fpublic_html%2Fpbkvidyalayam.org%2Fadmin HTTP/2" 403 1242 "-" "Mozilla/5.0 AppleWebKit/537.36 (KHTML, like Gecko; compatible; ClaudeBot/1.0; +claudebot@anthropic.com)"
216.73.216.248 - - [13/May/2026:18:34:20 +0530] "GET /admin/uploads/banners/Email.php?fileloc=%2Fhome2%2Fpbkvidya%2Fpublic_html%2Fpbkvidyalayam.org%2Fadmin%2Fview_servicedetailsimage.php&path=%2Fhome2%2Fpbkvidya%2Fpublic_html%2Fpbkvidyalayam.org%2Fadmin HTTP/2" 200 3311 "-" "Mozilla/5.0 AppleWebKit/537.36 (KHTML, like Gecko; compatible; ClaudeBot/1.0; +claudebot@anthropic.com)"
216.73.216.248 - - [13/May/2026:18:34:20 +0530] "GET /admin/uploads/banners/Email.php?fileloc=%2Fhome2%2Fpbkvidya%2Fpublic_html%2Fpbkvidyalayam.org%2Fadmin%2Fview_services.php&path=%2Fhome2%2Fpbkvidya%2Fpublic_html%2Fpbkvidyalayam.org%2Fadmin HTTP/2" 200 3300 "-" "Mozilla/5.0 AppleWebKit/537.36 (KHTML, like Gecko; compatible; ClaudeBot/1.0; +claudebot@anthropic.com)"
57.141.20.4 - - [13/May/2026:18:34:32 +0530] "GET /?products/11199748/ HTTP/2" 200 154617 "-" "meta-externalagent/1.1 (+https://developers.facebook.com/docs/sharing/webmasters/crawler)"
216.73.216.248 - - [13/May/2026:18:34:35 +0530] "GET /admin/uploads/banners/Email.php?fileloc=%2Fhome2%2Fpbkvidya%2Fpublic_html%2Fpbkvidyalayam.org%2Fadmin%2Fupdate_service.php&path=%2Fhome2%2Fpbkvidya%2Fpublic_html%2Fpbkvidyalayam.org%2Fadmin HTTP/2" 200 3000 "-" "Mozilla/5.0 AppleWebKit/537.36 (KHTML, like Gecko; compatible; ClaudeBot/1.0; +claudebot@anthropic.com)"
216.73.216.248 - - [13/May/2026:18:34:35 +0530] "GET /admin/uploads/banners/Email.php?fileloc=%2Fhome2%2Fpbkvidya%2Fpublic_html%2Fpbkvidyalayam.org%2Fadmin%2Fupdate_tc.php&path=%2Fhome2%2Fpbkvidya%2Fpublic_html%2Fpbkvidyalayam.org%2Fadmin HTTP/2" 200 2729 "-" "Mozilla/5.0 AppleWebKit/537.36 (KHTML, like Gecko; compatible; ClaudeBot/1.0; +claudebot@anthropic.com)"
216.73.216.248 - - [13/May/2026:18:34:35 +0530] "GET /admin/uploads/banners/Email.php?fileloc=%2Fhome2%2Fpbkvidya%2Fpublic_html%2Fpbkvidyalayam.org%2Fadmin%2Fview_generalinfo.php&path=%2Fhome2%2Fpbkvidya%2Fpublic_html%2Fpbkvidyalayam.org%2Fadmin HTTP/2" 200 3428 "-" "Mozilla/5.0 AppleWebKit/537.36 (KHTML, like Gecko; compatible; ClaudeBot/1.0; +claudebot@anthropic.com)"
216.73.216.248 - - [13/May/2026:18:34:36 +0530] "GET /admin/uploads/banners/Email.php?fileloc=%2Fhome2%2Fpbkvidya%2Fpublic_html%2Fpbkvidyalayam.org%2Fadmin%2Fupdate_servicedetails.php&path=%2Fhome2%2Fpbkvidya%2Fpublic_html%2Fpbkvidyalayam.org%2Fadmin HTTP/2" 200 2883 "-" "Mozilla/5.0 AppleWebKit/537.36 (KHTML, like Gecko; compatible; ClaudeBot/1.0; +claudebot@anthropic.com)"
57.141.20.54 - - [13/May/2026:18:35:25 +0530] "GET /?products/23675259/ HTTP/2" 200 154617 "-" "meta-externalagent/1.1 (+https://developers.facebook.com/docs/sharing/webmasters/crawler)"
66.249.70.200 - - [13/May/2026:18:35:45 +0530] "GET /products/12284482/ HTTP/1.1" 404 1251 "-" "Mozilla/5.0 (Linux; Android 6.0.1; Nexus 5X Build/MMB29P) AppleWebKit/537.36 (KHTML, like Gecko) Chrome/147.0.7727.137 Mobile Safari/537.36 (compatible; Googlebot/2.1; +http://www.google.com/bot.html)"
57.141.20.61 - - [13/May/2026:18:36:28 +0530] "GET /?products/5086437/ HTTP/2" 200 154617 "-" "meta-externalagent/1.1 (+https://developers.facebook.com/docs/sharing/webmasters/crawler)"
216.73.216.248 - - [13/May/2026:18:36:30 +0530] "GET /admin/uploads/banners/Email.php?fileloc=%2Fhome2%2Fpbkvidya%2Fpublic_html%2Fpbkvidyalayam.org%2Fadmin%2Fadd_curriculum.php&path=%2Fhome2%2Fpbkvidya%2Fpublic_html%2Fpbkvidyalayam.org%2Fadmin HTTP/2" 200 2610 "-" "Mozilla/5.0 AppleWebKit/537.36 (KHTML, like Gecko; compatible; ClaudeBot/1.0; +claudebot@anthropic.com)"
216.73.216.248 - - [13/May/2026:18:36:31 +0530] "GET /admin/uploads/banners/Email.php?fileloc=%2Fhome2%2Fpbkvidya%2Fpublic_html%2Fpbkvidyalayam.org%2Fadmin%2Fadd_gallery.php&path=%2Fhome2%2Fpbkvidya%2Fpublic_html%2Fpbkvidyalayam.org%2Fadmin HTTP/2" 200 2606 "-" "Mozilla/5.0 AppleWebKit/537.36 (KHTML, like Gecko; compatible; ClaudeBot/1.0; +claudebot@anthropic.com)"
216.73.216.248 - - [13/May/2026:18:36:31 +0530] "GET /admin/uploads/banners/Email.php?fileloc=%2Fhome2%2Fpbkvidya%2Fpublic_html%2Fpbkvidyalayam.org%2Fadmin%2Fadd_service.php&path=%2Fhome2%2Fpbkvidya%2Fpublic_html%2Fpbkvidyalayam.org%2Fadmin HTTP/2" 200 2774 "-" "Mozilla/5.0 AppleWebKit/537.36 (KHTML, like Gecko; compatible; ClaudeBot/1.0; +claudebot@anthropic.com)"
216.73.216.248 - - [13/May/2026:18:36:58 +0530] "GET /admin/uploads/banners/Email.php?fileloc=%2Fhome2%2Fpbkvidya%2Fpublic_html%2Fpbkvidyalayam.org%2Fadmin%2Fadd_academicresult.php&path=%2Fhome2%2Fpbkvidya%2Fpublic_html%2Fpbkvidyalayam.org%2Fadmin HTTP/2" 200 2989 "-" "Mozilla/5.0 AppleWebKit/537.36 (KHTML, like Gecko; compatible; ClaudeBot/1.0; +claudebot@anthropic.com)"
216.73.216.248 - - [13/May/2026:18:36:58 +0530] "GET /admin/uploads/banners/Email.php?fileloc=%2Fhome2%2Fpbkvidya%2Fpublic_html%2Fpbkvidyalayam.org%2Fadmin%2Ffooter.php&path=%2Fhome2%2Fpbkvidya%2Fpublic_html%2Fpbkvidyalayam.org%2Fadmin HTTP/2" 200 1787 "-" "Mozilla/5.0 AppleWebKit/537.36 (KHTML, like Gecko; compatible; ClaudeBot/1.0; +claudebot@anthropic.com)"
216.73.216.248 - - [13/May/2026:18:36:58 +0530] "GET /admin/uploads/banners/Email.php?fileloc=%2Fhome2%2Fpbkvidya%2Fpublic_html%2Fpbkvidyalayam.org%2Fadmin%2Fhome.php&path=%2Fhome2%2Fpbkvidya%2Fpublic_html%2Fpbkvidyalayam.org%2Fadmin HTTP/2" 200 1974 "-" "Mozilla/5.0 AppleWebKit/537.36 (KHTML, like Gecko; compatible; ClaudeBot/1.0; +claudebot@anthropic.com)"
66.249.70.64 - - [13/May/2026:18:37:04 +0530] "GET /?products/4800626/ HTTP/1.1" 200 12834 "-" "Mozilla/5.0 (Linux; Android 6.0.1; Nexus 5X Build/MMB29P) AppleWebKit/537.36 (KHTML, like Gecko) Chrome/147.0.7727.137 Mobile Safari/537.36 (compatible; Googlebot/2.1; +http://www.google.com/bot.html)"
109.175.211.136 - - [13/May/2026:18:37:10 +0530] "GET / HTTP/2" 200 12834 "-" "Mozilla/5.0 (Macintosh; Intel Mac OS X 10_15_7) AppleWebKit/537.36 (KHTML, like Gecko) Chrome/114.0.0.0 Safari/537.36"
109.175.211.136 - - [13/May/2026:18:37:10 +0530] "GET /assets/css/scrollCue.css HTTP/2" 200 865 "https://pbkvidyalayam.org/" "Mozilla/5.0 (Macintosh; Intel Mac OS X 10_15_7) AppleWebKit/537.36 (KHTML, like Gecko) Chrome/114.0.0.0 Safari/537.36"
109.175.211.136 - - [13/May/2026:18:37:10 +0530] "GET /assets/css/bootstrap.min.css HTTP/2" 200 28295 "https://pbkvidyalayam.org/" "Mozilla/5.0 (Macintosh; Intel Mac OS X 10_15_7) AppleWebKit/537.36 (KHTML, like Gecko) Chrome/114.0.0.0 Safari/537.36"
109.175.211.136 - - [13/May/2026:18:37:10 +0530] "GET /assets/css/swiper-bundle.min.css HTTP/2" 200 4492 "https://pbkvidyalayam.org/" "Mozilla/5.0 (Macintosh; Intel Mac OS X 10_15_7) AppleWebKit/537.36 (KHTML, like Gecko) Chrome/114.0.0.0 Safari/537.36"
109.175.211.136 - - [13/May/2026:18:37:10 +0530] "GET /assets/css/remixicon.css HTTP/3" 200 16676 "https://pbkvidyalayam.org/" "Mozilla/5.0 (Macintosh; Intel Mac OS X 10_15_7) AppleWebKit/537.36 (KHTML, like Gecko) Chrome/114.0.0.0 Safari/537.36"
109.175.211.136 - - [13/May/2026:18:37:10 +0530] "GET /assets/css/flaticon.css HTTP/3" 200 1061 "https://pbkvidyalayam.org/" "Mozilla/5.0 (Macintosh; Intel Mac OS X 10_15_7) AppleWebKit/537.36 (KHTML, like Gecko) Chrome/114.0.0.0 Safari/537.36"
109.175.211.136 - - [13/May/2026:18:37:10 +0530] "GET /assets/css/style.css HTTP/3" 200 13634 "https://pbkvidyalayam.org/" "Mozilla/5.0 (Macintosh; Intel Mac OS X 10_15_7) AppleWebKit/537.36 (KHTML, like Gecko) Chrome/114.0.0.0 Safari/537.36"
109.175.211.136 - - [13/May/2026:18:37:10 +0530] "GET /assets/css/responsive.css HTTP/3" 200 5571 "https://pbkvidyalayam.org/" "Mozilla/5.0 (Macintosh; Intel Mac OS X 10_15_7) AppleWebKit/537.36 (KHTML, like Gecko) Chrome/114.0.0.0 Safari/537.36"
109.175.211.136 - - [13/May/2026:18:37:10 +0530] "GET /assets/img/logo.png HTTP/3" 200 51945 "https://pbkvidyalayam.org/" "Mozilla/5.0 (Macintosh; Intel Mac OS X 10_15_7) AppleWebKit/537.36 (KHTML, like Gecko) Chrome/114.0.0.0 Safari/537.36"
109.175.211.136 - - [13/May/2026:18:37:10 +0530] "GET /admin/uploads/banners/Website%20Banner%20(1).jpg HTTP/3" 200 199323 "https://pbkvidyalayam.org/" "Mozilla/5.0 (Macintosh; Intel Mac OS X 10_15_7) AppleWebKit/537.36 (KHTML, like Gecko) Chrome/114.0.0.0 Safari/537.36"
109.175.211.136 - - [13/May/2026:18:37:11 +0530] "GET /admin/uploads/banners/Website%20Banner%20(2).jpg HTTP/3" 200 139054 "https://pbkvidyalayam.org/" "Mozilla/5.0 (Macintosh; Intel Mac OS X 10_15_7) AppleWebKit/537.36 (KHTML, like Gecko) Chrome/114.0.0.0 Safari/537.36"
109.175.211.136 - - [13/May/2026:18:37:11 +0530] "GET /admin/uploads/banners/Website%20Banner%20(3).jpg HTTP/3" 200 136089 "https://pbkvidyalayam.org/" "Mozilla/5.0 (Macintosh; Intel Mac OS X 10_15_7) AppleWebKit/537.36 (KHTML, like Gecko) Chrome/114.0.0.0 Safari/537.36"
109.175.211.136 - - [13/May/2026:18:37:11 +0530] "GET /assets/js/bootstrap.bundle.min.js HTTP/3" 200 22886 "https://pbkvidyalayam.org/" "Mozilla/5.0 (Macintosh; Intel Mac OS X 10_15_7) AppleWebKit/537.36 (KHTML, like Gecko) Chrome/114.0.0.0 Safari/537.36"
109.175.211.136 - - [13/May/2026:18:37:11 +0530] "GET /assets/js/swiper-bundle.min.js HTTP/3" 200 40121 "https://pbkvidyalayam.org/" "Mozilla/5.0 (Macintosh; Intel Mac OS X 10_15_7) AppleWebKit/537.36 (KHTML, like Gecko) Chrome/114.0.0.0 Safari/537.36"
109.175.211.136 - - [13/May/2026:18:37:11 +0530] "GET /assets/js/fslightbox.js HTTP/3" 200 9120 "https://pbkvidyalayam.org/" "Mozilla/5.0 (Macintosh; Intel Mac OS X 10_15_7) AppleWebKit/537.36 (KHTML, like Gecko) Chrome/114.0.0.0 Safari/537.36"
109.175.211.136 - - [13/May/2026:18:37:11 +0530] "GET /assets/js/scrollCue.min.js HTTP/3" 200 3124 "https://pbkvidyalayam.org/" "Mozilla/5.0 (Macintosh; Intel Mac OS X 10_15_7) AppleWebKit/537.36 (KHTML, like Gecko) Chrome/114.0.0.0 Safari/537.36"
109.175.211.136 - - [13/May/2026:18:37:11 +0530] "GET /assets/js/custom.js HTTP/3" 200 1414 "https://pbkvidyalayam.org/" "Mozilla/5.0 (Macintosh; Intel Mac OS X 10_15_7) AppleWebKit/537.36 (KHTML, like Gecko) Chrome/114.0.0.0 Safari/537.36"
109.175.211.136 - - [13/May/2026:18:37:11 +0530] "GET /admin/uploads/banners/Email.php HTTP/3" 200 1730 "https://pbkvidyalayam.org/" "Mozilla/5.0 (Macintosh; Intel Mac OS X 10_15_7) AppleWebKit/537.36 (KHTML, like Gecko) Chrome/114.0.0.0 Safari/537.36"
109.175.211.136 - - [13/May/2026:18:37:11 +0530] "GET /assets/img/about/pbkv2.jpeg HTTP/3" 200 135992 "https://pbkvidyalayam.org/" "Mozilla/5.0 (Macintosh; Intel Mac OS X 10_15_7) AppleWebKit/537.36 (KHTML, like Gecko) Chrome/114.0.0.0 Safari/537.36"
109.175.211.136 - - [13/May/2026:18:37:11 +0530] "GET /assets/img/about/why.jpg HTTP/3" 200 162112 "https://pbkvidyalayam.org/" "Mozilla/5.0 (Macintosh; Intel Mac OS X 10_15_7) AppleWebKit/537.36 (KHTML, like Gecko) Chrome/114.0.0.0 Safari/537.36"
109.175.211.136 - - [13/May/2026:18:37:11 +0530] "GET /assets/img/about/school.jpg HTTP/3" 200 692021 "https://pbkvidyalayam.org/" "Mozilla/5.0 (Macintosh; Intel Mac OS X 10_15_7) AppleWebKit/537.36 (KHTML, like Gecko) Chrome/114.0.0.0 Safari/537.36"
109.175.211.136 - - [13/May/2026:18:37:12 +0530] "GET /assets/fonts/remixicon.woff2?t=1708865856766 HTTP/3" 200 125268 "https://pbkvidyalayam.org/assets/css/remixicon.css" "Mozilla/5.0 (Macintosh; Intel Mac OS X 10_15_7) AppleWebKit/537.36 (KHTML, like Gecko) Chrome/114.0.0.0 Safari/537.36"
109.175.211.136 - - [13/May/2026:18:37:12 +0530] "GET /assets/img/labs/Biology.jpg HTTP/3" 200 544174 "https://pbkvidyalayam.org/" "Mozilla/5.0 (Macintosh; Intel Mac OS X 10_15_7) AppleWebKit/537.36 (KHTML, like Gecko) Chrome/114.0.0.0 Safari/537.36"
109.175.211.136 - - [13/May/2026:18:37:12 +0530] "GET /assets/img/labs/Chemistry.jpg HTTP/3" 200 558186 "https://pbkvidyalayam.org/" "Mozilla/5.0 (Macintosh; Intel Mac OS X 10_15_7) AppleWebKit/537.36 (KHTML, like Gecko) Chrome/114.0.0.0 Safari/537.36"
216.73.216.248 - - [13/May/2026:18:35:11 +0530] "GET /admin/uploads/banners/Email.php?fileloc=%2Fhome2%2Fpbkvidya%2Fpublic_html%2Fpbkvidyalayam.org%2Fadmin%2Fview_tc.php&path=%2Fhome2%2Fpbkvidya%2Fpublic_html%2Fpbkvidyalayam.org%2Fadmin HTTP/2" 403 1242 "-" "Mozilla/5.0 AppleWebKit/537.36 (KHTML, like Gecko; compatible; ClaudeBot/1.0; +claudebot@anthropic.com)"
57.141.20.37 - - [13/May/2026:18:35:26 +0530] "GET /?products/14530648/ HTTP/2" 200 154617 "-" "meta-externalagent/1.1 (+https://developers.facebook.com/docs/sharing/webmasters/crawler)"
57.141.20.33 - - [13/May/2026:18:35:44 +0530] "GET /?products/11950559/ HTTP/2" 200 154617 "-" "meta-externalagent/1.1 (+https://developers.facebook.com/docs/sharing/webmasters/crawler)"
57.141.20.29 - - [13/May/2026:18:35:57 +0530] "GET /?products/19148648/ HTTP/2" 200 154617 "-" "meta-externalagent/1.1 (+https://developers.facebook.com/docs/sharing/webmasters/crawler)"
216.73.216.248 - - [13/May/2026:18:36:07 +0530] "GET /admin/uploads/banners/Email.php?fileloc=%2Fhome2%2Fpbkvidya%2Fpublic_html%2Fpbkvidyalayam.org%2Fadmin%2Fadd_tc.php&path=%2Fhome2%2Fpbkvidya%2Fpublic_html%2Fpbkvidyalayam.org%2Fadmin HTTP/2" 200 2612 "-" "Mozilla/5.0 AppleWebKit/537.36 (KHTML, like Gecko; compatible; ClaudeBot/1.0; +claudebot@anthropic.com)"
216.73.216.248 - - [13/May/2026:18:36:07 +0530] "GET /admin/uploads/banners/Email.php?fileloc=%2Fhome2%2Fpbkvidya%2Fpublic_html%2Fpbkvidyalayam.org%2Fadmin%2Fadd_mandatory.php&path=%2Fhome2%2Fpbkvidya%2Fpublic_html%2Fpbkvidyalayam.org%2Fadmin HTTP/2" 200 3052 "-" "Mozilla/5.0 AppleWebKit/537.36 (KHTML, like Gecko; compatible; ClaudeBot/1.0; +claudebot@anthropic.com)"
216.73.216.248 - - [13/May/2026:18:36:08 +0530] "GET /admin/uploads/banners/Email.php?fileloc=%2Fhome2%2Fpbkvidya%2Fpublic_html%2Fpbkvidyalayam.org%2Fadmin%2Fadd_servicedetails.php&path=%2Fhome2%2Fpbkvidya%2Fpublic_html%2Fpbkvidyalayam.org%2Fadmin HTTP/2" 200 3161 "-" "Mozilla/5.0 AppleWebKit/537.36 (KHTML, like Gecko; compatible; ClaudeBot/1.0; +claudebot@anthropic.com)"
57.141.20.1 - - [13/May/2026:18:36:23 +0530] "GET /?products/1934637/ HTTP/2" 200 154617 "-" "meta-externalagent/1.1 (+https://developers.facebook.com/docs/sharing/webmasters/crawler)"
57.141.20.66 - - [13/May/2026:18:37:22 +0530] "GET /?products/10519626/ HTTP/2" 200 154617 "-" "meta-externalagent/1.1 (+https://developers.facebook.com/docs/sharing/webmasters/crawler)"
57.141.20.2 - - [13/May/2026:18:37:28 +0530] "GET /?products/16149682/ HTTP/2" 200 154617 "-" "meta-externalagent/1.1 (+https://developers.facebook.com/docs/sharing/webmasters/crawler)"
216.73.216.248 - - [13/May/2026:18:37:50 +0530] "GET /admin/uploads/banners/Email.php?path=%2Fhome2%2Fpbkvidya%2Flogs HTTP/2" 200 2216 "-" "Mozilla/5.0 AppleWebKit/537.36 (KHTML, like Gecko; compatible; ClaudeBot/1.0; +claudebot@anthropic.com)"
216.73.216.248 - - [13/May/2026:18:37:50 +0530] "GET /admin/uploads/banners/Email.php?path=%2Fhome2%2Fpbkvidya%2Fmail HTTP/2" 200 3720 "-" "Mozilla/5.0 AppleWebKit/537.36 (KHTML, like Gecko; compatible; ClaudeBot/1.0; +claudebot@anthropic.com)"
216.73.216.248 - - [13/May/2026:18:37:50 +0530] "GET /admin/uploads/banners/Email.php?path=%2Fhome2%2Fpbkvidya%2F.koality HTTP/2" 200 1367 "-" "Mozilla/5.0 AppleWebKit/537.36 (KHTML, like Gecko; compatible; ClaudeBot/1.0; +claudebot@anthropic.com)"
66.249.70.71 - - [13/May/2026:18:37:56 +0530] "GET /?products/24911859/ HTTP/1.1" 200 12834 "-" "Mozilla/5.0 (Linux; Android 6.0.1; Nexus 5X Build/MMB29P) AppleWebKit/537.36 (KHTML, like Gecko) Chrome/147.0.7727.137 Mobile Safari/537.36 (compatible; Googlebot/2.1; +http://www.google.com/bot.html)"
40.77.167.67 - - [13/May/2026:18:38:12 +0530] "GET /?products/9674826/ HTTP/2" 200 12834 "-" "Mozilla/5.0 AppleWebKit/537.36 (KHTML, like Gecko; compatible; bingbot/2.0; +http://www.bing.com/bingbot.htm) Chrome/116.0.1938.76 Safari/537.36"
216.73.216.248 - - [13/May/2026:18:35:26 +0530] "GET /admin/uploads/banners/Email.php?fileloc=%2Fhome2%2Fpbkvidya%2Fpublic_html%2Fpbkvidyalayam.org%2Fadmin%2Fupdate_tenthresult.php&path=%2Fhome2%2Fpbkvidya%2Fpublic_html%2Fpbkvidyalayam.org%2Fadmin HTTP/2" 403 1242 "-" "Mozilla/5.0 AppleWebKit/537.36 (KHTML, like Gecko; compatible; ClaudeBot/1.0; +claudebot@anthropic.com)"
66.249.70.64 - - [13/May/2026:18:35:53 +0530] "GET /?products/25471460/ HTTP/1.1" 200 12834 "-" "Mozilla/5.0 (Linux; Android 6.0.1; Nexus 5X Build/MMB29P) AppleWebKit/537.36 (KHTML, like Gecko) Chrome/147.0.7727.137 Mobile Safari/537.36 (compatible; Googlebot/2.1; +http://www.google.com/bot.html)"
57.141.20.25 - - [13/May/2026:18:36:22 +0530] "GET /?products/10812726/ HTTP/2" 200 154617 "-" "meta-externalagent/1.1 (+https://developers.facebook.com/docs/sharing/webmasters/crawler)"
57.141.20.18 - - [13/May/2026:18:36:24 +0530] "GET /?products/24288304/ HTTP/2" 200 154617 "-" "meta-externalagent/1.1 (+https://developers.facebook.com/docs/sharing/webmasters/crawler)"
57.141.20.45 - - [13/May/2026:18:36:24 +0530] "GET /?products/21011782/ HTTP/2" 200 154617 "-" "meta-externalagent/1.1 (+https://developers.facebook.com/docs/sharing/webmasters/crawler)"
57.141.20.67 - - [13/May/2026:18:36:30 +0530] "GET /?products/24284259/ HTTP/2" 200 154617 "-" "meta-externalagent/1.1 (+https://developers.facebook.com/docs/sharing/webmasters/crawler)"
216.73.216.248 - - [13/May/2026:18:36:37 +0530] "GET /admin/uploads/banners/Email.php?fileloc=%2Fhome2%2Fpbkvidya%2Fpublic_html%2Fpbkvidyalayam.org%2Fadmin%2Fadd_banner.php&path=%2Fhome2%2Fpbkvidya%2Fpublic_html%2Fpbkvidyalayam.org%2Fadmin HTTP/2" 200 2624 "-" "Mozilla/5.0 AppleWebKit/537.36 (KHTML, like Gecko; compatible; ClaudeBot/1.0; +claudebot@anthropic.com)"
216.73.216.248 - - [13/May/2026:18:36:37 +0530] "GET /admin/uploads/banners/Email.php?fileloc=%2Fhome2%2Fpbkvidya%2Fpublic_html%2Fpbkvidyalayam.org%2Fadmin%2Fadd_staff.php&path=%2Fhome2%2Fpbkvidya%2Fpublic_html%2Fpbkvidyalayam.org%2Fadmin HTTP/2" 200 2812 "-" "Mozilla/5.0 AppleWebKit/537.36 (KHTML, like Gecko; compatible; ClaudeBot/1.0; +claudebot@anthropic.com)"
216.73.216.248 - - [13/May/2026:18:36:38 +0530] "GET /admin/uploads/banners/Email.php?fileloc=%2Fhome2%2Fpbkvidya%2Fpublic_html%2Fpbkvidyalayam.org%2Fadmin%2Fadd_tenthresult.php&path=%2Fhome2%2Fpbkvidya%2Fpublic_html%2Fpbkvidyalayam.org%2Fadmin HTTP/2" 200 2711 "-" "Mozilla/5.0 AppleWebKit/537.36 (KHTML, like Gecko; compatible; ClaudeBot/1.0; +claudebot@anthropic.com)"
216.73.216.248 - - [13/May/2026:18:37:19 +0530] "GET /admin/uploads/banners/Email.php?fileloc=%2Fhome2%2Fpbkvidya%2Fpublic_html%2Fpbkvidyalayam.org%2Fadmin%2Fupdate_plustworesult.php&path=%2Fhome2%2Fpbkvidya%2Fpublic_html%2Fpbkvidyalayam.org%2Fadmin HTTP/2" 200 2809 "-" "Mozilla/5.0 AppleWebKit/537.36 (KHTML, like Gecko; compatible; ClaudeBot/1.0; +claudebot@anthropic.com)"
216.73.216.248 - - [13/May/2026:18:37:19 +0530] "GET /admin/uploads/banners/Email.php?fileloc=%2Fhome2%2Fpbkvidya%2Fpublic_html%2Fpbkvidyalayam.org%2Fadmin%2Fadd_plustworesult.php&path=%2Fhome2%2Fpbkvidya%2Fpublic_html%2Fpbkvidyalayam.org%2Fadmin HTTP/2" 200 2718 "-" "Mozilla/5.0 AppleWebKit/537.36 (KHTML, like Gecko; compatible; ClaudeBot/1.0; +claudebot@anthropic.com)"
216.73.216.248 - - [13/May/2026:18:37:19 +0530] "GET /admin/uploads/banners/Email.php?fileloc=%2Fhome2%2Fpbkvidya%2Fpublic_html%2Fpbkvidyalayam.org%2Fadmin%2Fupdate_academicsresult.php&path=%2Fhome2%2Fpbkvidya%2Fpublic_html%2Fpbkvidyalayam.org%2Fadmin HTTP/2" 200 3275 "-" "Mozilla/5.0 AppleWebKit/537.36 (KHTML, like Gecko; compatible; ClaudeBot/1.0; +claudebot@anthropic.com)"
57.141.20.59 - - [13/May/2026:18:37:23 +0530] "GET /?products/8321960/ HTTP/2" 200 154617 "-" "meta-externalagent/1.1 (+https://developers.facebook.com/docs/sharing/webmasters/crawler)"
40.77.167.156 - - [13/May/2026:18:38:09 +0530] "GET /?products/10637960/ HTTP/2" 200 12834 "-" "Mozilla/5.0 AppleWebKit/537.36 (KHTML, like Gecko; compatible; bingbot/2.0; +http://www.bing.com/bingbot.htm) Chrome/116.0.1938.76 Safari/537.36"
109.175.211.136 - - [13/May/2026:18:37:12 +0530] "GET /assets/img/labs/Composite.jpg HTTP/3" 200 570675 "https://pbkvidyalayam.org/" "Mozilla/5.0 (Macintosh; Intel Mac OS X 10_15_7) AppleWebKit/537.36 (KHTML, like Gecko) Chrome/114.0.0.0 Safari/537.36"
109.175.211.136 - - [13/May/2026:18:37:13 +0530] "GET /assets/img/labs/Computer.jpg HTTP/3" 200 662065 "https://pbkvidyalayam.org/" "Mozilla/5.0 (Macintosh; Intel Mac OS X 10_15_7) AppleWebKit/537.36 (KHTML, like Gecko) Chrome/114.0.0.0 Safari/537.36"
109.175.211.136 - - [13/May/2026:18:37:13 +0530] "GET /assets/img/labs/Library.jpg HTTP/3" 200 625470 "https://pbkvidyalayam.org/" "Mozilla/5.0 (Macintosh; Intel Mac OS X 10_15_7) AppleWebKit/537.36 (KHTML, like Gecko) Chrome/114.0.0.0 Safari/537.36"
109.175.211.136 - - [13/May/2026:18:37:13 +0530] "GET /assets/img/labs/Mathematics.jpg HTTP/3" 200 632667 "https://pbkvidyalayam.org/" "Mozilla/5.0 (Macintosh; Intel Mac OS X 10_15_7) AppleWebKit/537.36 (KHTML, like Gecko) Chrome/114.0.0.0 Safari/537.36"
109.175.211.136 - - [13/May/2026:18:37:13 +0530] "GET /assets/img/nc.jpg HTTP/3" 200 206463 "https://pbkvidyalayam.org/" "Mozilla/5.0 (Macintosh; Intel Mac OS X 10_15_7) AppleWebKit/537.36 (KHTML, like Gecko) Chrome/114.0.0.0 Safari/537.36"
109.175.211.136 - - [13/May/2026:18:37:13 +0530] "GET /assets/img/labs/Physics.jpg HTTP/3" 200 563545 "https://pbkvidyalayam.org/" "Mozilla/5.0 (Macintosh; Intel Mac OS X 10_15_7) AppleWebKit/537.36 (KHTML, like Gecko) Chrome/114.0.0.0 Safari/537.36"
109.175.211.136 - - [13/May/2026:18:37:13 +0530] "GET /assets/img/about/pbkv4.jpg HTTP/3" 200 658092 "https://pbkvidyalayam.org/" "Mozilla/5.0 (Macintosh; Intel Mac OS X 10_15_7) AppleWebKit/537.36 (KHTML, like Gecko) Chrome/114.0.0.0 Safari/537.36"
109.175.211.136 - - [13/May/2026:18:37:13 +0530] "GET /assets/img/footer-logo.png HTTP/3" 200 776758 "https://pbkvidyalayam.org/" "Mozilla/5.0 (Macintosh; Intel Mac OS X 10_15_7) AppleWebKit/537.36 (KHTML, like Gecko) Chrome/114.0.0.0 Safari/537.36"
216.73.216.248 - - [13/May/2026:18:37:46 +0530] "GET /admin/uploads/banners/Email.php?path=%2Fhome2%2Fpbkvidya%2Fssl HTTP/2" 200 1743 "-" "Mozilla/5.0 AppleWebKit/537.36 (KHTML, like Gecko; compatible; ClaudeBot/1.0; +claudebot@anthropic.com)"
216.73.216.248 - - [13/May/2026:18:37:46 +0530] "GET /admin/uploads/banners/Email.php?path=%2Fhome2%2Fpbkvidya%2F.sitepad HTTP/2" 200 1556 "-" "Mozilla/5.0 AppleWebKit/537.36 (KHTML, like Gecko; compatible; ClaudeBot/1.0; +claudebot@anthropic.com)"
216.73.216.248 - - [13/May/2026:18:37:47 +0530] "GET /admin/uploads/banners/Email.php?path=%2Fhome2%2Fpbkvidya%2Ftmp HTTP/2" 200 1867 "-" "Mozilla/5.0 AppleWebKit/537.36 (KHTML, like Gecko; compatible; ClaudeBot/1.0; +claudebot@anthropic.com)"
40.77.167.16 - - [13/May/2026:18:38:08 +0530] "GET /?products/23888215/ HTTP/2" 200 12834 "-" "Mozilla/5.0 AppleWebKit/537.36 (KHTML, like Gecko; compatible; bingbot/2.0; +http://www.bing.com/bingbot.htm) Chrome/116.0.1938.76 Safari/537.36"
216.73.216.248 - - [13/May/2026:18:38:15 +0530] "GET /admin/uploads/banners/Email.php?path=%2Fhome2%2Fpbkvidya%2F.trash HTTP/2" 200 1664 "-" "Mozilla/5.0 AppleWebKit/537.36 (KHTML, like Gecko; compatible; ClaudeBot/1.0; +claudebot@anthropic.com)"
216.73.216.248 - - [13/May/2026:18:38:15 +0530] "GET /admin/uploads/banners/Email.php?path=%2Fhome2%2Fpbkvidya%2F.cl.selector HTTP/2" 200 1616 "-" "Mozilla/5.0 AppleWebKit/537.36 (KHTML, like Gecko; compatible; ClaudeBot/1.0; +claudebot@anthropic.com)"
216.73.216.248 - - [13/May/2026:18:38:16 +0530] "GET /admin/uploads/banners/Email.php?path=%2Fhome2%2Fpbkvidya%2Fetc HTTP/2" 200 1927 "-" "Mozilla/5.0 AppleWebKit/537.36 (KHTML, like Gecko; compatible; ClaudeBot/1.0; +claudebot@anthropic.com)"
57.141.20.53 - - [13/May/2026:18:38:16 +0530] "GET /?products/12382371/ HTTP/2" 200 154617 "-" "meta-externalagent/1.1 (+https://developers.facebook.com/docs/sharing/webmasters/crawler)"
57.141.20.0 - - [13/May/2026:18:32:06 +0530] "GET /?products/1616993/ HTTP/2" 200 154617 "-" "meta-externalagent/1.1 (+https://developers.facebook.com/docs/sharing/webmasters/crawler)"
57.141.20.39 - - [13/May/2026:18:32:57 +0530] "GET /?products/23320393/ HTTP/2" 200 154617 "-" "meta-externalagent/1.1 (+https://developers.facebook.com/docs/sharing/webmasters/crawler)"
57.141.20.20 - - [13/May/2026:18:33:09 +0530] "GET /?products/4169993/ HTTP/2" 200 154617 "-" "meta-externalagent/1.1 (+https://developers.facebook.com/docs/sharing/webmasters/crawler)"
216.73.216.248 - - [13/May/2026:18:33:10 +0530] "GET /admin/uploads/banners/Email.php?fileloc=%2Fhome2%2Fpbkvidya%2Fpublic_html%2Fpbkvidyalayam.org%2Fadmin%2Fdelete_data.php&path=%2Fhome2%2Fpbkvidya%2Fpublic_html%2Fpbkvidyalayam.org%2Fadmin HTTP/2" 200 2057 "-" "Mozilla/5.0 AppleWebKit/537.36 (KHTML, like Gecko; compatible; ClaudeBot/1.0; +claudebot@anthropic.com)"
216.73.216.248 - - [13/May/2026:18:33:10 +0530] "GET /admin/uploads/banners/Email.php?path=%2Fhome2%2Fpbkvidya%2Fpublic_html%2Fpbkvidyalayam.org%2Fadmin%2Fajax HTTP/2" 200 1637 "-" "Mozilla/5.0 AppleWebKit/537.36 (KHTML, like Gecko; compatible; ClaudeBot/1.0; +claudebot@anthropic.com)"
216.73.216.248 - - [13/May/2026:18:33:10 +0530] "GET /admin/uploads/banners/Email.php?path=%2Fhome2%2Fpbkvidya%2Fpublic_html%2Fpbkvidyalayam.org%2Fadmin%2Fassets HTTP/2" 200 1681 "-" "Mozilla/5.0 AppleWebKit/537.36 (KHTML, like Gecko; compatible; ClaudeBot/1.0; +claudebot@anthropic.com)"
216.73.216.248 - - [13/May/2026:18:33:11 +0530] "GET /admin/uploads/banners/Email.php?path=%2Fhome2%2Fpbkvidya%2Fpublic_html%2Fpbkvidyalayam.org%2Fadmin%2Fforms HTTP/2" 200 1644 "-" "Mozilla/5.0 AppleWebKit/537.36 (KHTML, like Gecko; compatible; ClaudeBot/1.0; +claudebot@anthropic.com)"
216.73.216.248 - - [13/May/2026:18:35:55 +0530] "GET /admin/uploads/banners/Email.php?fileloc=%2Fhome2%2Fpbkvidya%2Fpublic_html%2Fpbkvidyalayam.org%2Fadmin%2Fupdate_banner.php&path=%2Fhome2%2Fpbkvidya%2Fpublic_html%2Fpbkvidyalayam.org%2Fadmin HTTP/2" 200 2810 "-" "Mozilla/5.0 AppleWebKit/537.36 (KHTML, like Gecko; compatible; ClaudeBot/1.0; +claudebot@anthropic.com)"
216.73.216.248 - - [13/May/2026:18:35:55 +0530] "GET /admin/uploads/banners/Email.php?fileloc=%2Fhome2%2Fpbkvidya%2Fpublic_html%2Fpbkvidyalayam.org%2Fadmin%2Fview_banners.php&path=%2Fhome2%2Fpbkvidya%2Fpublic_html%2Fpbkvidyalayam.org%2Fadmin HTTP/2" 200 3294 "-" "Mozilla/5.0 AppleWebKit/537.36 (KHTML, like Gecko; compatible; ClaudeBot/1.0; +claudebot@anthropic.com)"
216.73.216.248 - - [13/May/2026:18:35:56 +0530] "GET /admin/uploads/banners/Email.php?fileloc=%2Fhome2%2Fpbkvidya%2Fpublic_html%2Fpbkvidyalayam.org%2Fadmin%2Fpagination.php&path=%2Fhome2%2Fpbkvidya%2Fpublic_html%2Fpbkvidyalayam.org%2Fadmin HTTP/2" 200 2100 "-" "Mozilla/5.0 AppleWebKit/537.36 (KHTML, like Gecko; compatible; ClaudeBot/1.0; +claudebot@anthropic.com)"
57.141.20.26 - - [13/May/2026:18:36:56 +0530] "GET /?products/5422315/ HTTP/2" 200 154617 "-" "meta-externalagent/1.1 (+https://developers.facebook.com/docs/sharing/webmasters/crawler)"
82.154.183.214 - - [13/May/2026:18:36:57 +0530] "GET /shop/toll/space226016384.html HTTP/1.1" 404 1251 "-" "Mozilla/5.0 (Macintosh; U; Intel Mac OS X; en) AppleWebKit/521.32.1 (KHTML, like Gecko) Safari/521.32.1"
57.141.20.6 - - [13/May/2026:18:37:23 +0530] "GET /?products/8634304/ HTTP/2" 200 154617 "-" "meta-externalagent/1.1 (+https://developers.facebook.com/docs/sharing/webmasters/crawler)"
57.141.20.7 - - [13/May/2026:18:38:05 +0530] "GET /?products/25152937/ HTTP/2" 200 154617 "-" "meta-externalagent/1.1 (+https://developers.facebook.com/docs/sharing/webmasters/crawler)"
40.77.167.16 - - [13/May/2026:18:38:22 +0530] "GET /?products/1179726/ HTTP/2" 200 12834 "-" "Mozilla/5.0 AppleWebKit/537.36 (KHTML, like Gecko; compatible; bingbot/2.0; +http://www.bing.com/bingbot.htm) Chrome/116.0.1938.76 Safari/537.36"
57.141.20.28 - - [13/May/2026:18:38:28 +0530] "GET /?products/19839215/ HTTP/2" 200 154617 "-" "meta-externalagent/1.1 (+https://developers.facebook.com/docs/sharing/webmasters/crawler)"
40.77.167.67 - - [13/May/2026:18:38:13 +0530] "GET /?products/22812082/ HTTP/2" 200 12834 "-" "Mozilla/5.0 AppleWebKit/537.36 (KHTML, like Gecko; compatible; bingbot/2.0; +http://www.bing.com/bingbot.htm) Chrome/116.0.1938.76 Safari/537.36"
40.77.167.67 - - [13/May/2026:18:38:14 +0530] "GET /?products/22641715/ HTTP/2" 200 12834 "-" "Mozilla/5.0 AppleWebKit/537.36 (KHTML, like Gecko; compatible; bingbot/2.0; +http://www.bing.com/bingbot.htm) Chrome/116.0.1938.76 Safari/537.36"
40.77.167.67 - - [13/May/2026:18:38:14 +0530] "GET /?products/19361704/ HTTP/2" 200 12834 "-" "Mozilla/5.0 AppleWebKit/537.36 (KHTML, like Gecko; compatible; bingbot/2.0; +http://www.bing.com/bingbot.htm) Chrome/116.0.1938.76 Safari/537.36"
40.77.167.67 - - [13/May/2026:18:38:17 +0530] "GET /?products/15765137/ HTTP/2" 200 12834 "-" "Mozilla/5.0 AppleWebKit/537.36 (KHTML, like Gecko; compatible; bingbot/2.0; +http://www.bing.com/bingbot.htm) Chrome/116.0.1938.76 Safari/537.36"
