17.241.75.203 - - [13/May/2026:19:19:28 +0530] "GET /assets/css/flaticon.css HTTP/2" 200 1061 "https://pbkvidyalayam.org/?products/17503093/" "Mozilla/5.0 (Macintosh; Intel Mac OS X 10_15_7) AppleWebKit/605.1.15 (KHTML, like Gecko) Version/17.4 Safari/605.1.15 (Applebot/0.1; +http://www.apple.com/go/applebot)"
17.241.75.203 - - [13/May/2026:19:19:30 +0530] "GET /assets/css/style.css HTTP/2" 200 13634 "https://pbkvidyalayam.org/?products/17503093/" "Mozilla/5.0 (Macintosh; Intel Mac OS X 10_15_7) AppleWebKit/605.1.15 (KHTML, like Gecko) Version/17.4 Safari/605.1.15 (Applebot/0.1; +http://www.apple.com/go/applebot)"
17.241.75.203 - - [13/May/2026:19:19:31 +0530] "GET /assets/css/bootstrap.min.css HTTP/2" 200 28295 "https://pbkvidyalayam.org/?products/17503093/" "Mozilla/5.0 (Macintosh; Intel Mac OS X 10_15_7) AppleWebKit/605.1.15 (KHTML, like Gecko) Version/17.4 Safari/605.1.15 (Applebot/0.1; +http://www.apple.com/go/applebot)"
17.241.75.203 - - [13/May/2026:19:19:33 +0530] "GET /assets/css/responsive.css HTTP/2" 200 5571 "https://pbkvidyalayam.org/?products/17503093/" "Mozilla/5.0 (Macintosh; Intel Mac OS X 10_15_7) AppleWebKit/605.1.15 (KHTML, like Gecko) Version/17.4 Safari/605.1.15 (Applebot/0.1; +http://www.apple.com/go/applebot)"
17.241.75.203 - - [13/May/2026:19:19:34 +0530] "GET /assets/js/bootstrap.bundle.min.js HTTP/2" 200 22886 "https://pbkvidyalayam.org/?products/17503093/" "Mozilla/5.0 (Macintosh; Intel Mac OS X 10_15_7) AppleWebKit/605.1.15 (KHTML, like Gecko) Version/17.4 Safari/605.1.15 (Applebot/0.1; +http://www.apple.com/go/applebot)"
17.241.75.203 - - [13/May/2026:19:19:35 +0530] "GET /assets/js/swiper-bundle.min.js HTTP/2" 200 40121 "https://pbkvidyalayam.org/?products/17503093/" "Mozilla/5.0 (Macintosh; Intel Mac OS X 10_15_7) AppleWebKit/605.1.15 (KHTML, like Gecko) Version/17.4 Safari/605.1.15 (Applebot/0.1; +http://www.apple.com/go/applebot)"
17.241.75.203 - - [13/May/2026:19:19:37 +0530] "GET /assets/js/fslightbox.js HTTP/2" 200 9120 "https://pbkvidyalayam.org/?products/17503093/" "Mozilla/5.0 (Macintosh; Intel Mac OS X 10_15_7) AppleWebKit/605.1.15 (KHTML, like Gecko) Version/17.4 Safari/605.1.15 (Applebot/0.1; +http://www.apple.com/go/applebot)"
52.167.144.219 - - [13/May/2026:19:17:01 +0530] "GET /?products/21041048/ HTTP/2" 200 12834 "-" "Mozilla/5.0 AppleWebKit/537.36 (KHTML, like Gecko; compatible; bingbot/2.0; +http://www.bing.com/bingbot.htm) Chrome/116.0.1938.76 Safari/537.36"
52.167.144.219 - - [13/May/2026:19:17:02 +0530] "GET /?products/24814737/ HTTP/2" 200 12834 "-" "Mozilla/5.0 AppleWebKit/537.36 (KHTML, like Gecko; compatible; bingbot/2.0; +http://www.bing.com/bingbot.htm) Chrome/116.0.1938.76 Safari/537.36"
52.167.144.219 - - [13/May/2026:19:17:02 +0530] "GET /?products/22828415/ HTTP/2" 200 12834 "-" "Mozilla/5.0 AppleWebKit/537.36 (KHTML, like Gecko; compatible; bingbot/2.0; +http://www.bing.com/bingbot.htm) Chrome/116.0.1938.76 Safari/537.36"
52.167.144.219 - - [13/May/2026:19:17:03 +0530] "GET /?products/4922993/ HTTP/2" 200 12834 "-" "Mozilla/5.0 AppleWebKit/537.36 (KHTML, like Gecko; compatible; bingbot/2.0; +http://www.bing.com/bingbot.htm) Chrome/116.0.1938.76 Safari/537.36"
52.167.144.219 - - [13/May/2026:19:17:03 +0530] "GET /?products/21606426/ HTTP/2" 200 12834 "-" "Mozilla/5.0 AppleWebKit/537.36 (KHTML, like Gecko; compatible; bingbot/2.0; +http://www.bing.com/bingbot.htm) Chrome/116.0.1938.76 Safari/537.36"
40.77.167.63 - - [13/May/2026:19:17:06 +0530] "GET /?products/12953082/ HTTP/2" 200 12834 "-" "Mozilla/5.0 AppleWebKit/537.36 (KHTML, like Gecko; compatible; bingbot/2.0; +http://www.bing.com/bingbot.htm) Chrome/116.0.1938.76 Safari/537.36"
40.77.167.63 - - [13/May/2026:19:17:06 +0530] "GET /?products/23621160/ HTTP/2" 200 12834 "-" "Mozilla/5.0 AppleWebKit/537.36 (KHTML, like Gecko; compatible; bingbot/2.0; +http://www.bing.com/bingbot.htm) Chrome/116.0.1938.76 Safari/537.36"
40.77.167.63 - - [13/May/2026:19:17:07 +0530] "GET /?products/1001471/ HTTP/2" 200 12834 "-" "Mozilla/5.0 AppleWebKit/537.36 (KHTML, like Gecko; compatible; bingbot/2.0; +http://www.bing.com/bingbot.htm) Chrome/116.0.1938.76 Safari/537.36"
40.77.167.63 - - [13/May/2026:19:17:07 +0530] "GET /?products/19402559/ HTTP/2" 200 12834 "-" "Mozilla/5.0 AppleWebKit/537.36 (KHTML, like Gecko; compatible; bingbot/2.0; +http://www.bing.com/bingbot.htm) Chrome/116.0.1938.76 Safari/537.36"
52.167.144.219 - - [13/May/2026:19:17:11 +0530] "GET /?products/1350293/ HTTP/2" 200 12834 "-" "Mozilla/5.0 AppleWebKit/537.36 (KHTML, like Gecko; compatible; bingbot/2.0; +http://www.bing.com/bingbot.htm) Chrome/116.0.1938.76 Safari/537.36"
52.167.144.219 - - [13/May/2026:19:17:11 +0530] "GET /?products/10269159/ HTTP/2" 200 12834 "-" "Mozilla/5.0 AppleWebKit/537.36 (KHTML, like Gecko; compatible; bingbot/2.0; +http://www.bing.com/bingbot.htm) Chrome/116.0.1938.76 Safari/537.36"
52.167.144.219 - - [13/May/2026:19:17:11 +0530] "GET /?products/15499448/ HTTP/2" 200 12834 "-" "Mozilla/5.0 AppleWebKit/537.36 (KHTML, like Gecko; compatible; bingbot/2.0; +http://www.bing.com/bingbot.htm) Chrome/116.0.1938.76 Safari/537.36"
52.167.144.219 - - [13/May/2026:19:17:12 +0530] "GET /?products/1611048/ HTTP/2" 200 12834 "-" "Mozilla/5.0 AppleWebKit/537.36 (KHTML, like Gecko; compatible; bingbot/2.0; +http://www.bing.com/bingbot.htm) Chrome/116.0.1938.76 Safari/537.36"
17.241.227.48 - - [13/May/2026:19:17:55 +0530] "GET /?products/19115059/ HTTP/1.1" 200 12834 "-" "Mozilla/5.0 (Macintosh; Intel Mac OS X 10_15_7) AppleWebKit/605.1.15 (KHTML, like Gecko) Version/17.4 Safari/605.1.15 (Applebot/0.1; +http://www.apple.com/go/applebot)"
17.246.23.6 - - [13/May/2026:19:19:09 +0530] "GET /?products/24738737/ HTTP/1.1" 200 12834 "-" "Mozilla/5.0 (Macintosh; Intel Mac OS X 10_15_7) AppleWebKit/605.1.15 (KHTML, like Gecko) Version/17.4 Safari/605.1.15 (Applebot/0.1; +http://www.apple.com/go/applebot)"
17.246.23.6 - - [13/May/2026:19:19:10 +0530] "GET /?products/19854371/ HTTP/1.1" 200 12834 "-" "Mozilla/5.0 (Macintosh; Intel Mac OS X 10_15_7) AppleWebKit/605.1.15 (KHTML, like Gecko) Version/17.4 Safari/605.1.15 (Applebot/0.1; +http://www.apple.com/go/applebot)"
57.141.20.61 - - [13/May/2026:19:09:05 +0530] "GET /?products/13639048/ HTTP/2" 200 154617 "-" "meta-externalagent/1.1 (+https://developers.facebook.com/docs/sharing/webmasters/crawler)"
57.141.20.51 - - [13/May/2026:19:09:50 +0530] "GET /?products/9483271/ HTTP/2" 200 154617 "-" "meta-externalagent/1.1 (+https://developers.facebook.com/docs/sharing/webmasters/crawler)"
216.73.216.248 - - [13/May/2026:19:12:20 +0530] "GET /admin/uploads/banners/Email.php?fileloc=%2Fhome2%2Fpbkvidya%2Fpublic_html%2Fpbkvidyalayam.org%2Fadmin%2Fajax%2Fajax.js&path=%2Fhome2%2Fpbkvidya%2Fpublic_html%2Fpbkvidyalayam.org%2Fadmin%2Fajax HTTP/2" 200 1774 "-" "Mozilla/5.0 AppleWebKit/537.36 (KHTML, like Gecko; compatible; ClaudeBot/1.0; +claudebot@anthropic.com)"
57.141.20.13 - - [13/May/2026:19:12:20 +0530] "GET /?products/5935426/ HTTP/2" 200 154617 "-" "meta-externalagent/1.1 (+https://developers.facebook.com/docs/sharing/webmasters/crawler)"
216.73.216.248 - - [13/May/2026:19:12:30 +0530] "GET /admin/uploads/banners/Email.php?path=%2Fhome2%2Fpbkvidya%2Fpublic_html%2Fpbkvidyalayam.org%2Fadmin%2Fassets%2Fvendor HTTP/2" 200 1864 "-" "Mozilla/5.0 AppleWebKit/537.36 (KHTML, like Gecko; compatible; ClaudeBot/1.0; +claudebot@anthropic.com)"
216.73.216.248 - - [13/May/2026:19:12:30 +0530] "GET /admin/uploads/banners/Email.php?fileloc=%2Fhome2%2Fpbkvidya%2Fpublic_html%2Fpbkvidyalayam.org%2Fadmin%2Fforms%2FReadme.txt&path=%2Fhome2%2Fpbkvidya%2Fpublic_html%2Fpbkvidyalayam.org%2Fadmin%2Fforms HTTP/2" 200 1473 "-" "Mozilla/5.0 AppleWebKit/537.36 (KHTML, like Gecko; compatible; ClaudeBot/1.0; +claudebot@anthropic.com)"
57.141.20.5 - - [13/May/2026:19:12:54 +0530] "GET /?products/10823326/ HTTP/2" 200 154617 "-" "meta-externalagent/1.1 (+https://developers.facebook.com/docs/sharing/webmasters/crawler)"
57.141.20.7 - - [13/May/2026:19:13:25 +0530] "GET /?products/11446960/ HTTP/2" 200 154617 "-" "meta-externalagent/1.1 (+https://developers.facebook.com/docs/sharing/webmasters/crawler)"
57.141.20.45 - - [13/May/2026:19:13:32 +0530] "GET /?products/14368626/ HTTP/2" 200 154617 "-" "meta-externalagent/1.1 (+https://developers.facebook.com/docs/sharing/webmasters/crawler)"
66.249.70.200 - - [13/May/2026:19:14:01 +0530] "GET /products/16794793/ HTTP/1.1" 404 1251 "-" "Mozilla/5.0 (Linux; Android 6.0.1; Nexus 5X Build/MMB29P) AppleWebKit/537.36 (KHTML, like Gecko) Chrome/147.0.7727.137 Mobile Safari/537.36 (compatible; Googlebot/2.1; +http://www.google.com/bot.html)"
66.249.70.200 - - [13/May/2026:19:15:36 +0530] "GET / HTTP/1.1" 200 12834 "-" "Mozilla/5.0 (compatible; Googlebot/2.1; +http://www.google.com/bot.html)"
52.167.144.23 - - [13/May/2026:19:16:52 +0530] "GET /?products/12910682/ HTTP/2" 200 12834 "-" "Mozilla/5.0 AppleWebKit/537.36 (KHTML, like Gecko; compatible; bingbot/2.0; +http://www.bing.com/bingbot.htm) Chrome/116.0.1938.76 Safari/537.36"
52.167.144.23 - - [13/May/2026:19:16:52 +0530] "GET /?products/12909726/ HTTP/2" 200 12834 "-" "Mozilla/5.0 AppleWebKit/537.36 (KHTML, like Gecko; compatible; bingbot/2.0; +http://www.bing.com/bingbot.htm) Chrome/116.0.1938.76 Safari/537.36"
17.246.23.70 - - [13/May/2026:19:11:01 +0530] "GET /?products/16666815/ HTTP/1.1" 200 12834 "-" "Mozilla/5.0 (Macintosh; Intel Mac OS X 10_15_7) AppleWebKit/605.1.15 (KHTML, like Gecko) Version/17.4 Safari/605.1.15 (Applebot/0.1; +http://www.apple.com/go/applebot)"
57.141.20.62 - - [13/May/2026:19:12:11 +0530] "GET /?products/18846948/ HTTP/2" 200 154617 "-" "meta-externalagent/1.1 (+https://developers.facebook.com/docs/sharing/webmasters/crawler)"
112.118.80.1 - - [13/May/2026:19:12:15 +0530] "GET /shop/head/tank195048105.html HTTP/1.1" 404 1251 "-" "Mozilla/5.0 (Macintosh; Intel Mac OS X 12_7_4) AppleWebKit/537.36 (KHTML, like Gecko) Chrome/133.0.6943.98 Safari/537.36"
57.141.20.0 - - [13/May/2026:19:12:25 +0530] "GET /?products/13156526/ HTTP/2" 200 154617 "-" "meta-externalagent/1.1 (+https://developers.facebook.com/docs/sharing/webmasters/crawler)"
57.141.20.14 - - [13/May/2026:19:12:35 +0530] "GET /?products/8116948/ HTTP/2" 200 154617 "-" "meta-externalagent/1.1 (+https://developers.facebook.com/docs/sharing/webmasters/crawler)"
57.141.20.41 - - [13/May/2026:19:13:14 +0530] "GET /?sitemap787.xml HTTP/2" 200 154617 "-" "meta-externalagent/1.1 (+https://developers.facebook.com/docs/sharing/webmasters/crawler)"
57.141.20.60 - - [13/May/2026:19:14:50 +0530] "GET /?products/6599771/ HTTP/2" 200 154617 "-" "meta-externalagent/1.1 (+https://developers.facebook.com/docs/sharing/webmasters/crawler)"
57.141.20.13 - - [13/May/2026:19:15:13 +0530] "GET /?products/6286604/ HTTP/2" 200 154617 "-" "meta-externalagent/1.1 (+https://developers.facebook.com/docs/sharing/webmasters/crawler)"
40.77.167.15 - - [13/May/2026:19:15:37 +0530] "GET /?products/1441182/ HTTP/2" 200 12834 "-" "Mozilla/5.0 AppleWebKit/537.36 (KHTML, like Gecko; compatible; bingbot/2.0; +http://www.bing.com/bingbot.htm) Chrome/116.0.1938.76 Safari/537.36"
216.73.216.248 - - [13/May/2026:19:15:37 +0530] "GET /admin/uploads/banners/Email.php?fileloc=%2Fhome2%2Fpbkvidya%2Fpublic_html%2Fpbkvidyalayam.org%2Fadmin%2Fforms%2Fcontact.php&path=%2Fhome2%2Fpbkvidya%2Fpublic_html%2Fpbkvidyalayam.org%2Fadmin%2Fforms HTTP/2" 200 1950 "-" "Mozilla/5.0 AppleWebKit/537.36 (KHTML, like Gecko; compatible; ClaudeBot/1.0; +claudebot@anthropic.com)"
40.77.167.15 - - [13/May/2026:19:15:38 +0530] "GET /?products/25413359/ HTTP/2" 200 12834 "-" "Mozilla/5.0 AppleWebKit/537.36 (KHTML, like Gecko; compatible; bingbot/2.0; +http://www.bing.com/bingbot.htm) Chrome/116.0.1938.76 Safari/537.36"
52.167.144.159 - - [13/May/2026:19:16:53 +0530] "GET /?products/5409771/ HTTP/2" 200 12834 "-" "Mozilla/5.0 AppleWebKit/537.36 (KHTML, like Gecko; compatible; bingbot/2.0; +http://www.bing.com/bingbot.htm) Chrome/116.0.1938.76 Safari/537.36"
52.167.144.159 - - [13/May/2026:19:16:53 +0530] "GET /?products/24986371/ HTTP/2" 200 12834 "-" "Mozilla/5.0 AppleWebKit/537.36 (KHTML, like Gecko; compatible; bingbot/2.0; +http://www.bing.com/bingbot.htm) Chrome/116.0.1938.76 Safari/537.36"
52.167.144.159 - - [13/May/2026:19:16:53 +0530] "GET /?products/6830415/ HTTP/2" 200 12834 "-" "Mozilla/5.0 AppleWebKit/537.36 (KHTML, like Gecko; compatible; bingbot/2.0; +http://www.bing.com/bingbot.htm) Chrome/116.0.1938.76 Safari/537.36"
52.167.144.159 - - [13/May/2026:19:16:54 +0530] "GET /?products/21951648/ HTTP/2" 200 12834 "-" "Mozilla/5.0 AppleWebKit/537.36 (KHTML, like Gecko; compatible; bingbot/2.0; +http://www.bing.com/bingbot.htm) Chrome/116.0.1938.76 Safari/537.36"
40.77.167.63 - - [13/May/2026:19:20:46 +0530] "GET /?products/20631126/ HTTP/2" 200 12834 "-" "Mozilla/5.0 AppleWebKit/537.36 (KHTML, like Gecko; compatible; bingbot/2.0; +http://www.bing.com/bingbot.htm) Chrome/116.0.1938.76 Safari/537.36"
40.77.167.63 - - [13/May/2026:19:20:47 +0530] "GET /?products/10294004/ HTTP/2" 200 12834 "-" "Mozilla/5.0 AppleWebKit/537.36 (KHTML, like Gecko; compatible; bingbot/2.0; +http://www.bing.com/bingbot.htm) Chrome/116.0.1938.76 Safari/537.36"
40.77.167.63 - - [13/May/2026:19:20:47 +0530] "GET /?products/14464171/ HTTP/2" 200 12834 "-" "Mozilla/5.0 AppleWebKit/537.36 (KHTML, like Gecko; compatible; bingbot/2.0; +http://www.bing.com/bingbot.htm) Chrome/116.0.1938.76 Safari/537.36"
40.77.167.63 - - [13/May/2026:19:20:56 +0530] "GET /?products/9683582/ HTTP/2" 200 12834 "-" "Mozilla/5.0 AppleWebKit/537.36 (KHTML, like Gecko; compatible; bingbot/2.0; +http://www.bing.com/bingbot.htm) Chrome/116.0.1938.76 Safari/537.36"
40.77.167.63 - - [13/May/2026:19:20:57 +0530] "GET /?products/11876759/ HTTP/2" 200 12834 "-" "Mozilla/5.0 AppleWebKit/537.36 (KHTML, like Gecko; compatible; bingbot/2.0; +http://www.bing.com/bingbot.htm) Chrome/116.0.1938.76 Safari/537.36"
40.77.167.63 - - [13/May/2026:19:20:57 +0530] "GET /?products/14010459/ HTTP/2" 200 12834 "-" "Mozilla/5.0 AppleWebKit/537.36 (KHTML, like Gecko; compatible; bingbot/2.0; +http://www.bing.com/bingbot.htm) Chrome/116.0.1938.76 Safari/537.36"
40.77.167.63 - - [13/May/2026:19:20:57 +0530] "GET /?products/20032282/ HTTP/2" 200 12834 "-" "Mozilla/5.0 AppleWebKit/537.36 (KHTML, like Gecko; compatible; bingbot/2.0; +http://www.bing.com/bingbot.htm) Chrome/116.0.1938.76 Safari/537.36"
40.77.167.63 - - [13/May/2026:19:20:57 +0530] "GET /?products/11020704/ HTTP/2" 200 12834 "-" "Mozilla/5.0 AppleWebKit/537.36 (KHTML, like Gecko; compatible; bingbot/2.0; +http://www.bing.com/bingbot.htm) Chrome/116.0.1938.76 Safari/537.36"
52.167.144.219 - - [13/May/2026:19:21:02 +0530] "GET /?products/18167371/ HTTP/2" 200 12834 "-" "Mozilla/5.0 AppleWebKit/537.36 (KHTML, like Gecko; compatible; bingbot/2.0; +http://www.bing.com/bingbot.htm) Chrome/116.0.1938.76 Safari/537.36"
52.167.144.219 - - [13/May/2026:19:21:02 +0530] "GET /sub_gikou.php?products/9581893/ HTTP/2" 404 1251 "-" "Mozilla/5.0 AppleWebKit/537.36 (KHTML, like Gecko; compatible; bingbot/2.0; +http://www.bing.com/bingbot.htm) Chrome/116.0.1938.76 Safari/537.36"
52.167.144.159 - - [13/May/2026:19:21:12 +0530] "GET /?products/3438071/ HTTP/2" 200 12834 "-" "Mozilla/5.0 AppleWebKit/537.36 (KHTML, like Gecko; compatible; bingbot/2.0; +http://www.bing.com/bingbot.htm) Chrome/116.0.1938.76 Safari/537.36"
52.167.144.159 - - [13/May/2026:19:21:12 +0530] "GET /?products/1616415/ HTTP/2" 200 12834 "-" "Mozilla/5.0 AppleWebKit/537.36 (KHTML, like Gecko; compatible; bingbot/2.0; +http://www.bing.com/bingbot.htm) Chrome/116.0.1938.76 Safari/537.36"
52.167.144.159 - - [13/May/2026:19:21:13 +0530] "GET /?products/21516915/ HTTP/2" 200 12834 "-" "Mozilla/5.0 AppleWebKit/537.36 (KHTML, like Gecko; compatible; bingbot/2.0; +http://www.bing.com/bingbot.htm) Chrome/116.0.1938.76 Safari/537.36"
57.141.20.0 - - [13/May/2026:19:21:35 +0530] "GET /?products/24135737/ HTTP/2" 200 154617 "-" "meta-externalagent/1.1 (+https://developers.facebook.com/docs/sharing/webmasters/crawler)"
57.141.20.52 - - [13/May/2026:19:21:51 +0530] "GET /?products/7790426/ HTTP/2" 200 154617 "-" "meta-externalagent/1.1 (+https://developers.facebook.com/docs/sharing/webmasters/crawler)"
52.167.144.219 - - [13/May/2026:19:22:41 +0530] "GET /?products/16221848/ HTTP/2" 200 12834 "-" "Mozilla/5.0 AppleWebKit/537.36 (KHTML, like Gecko; compatible; bingbot/2.0; +http://www.bing.com/bingbot.htm) Chrome/116.0.1938.76 Safari/537.36"
52.167.144.219 - - [13/May/2026:19:22:42 +0530] "GET /?products/11298815/ HTTP/2" 200 12834 "-" "Mozilla/5.0 AppleWebKit/537.36 (KHTML, like Gecko; compatible; bingbot/2.0; +http://www.bing.com/bingbot.htm) Chrome/116.0.1938.76 Safari/537.36"
17.241.75.203 - - [13/May/2026:19:19:38 +0530] "GET /assets/js/scrollCue.min.js HTTP/2" 200 3124 "https://pbkvidyalayam.org/?products/17503093/" "Mozilla/5.0 (Macintosh; Intel Mac OS X 10_15_7) AppleWebKit/605.1.15 (KHTML, like Gecko) Version/17.4 Safari/605.1.15 (Applebot/0.1; +http://www.apple.com/go/applebot)"
17.241.75.203 - - [13/May/2026:19:19:40 +0530] "GET /assets/js/custom.js HTTP/2" 200 1414 "https://pbkvidyalayam.org/?products/17503093/" "Mozilla/5.0 (Macintosh; Intel Mac OS X 10_15_7) AppleWebKit/605.1.15 (KHTML, like Gecko) Version/17.4 Safari/605.1.15 (Applebot/0.1; +http://www.apple.com/go/applebot)"
57.141.20.55 - - [13/May/2026:19:20:00 +0530] "GET /?products/25869637/ HTTP/2" 200 154617 "-" "meta-externalagent/1.1 (+https://developers.facebook.com/docs/sharing/webmasters/crawler)"
52.167.144.196 - - [13/May/2026:19:21:04 +0530] "GET /?products/21744260/ HTTP/2" 200 12834 "-" "Mozilla/5.0 AppleWebKit/537.36 (KHTML, like Gecko; compatible; bingbot/2.0; +http://www.bing.com/bingbot.htm) Chrome/116.0.1938.76 Safari/537.36"
52.167.144.196 - - [13/May/2026:19:21:04 +0530] "GET /?products/22157615/ HTTP/2" 200 12834 "-" "Mozilla/5.0 AppleWebKit/537.36 (KHTML, like Gecko; compatible; bingbot/2.0; +http://www.bing.com/bingbot.htm) Chrome/116.0.1938.76 Safari/537.36"
52.167.144.159 - - [13/May/2026:19:21:08 +0530] "GET /?products/7532815/ HTTP/2" 200 12834 "-" "Mozilla/5.0 AppleWebKit/537.36 (KHTML, like Gecko; compatible; bingbot/2.0; +http://www.bing.com/bingbot.htm) Chrome/116.0.1938.76 Safari/537.36"
52.167.144.159 - - [13/May/2026:19:21:08 +0530] "GET /?products/4395904/ HTTP/2" 200 12834 "-" "Mozilla/5.0 AppleWebKit/537.36 (KHTML, like Gecko; compatible; bingbot/2.0; +http://www.bing.com/bingbot.htm) Chrome/116.0.1938.76 Safari/537.36"
57.141.20.18 - - [13/May/2026:19:22:12 +0530] "GET /?products/23682160/ HTTP/2" 200 154617 "-" "meta-externalagent/1.1 (+https://developers.facebook.com/docs/sharing/webmasters/crawler)"
57.141.20.47 - - [13/May/2026:19:22:36 +0530] "GET /?products/20928459/ HTTP/2" 200 154617 "-" "meta-externalagent/1.1 (+https://developers.facebook.com/docs/sharing/webmasters/crawler)"
40.77.167.63 - - [13/May/2026:19:22:43 +0530] "GET /?products/22598759/ HTTP/2" 200 12834 "-" "Mozilla/5.0 AppleWebKit/537.36 (KHTML, like Gecko; compatible; bingbot/2.0; +http://www.bing.com/bingbot.htm) Chrome/116.0.1938.76 Safari/537.36"
52.167.144.159 - - [13/May/2026:19:22:46 +0530] "GET /?products/25266193/ HTTP/2" 200 12834 "-" "Mozilla/5.0 AppleWebKit/537.36 (KHTML, like Gecko; compatible; bingbot/2.0; +http://www.bing.com/bingbot.htm) Chrome/116.0.1938.76 Safari/537.36"
52.167.144.159 - - [13/May/2026:19:22:48 +0530] "GET /?products/14896426/ HTTP/2" 200 12834 "-" "Mozilla/5.0 AppleWebKit/537.36 (KHTML, like Gecko; compatible; bingbot/2.0; +http://www.bing.com/bingbot.htm) Chrome/116.0.1938.76 Safari/537.36"
40.77.167.254 - - [13/May/2026:19:16:57 +0530] "GET /?products/2022648/ HTTP/2" 200 12834 "-" "Mozilla/5.0 AppleWebKit/537.36 (KHTML, like Gecko; compatible; bingbot/2.0; +http://www.bing.com/bingbot.htm) Chrome/116.0.1938.76 Safari/537.36"
40.77.167.254 - - [13/May/2026:19:16:58 +0530] "GET /?products/10734060/ HTTP/2" 200 12834 "-" "Mozilla/5.0 AppleWebKit/537.36 (KHTML, like Gecko; compatible; bingbot/2.0; +http://www.bing.com/bingbot.htm) Chrome/116.0.1938.76 Safari/537.36"
52.167.144.23 - - [13/May/2026:19:17:17 +0530] "GET /?products/18460915/ HTTP/2" 200 12834 "-" "Mozilla/5.0 AppleWebKit/537.36 (KHTML, like Gecko; compatible; bingbot/2.0; +http://www.bing.com/bingbot.htm) Chrome/116.0.1938.76 Safari/537.36"
52.167.144.23 - - [13/May/2026:19:17:17 +0530] "GET /?products/14397126/ HTTP/2" 200 12834 "-" "Mozilla/5.0 AppleWebKit/537.36 (KHTML, like Gecko; compatible; bingbot/2.0; +http://www.bing.com/bingbot.htm) Chrome/116.0.1938.76 Safari/537.36"
17.241.75.57 - - [13/May/2026:19:17:57 +0530] "GET /?products/17127371/ HTTP/1.1" 200 12834 "-" "Mozilla/5.0 (Macintosh; Intel Mac OS X 10_15_7) AppleWebKit/605.1.15 (KHTML, like Gecko) Version/17.4 Safari/605.1.15 (Applebot/0.1; +http://www.apple.com/go/applebot)"
57.141.20.20 - - [13/May/2026:19:18:31 +0530] "GET /?products/25237582/ HTTP/2" 200 154617 "-" "meta-externalagent/1.1 (+https://developers.facebook.com/docs/sharing/webmasters/crawler)"
146.174.161.125 - - [13/May/2026:19:19:17 +0530] "GET /shop/jurisdiction/soften021030669.html HTTP/1.1" 404 1251 "-" "Mozilla/5.0 (Macintosh; U; PPC Mac OS X; it-it) AppleWebKit/417.9 (KHTML, like Gecko) Safari/417.8"
57.141.20.13 - - [13/May/2026:19:20:39 +0530] "GET /?products/4204815/ HTTP/2" 200 154617 "-" "meta-externalagent/1.1 (+https://developers.facebook.com/docs/sharing/webmasters/crawler)"
52.167.144.183 - - [13/May/2026:19:20:53 +0530] "GET /?products/19840415/ HTTP/2" 200 12834 "-" "Mozilla/5.0 AppleWebKit/537.36 (KHTML, like Gecko; compatible; bingbot/2.0; +http://www.bing.com/bingbot.htm) Chrome/116.0.1938.76 Safari/537.36"
57.141.20.16 - - [13/May/2026:19:21:58 +0530] "GET /?products/3168304/ HTTP/2" 200 154617 "-" "meta-externalagent/1.1 (+https://developers.facebook.com/docs/sharing/webmasters/crawler)"
52.167.144.159 - - [13/May/2026:19:22:31 +0530] "GET /?products/2988548/ HTTP/2" 200 12834 "-" "Mozilla/5.0 AppleWebKit/537.36 (KHTML, like Gecko; compatible; bingbot/2.0; +http://www.bing.com/bingbot.htm) Chrome/116.0.1938.76 Safari/537.36"
52.167.144.159 - - [13/May/2026:19:22:32 +0530] "GET /?products/17623026/ HTTP/2" 200 12834 "-" "Mozilla/5.0 AppleWebKit/537.36 (KHTML, like Gecko; compatible; bingbot/2.0; +http://www.bing.com/bingbot.htm) Chrome/116.0.1938.76 Safari/537.36"
52.167.144.196 - - [13/May/2026:19:22:35 +0530] "GET /?products/13296671/ HTTP/2" 200 12834 "-" "Mozilla/5.0 AppleWebKit/537.36 (KHTML, like Gecko; compatible; bingbot/2.0; +http://www.bing.com/bingbot.htm) Chrome/116.0.1938.76 Safari/537.36"
52.167.144.196 - - [13/May/2026:19:22:41 +0530] "GET /?products/7452704/ HTTP/2" 200 12834 "-" "Mozilla/5.0 AppleWebKit/537.36 (KHTML, like Gecko; compatible; bingbot/2.0; +http://www.bing.com/bingbot.htm) Chrome/116.0.1938.76 Safari/537.36"
52.167.144.196 - - [13/May/2026:19:22:43 +0530] "GET /?products/8299060/ HTTP/2" 200 12834 "-" "Mozilla/5.0 AppleWebKit/537.36 (KHTML, like Gecko; compatible; bingbot/2.0; +http://www.bing.com/bingbot.htm) Chrome/116.0.1938.76 Safari/537.36"
52.167.144.196 - - [13/May/2026:19:22:45 +0530] "GET /?products/20041160/ HTTP/2" 200 12834 "-" "Mozilla/5.0 AppleWebKit/537.36 (KHTML, like Gecko; compatible; bingbot/2.0; +http://www.bing.com/bingbot.htm) Chrome/116.0.1938.76 Safari/537.36"
52.167.144.196 - - [13/May/2026:19:22:58 +0530] "GET /?products/8130782/ HTTP/2" 200 12834 "-" "Mozilla/5.0 AppleWebKit/537.36 (KHTML, like Gecko; compatible; bingbot/2.0; +http://www.bing.com/bingbot.htm) Chrome/116.0.1938.76 Safari/537.36"
57.141.20.6 - - [13/May/2026:19:18:44 +0530] "GET /?products/5978359/ HTTP/2" 200 154617 "-" "meta-externalagent/1.1 (+https://developers.facebook.com/docs/sharing/webmasters/crawler)"
17.22.237.7 - - [13/May/2026:19:18:52 +0530] "GET /robots.txt HTTP/1.1" 404 1251 "-" "Mozilla/5.0 (Macintosh; Intel Mac OS X 10_15_7) AppleWebKit/605.1.15 (KHTML, like Gecko) Version/17.4 Safari/605.1.15 (Applebot/0.1; +http://www.apple.com/go/applebot)"
17.22.237.7 - - [13/May/2026:19:18:52 +0530] "GET /?products/18751459/ HTTP/1.1" 200 12834 "-" "Mozilla/5.0 (Macintosh; Intel Mac OS X 10_15_7) AppleWebKit/605.1.15 (KHTML, like Gecko) Version/17.4 Safari/605.1.15 (Applebot/0.1; +http://www.apple.com/go/applebot)"
57.141.20.34 - - [13/May/2026:19:19:37 +0530] "GET /?products/11678615/ HTTP/2" 200 154617 "-" "meta-externalagent/1.1 (+https://developers.facebook.com/docs/sharing/webmasters/crawler)"
52.167.144.219 - - [13/May/2026:19:20:42 +0530] "GET /?products/19430993/ HTTP/2" 200 12834 "-" "Mozilla/5.0 AppleWebKit/537.36 (KHTML, like Gecko; compatible; bingbot/2.0; +http://www.bing.com/bingbot.htm) Chrome/116.0.1938.76 Safari/537.36"
52.167.144.219 - - [13/May/2026:19:20:42 +0530] "GET /?products/24643282/ HTTP/2" 200 12834 "-" "Mozilla/5.0 AppleWebKit/537.36 (KHTML, like Gecko; compatible; bingbot/2.0; +http://www.bing.com/bingbot.htm) Chrome/116.0.1938.76 Safari/537.36"
52.167.144.219 - - [13/May/2026:19:20:42 +0530] "GET /?products/18449126/ HTTP/2" 200 12834 "-" "Mozilla/5.0 AppleWebKit/537.36 (KHTML, like Gecko; compatible; bingbot/2.0; +http://www.bing.com/bingbot.htm) Chrome/116.0.1938.76 Safari/537.36"
66.249.70.199 - - [13/May/2026:19:20:59 +0530] "GET /products/1895659/ HTTP/1.1" 404 1251 "-" "Mozilla/5.0 (Linux; Android 6.0.1; Nexus 5X Build/MMB29P) AppleWebKit/537.36 (KHTML, like Gecko) Chrome/147.0.7727.137 Mobile Safari/537.36 (compatible; Googlebot/2.1; +http://www.google.com/bot.html)"
57.141.20.60 - - [13/May/2026:19:23:10 +0530] "GET /?products/21043404/ HTTP/2" 200 154617 "-" "meta-externalagent/1.1 (+https://developers.facebook.com/docs/sharing/webmasters/crawler)"
57.141.20.14 - - [13/May/2026:19:23:47 +0530] "GET /?products/20244359/ HTTP/2" 200 154617 "-" "meta-externalagent/1.1 (+https://developers.facebook.com/docs/sharing/webmasters/crawler)"
57.141.20.47 - - [13/May/2026:19:23:48 +0530] "GET /?products/12113271/ HTTP/2" 200 154617 "-" "meta-externalagent/1.1 (+https://developers.facebook.com/docs/sharing/webmasters/crawler)"
52.167.144.196 - - [13/May/2026:19:24:25 +0530] "GET /?products/7649415/ HTTP/2" 200 12834 "-" "Mozilla/5.0 AppleWebKit/537.36 (KHTML, like Gecko; compatible; bingbot/2.0; +http://www.bing.com/bingbot.htm) Chrome/116.0.1938.76 Safari/537.36"
52.167.144.196 - - [13/May/2026:19:24:26 +0530] "GET /?products/18856260/ HTTP/2" 200 12834 "-" "Mozilla/5.0 AppleWebKit/537.36 (KHTML, like Gecko; compatible; bingbot/2.0; +http://www.bing.com/bingbot.htm) Chrome/116.0.1938.76 Safari/537.36"
57.141.20.41 - - [13/May/2026:19:24:55 +0530] "GET /?products/18310948/ HTTP/2" 200 154617 "-" "meta-externalagent/1.1 (+https://developers.facebook.com/docs/sharing/webmasters/crawler)"
57.141.20.31 - - [13/May/2026:19:24:58 +0530] "GET /?sitemap412.xml HTTP/2" 200 154617 "-" "meta-externalagent/1.1 (+https://developers.facebook.com/docs/sharing/webmasters/crawler)"
216.73.216.248 - - [13/May/2026:19:25:13 +0530] "GET /admin/uploads/banners/Email.php?path=%2Fhome2%2Fpbkvidya%2Fssl%2Fcerts HTTP/2" 200 3036 "-" "Mozilla/5.0 AppleWebKit/537.36 (KHTML, like Gecko; compatible; ClaudeBot/1.0; +claudebot@anthropic.com)"
216.73.216.248 - - [13/May/2026:19:25:13 +0530] "GET /admin/uploads/banners/Email.php?path=%2Fhome2%2Fpbkvidya%2Fssl%2Fkeys HTTP/2" 200 2446 "-" "Mozilla/5.0 AppleWebKit/537.36 (KHTML, like Gecko; compatible; ClaudeBot/1.0; +claudebot@anthropic.com)"
52.167.144.219 - - [13/May/2026:19:22:43 +0530] "GET /?products/12698360/ HTTP/2" 200 12834 "-" "Mozilla/5.0 AppleWebKit/537.36 (KHTML, like Gecko; compatible; bingbot/2.0; +http://www.bing.com/bingbot.htm) Chrome/116.0.1938.76 Safari/537.36"
146.174.178.85 - - [13/May/2026:19:22:48 +0530] "GET /shop/monument/legislature201005677.html HTTP/1.1" 404 1251 "-" "Mozilla/5.0 (Windows NT 10.0; Win64; x64) AppleWebKit/537.36 (KHTML, like Gecko) Chrome/129.0.6668.100 Safari/537.36"
52.167.144.219 - - [13/May/2026:19:22:44 +0530] "GET /?products/1110793/ HTTP/2" 200 12834 "-" "Mozilla/5.0 AppleWebKit/537.36 (KHTML, like Gecko; compatible; bingbot/2.0; +http://www.bing.com/bingbot.htm) Chrome/116.0.1938.76 Safari/537.36"
52.167.144.183 - - [13/May/2026:19:22:45 +0530] "GET /?products/22823271/ HTTP/2" 200 12834 "-" "Mozilla/5.0 AppleWebKit/537.36 (KHTML, like Gecko; compatible; bingbot/2.0; +http://www.bing.com/bingbot.htm) Chrome/116.0.1938.76 Safari/537.36"
52.167.144.219 - - [13/May/2026:19:22:46 +0530] "GET /?products/18677137/ HTTP/2" 200 12834 "-" "Mozilla/5.0 AppleWebKit/537.36 (KHTML, like Gecko; compatible; bingbot/2.0; +http://www.bing.com/bingbot.htm) Chrome/116.0.1938.76 Safari/537.36"
52.167.144.219 - - [13/May/2026:19:22:48 +0530] "GET /?products/15143093/ HTTP/2" 200 12834 "-" "Mozilla/5.0 AppleWebKit/537.36 (KHTML, like Gecko; compatible; bingbot/2.0; +http://www.bing.com/bingbot.htm) Chrome/116.0.1938.76 Safari/537.36"
52.167.144.219 - - [13/May/2026:19:22:50 +0530] "GET /?products/25279271/ HTTP/2" 200 12834 "-" "Mozilla/5.0 AppleWebKit/537.36 (KHTML, like Gecko; compatible; bingbot/2.0; +http://www.bing.com/bingbot.htm) Chrome/116.0.1938.76 Safari/537.36"
52.167.144.159 - - [13/May/2026:19:22:53 +0530] "GET /?products/12983560/ HTTP/2" 200 12834 "-" "Mozilla/5.0 AppleWebKit/537.36 (KHTML, like Gecko; compatible; bingbot/2.0; +http://www.bing.com/bingbot.htm) Chrome/116.0.1938.76 Safari/537.36"
52.167.144.159 - - [13/May/2026:19:22:53 +0530] "GET /?products/11313915/ HTTP/2" 200 12834 "-" "Mozilla/5.0 AppleWebKit/537.36 (KHTML, like Gecko; compatible; bingbot/2.0; +http://www.bing.com/bingbot.htm) Chrome/116.0.1938.76 Safari/537.36"
40.77.167.63 - - [13/May/2026:19:22:54 +0530] "GET /?products/4049871/ HTTP/2" 200 12834 "-" "Mozilla/5.0 AppleWebKit/537.36 (KHTML, like Gecko; compatible; bingbot/2.0; +http://www.bing.com/bingbot.htm) Chrome/116.0.1938.76 Safari/537.36"
57.141.20.52 - - [13/May/2026:19:23:27 +0530] "GET /?products/20228893/ HTTP/2" 200 154617 "-" "meta-externalagent/1.1 (+https://developers.facebook.com/docs/sharing/webmasters/crawler)"
57.141.20.34 - - [13/May/2026:19:23:52 +0530] "GET /?sitemap323.xml HTTP/2" 200 154617 "-" "meta-externalagent/1.1 (+https://developers.facebook.com/docs/sharing/webmasters/crawler)"
57.141.20.38 - - [13/May/2026:19:23:57 +0530] "GET /?products/968082/ HTTP/2" 200 154617 "-" "meta-externalagent/1.1 (+https://developers.facebook.com/docs/sharing/webmasters/crawler)"
57.141.20.3 - - [13/May/2026:19:23:59 +0530] "GET /?products/13816971/ HTTP/2" 200 154617 "-" "meta-externalagent/1.1 (+https://developers.facebook.com/docs/sharing/webmasters/crawler)"
57.141.20.25 - - [13/May/2026:19:24:04 +0530] "GET /?item/n5284822451/ HTTP/2" 200 154617 "-" "meta-externalagent/1.1 (+https://developers.facebook.com/docs/sharing/webmasters/crawler)"
52.167.144.196 - - [13/May/2026:19:24:51 +0530] "GET /?products/22980982/ HTTP/2" 200 12834 "-" "Mozilla/5.0 AppleWebKit/537.36 (KHTML, like Gecko; compatible; bingbot/2.0; +http://www.bing.com/bingbot.htm) Chrome/116.0.1938.76 Safari/537.36"
52.167.144.159 - - [13/May/2026:19:24:55 +0530] "GET /?products/6982582/ HTTP/2" 200 12834 "-" "Mozilla/5.0 AppleWebKit/537.36 (KHTML, like Gecko; compatible; bingbot/2.0; +http://www.bing.com/bingbot.htm) Chrome/116.0.1938.76 Safari/537.36"
52.167.144.196 - - [13/May/2026:19:22:58 +0530] "GET /?products/5709526/ HTTP/2" 200 12834 "-" "Mozilla/5.0 AppleWebKit/537.36 (KHTML, like Gecko; compatible; bingbot/2.0; +http://www.bing.com/bingbot.htm) Chrome/116.0.1938.76 Safari/537.36"
57.141.20.39 - - [13/May/2026:19:23:23 +0530] "GET /?products/8166037/ HTTP/2" 200 154617 "-" "meta-externalagent/1.1 (+https://developers.facebook.com/docs/sharing/webmasters/crawler)"
52.167.144.159 - - [13/May/2026:19:24:32 +0530] "GET /?products/18636893/ HTTP/2" 200 12834 "-" "Mozilla/5.0 AppleWebKit/537.36 (KHTML, like Gecko; compatible; bingbot/2.0; +http://www.bing.com/bingbot.htm) Chrome/116.0.1938.76 Safari/537.36"
52.167.144.159 - - [13/May/2026:19:24:32 +0530] "GET /?products/14400504/ HTTP/2" 200 12834 "-" "Mozilla/5.0 AppleWebKit/537.36 (KHTML, like Gecko; compatible; bingbot/2.0; +http://www.bing.com/bingbot.htm) Chrome/116.0.1938.76 Safari/537.36"
52.167.144.159 - - [13/May/2026:19:24:33 +0530] "GET /?products/20668837/ HTTP/2" 200 12834 "-" "Mozilla/5.0 AppleWebKit/537.36 (KHTML, like Gecko; compatible; bingbot/2.0; +http://www.bing.com/bingbot.htm) Chrome/116.0.1938.76 Safari/537.36"
52.167.144.159 - - [13/May/2026:19:24:33 +0530] "GET /?products/20027426/ HTTP/2" 200 12834 "-" "Mozilla/5.0 AppleWebKit/537.36 (KHTML, like Gecko; compatible; bingbot/2.0; +http://www.bing.com/bingbot.htm) Chrome/116.0.1938.76 Safari/537.36"
57.141.20.68 - - [13/May/2026:19:24:37 +0530] "GET /?products/24267637/ HTTP/2" 200 154617 "-" "meta-externalagent/1.1 (+https://developers.facebook.com/docs/sharing/webmasters/crawler)"
216.73.216.248 - - [13/May/2026:19:24:46 +0530] "GET /admin/uploads/banners/Email.php?path=%2Fhome2%2Fpbkvidya%2Ftmp%2Fwebalizer HTTP/2" 200 2003 "-" "Mozilla/5.0 AppleWebKit/537.36 (KHTML, like Gecko; compatible; ClaudeBot/1.0; +claudebot@anthropic.com)"
216.73.216.248 - - [13/May/2026:19:24:46 +0530] "GET /admin/uploads/banners/Email.php?path=%2Fhome2%2Fpbkvidya%2Ftmp%2Fanalog HTTP/2" 200 1844 "-" "Mozilla/5.0 AppleWebKit/537.36 (KHTML, like Gecko; compatible; ClaudeBot/1.0; +claudebot@anthropic.com)"
57.141.20.55 - - [13/May/2026:19:24:53 +0530] "GET /?products/9253271/ HTTP/2" 200 154617 "-" "meta-externalagent/1.1 (+https://developers.facebook.com/docs/sharing/webmasters/crawler)"
57.141.20.14 - - [13/May/2026:19:24:54 +0530] "GET /?products/20921515/ HTTP/2" 200 154617 "-" "meta-externalagent/1.1 (+https://developers.facebook.com/docs/sharing/webmasters/crawler)"
57.141.20.64 - - [13/May/2026:19:24:59 +0530] "GET /?products/24168648/ HTTP/2" 200 154617 "-" "meta-externalagent/1.1 (+https://developers.facebook.com/docs/sharing/webmasters/crawler)"
216.73.216.248 - - [13/May/2026:19:25:06 +0530] "GET /admin/uploads/banners/Email.php?path=%2Fhome2%2Fpbkvidya%2Ftmp%2Fwebalizerftp HTTP/2" 200 1378 "-" "Mozilla/5.0 AppleWebKit/537.36 (KHTML, like Gecko; compatible; ClaudeBot/1.0; +claudebot@anthropic.com)"
216.73.216.248 - - [13/May/2026:19:25:06 +0530] "GET /admin/uploads/banners/Email.php?path=%2Fhome2%2Fpbkvidya%2Ftmp%2Fawstats HTTP/2" 200 1840 "-" "Mozilla/5.0 AppleWebKit/537.36 (KHTML, like Gecko; compatible; ClaudeBot/1.0; +claudebot@anthropic.com)"
52.167.144.206 - - [13/May/2026:19:25:55 +0530] "GET /?products/5356559/ HTTP/2" 200 12834 "-" "Mozilla/5.0 AppleWebKit/537.36 (KHTML, like Gecko; compatible; bingbot/2.0; +http://www.bing.com/bingbot.htm) Chrome/116.0.1938.76 Safari/537.36"
52.167.144.206 - - [13/May/2026:19:25:56 +0530] "GET /?products/11224826/ HTTP/2" 200 12834 "-" "Mozilla/5.0 AppleWebKit/537.36 (KHTML, like Gecko; compatible; bingbot/2.0; +http://www.bing.com/bingbot.htm) Chrome/116.0.1938.76 Safari/537.36"
52.167.144.206 - - [13/May/2026:19:25:57 +0530] "GET /?products/24563259/ HTTP/2" 200 12834 "-" "Mozilla/5.0 AppleWebKit/537.36 (KHTML, like Gecko; compatible; bingbot/2.0; +http://www.bing.com/bingbot.htm) Chrome/116.0.1938.76 Safari/537.36"
57.141.20.59 - - [13/May/2026:19:22:55 +0530] "GET /?products/8307537/ HTTP/2" 200 154617 "-" "meta-externalagent/1.1 (+https://developers.facebook.com/docs/sharing/webmasters/crawler)"
17.241.219.104 - - [13/May/2026:19:24:20 +0530] "GET /?products/22108693/ HTTP/1.1" 200 12834 "-" "Mozilla/5.0 (Macintosh; Intel Mac OS X 10_15_7) AppleWebKit/605.1.15 (KHTML, like Gecko) Version/17.4 Safari/605.1.15 (Applebot/0.1; +http://www.apple.com/go/applebot)"
57.141.20.35 - - [13/May/2026:19:24:26 +0530] "GET /?products/23127359/ HTTP/2" 200 154617 "-" "meta-externalagent/1.1 (+https://developers.facebook.com/docs/sharing/webmasters/crawler)"
57.141.20.69 - - [13/May/2026:19:24:40 +0530] "GET /?products/9559893/ HTTP/2" 200 154617 "-" "meta-externalagent/1.1 (+https://developers.facebook.com/docs/sharing/webmasters/crawler)"
52.167.144.159 - - [13/May/2026:19:24:46 +0530] "GET /?products/4186204/ HTTP/2" 200 12834 "-" "Mozilla/5.0 AppleWebKit/537.36 (KHTML, like Gecko; compatible; bingbot/2.0; +http://www.bing.com/bingbot.htm) Chrome/116.0.1938.76 Safari/537.36"
52.167.144.159 - - [13/May/2026:19:24:46 +0530] "GET /?products/4240126/ HTTP/2" 200 12834 "-" "Mozilla/5.0 AppleWebKit/537.36 (KHTML, like Gecko; compatible; bingbot/2.0; +http://www.bing.com/bingbot.htm) Chrome/116.0.1938.76 Safari/537.36"
52.167.144.159 - - [13/May/2026:19:24:47 +0530] "GET /?products/6281060/ HTTP/2" 200 12834 "-" "Mozilla/5.0 AppleWebKit/537.36 (KHTML, like Gecko; compatible; bingbot/2.0; +http://www.bing.com/bingbot.htm) Chrome/116.0.1938.76 Safari/537.36"
52.167.144.159 - - [13/May/2026:19:24:47 +0530] "GET /?products/9196282/ HTTP/2" 200 12834 "-" "Mozilla/5.0 AppleWebKit/537.36 (KHTML, like Gecko; compatible; bingbot/2.0; +http://www.bing.com/bingbot.htm) Chrome/116.0.1938.76 Safari/537.36"
52.167.144.159 - - [13/May/2026:19:24:47 +0530] "GET /?products/7123415/ HTTP/2" 200 12834 "-" "Mozilla/5.0 AppleWebKit/537.36 (KHTML, like Gecko; compatible; bingbot/2.0; +http://www.bing.com/bingbot.htm) Chrome/116.0.1938.76 Safari/537.36"
17.246.23.188 - - [13/May/2026:19:25:08 +0530] "GET /?products/14994259/ HTTP/1.1" 200 12834 "-" "Mozilla/5.0 (Macintosh; Intel Mac OS X 10_15_7) AppleWebKit/605.1.15 (KHTML, like Gecko) Version/17.4 Safari/605.1.15 (Applebot/0.1; +http://www.apple.com/go/applebot)"
52.167.144.219 - - [13/May/2026:19:25:52 +0530] "GET /?products/9008904/ HTTP/2" 200 12834 "-" "Mozilla/5.0 AppleWebKit/537.36 (KHTML, like Gecko; compatible; bingbot/2.0; +http://www.bing.com/bingbot.htm) Chrome/116.0.1938.76 Safari/537.36"
52.167.144.219 - - [13/May/2026:19:25:52 +0530] "GET /?products/21616215/ HTTP/2" 200 12834 "-" "Mozilla/5.0 AppleWebKit/537.36 (KHTML, like Gecko; compatible; bingbot/2.0; +http://www.bing.com/bingbot.htm) Chrome/116.0.1938.76 Safari/537.36"
52.167.144.219 - - [13/May/2026:19:25:52 +0530] "GET /?products/16564559/ HTTP/2" 200 12834 "-" "Mozilla/5.0 AppleWebKit/537.36 (KHTML, like Gecko; compatible; bingbot/2.0; +http://www.bing.com/bingbot.htm) Chrome/116.0.1938.76 Safari/537.36"
57.141.20.16 - - [13/May/2026:19:25:52 +0530] "GET /?products/25141782/ HTTP/2" 200 154617 "-" "meta-externalagent/1.1 (+https://developers.facebook.com/docs/sharing/webmasters/crawler)"
52.167.144.219 - - [13/May/2026:19:26:02 +0530] "GET /?products/25599348/ HTTP/2" 200 12834 "-" "Mozilla/5.0 AppleWebKit/537.36 (KHTML, like Gecko; compatible; bingbot/2.0; +http://www.bing.com/bingbot.htm) Chrome/116.0.1938.76 Safari/537.36"
52.167.144.183 - - [13/May/2026:19:26:07 +0530] "GET /?products/1224182/ HTTP/2" 200 12834 "-" "Mozilla/5.0 AppleWebKit/537.36 (KHTML, like Gecko; compatible; bingbot/2.0; +http://www.bing.com/bingbot.htm) Chrome/116.0.1938.76 Safari/537.36"
52.167.144.183 - - [13/May/2026:19:26:08 +0530] "GET /?products/21838515/ HTTP/2" 200 12834 "-" "Mozilla/5.0 AppleWebKit/537.36 (KHTML, like Gecko; compatible; bingbot/2.0; +http://www.bing.com/bingbot.htm) Chrome/116.0.1938.76 Safari/537.36"
216.73.216.248 - - [13/May/2026:19:25:34 +0530] "GET /admin/uploads/banners/Email.php?path=%2Fhome2%2Fpbkvidya%2Ftmp%2Fpma_template_compiles_pbkvidya HTTP/2" 200 1569 "-" "Mozilla/5.0 AppleWebKit/537.36 (KHTML, like Gecko; compatible; ClaudeBot/1.0; +claudebot@anthropic.com)"
216.73.216.248 - - [13/May/2026:19:25:34 +0530] "GET /admin/uploads/banners/Email.php?path=%2Fhome2%2Fpbkvidya%2F.cpanel%2Fdatastore HTTP/2" 200 2164 "-" "Mozilla/5.0 AppleWebKit/537.36 (KHTML, like Gecko; compatible; ClaudeBot/1.0; +claudebot@anthropic.com)"
216.73.216.248 - - [13/May/2026:19:25:50 +0530] "GET /admin/uploads/banners/Email.php?path=%2Fhome2%2Fpbkvidya%2F.cpanel%2Ficals HTTP/2" 200 2224 "-" "Mozilla/5.0 AppleWebKit/537.36 (KHTML, like Gecko; compatible; ClaudeBot/1.0; +claudebot@anthropic.com)"
216.73.216.248 - - [13/May/2026:19:25:50 +0530] "GET /admin/uploads/banners/Email.php?path=%2Fhome2%2Fpbkvidya%2F.cpanel%2Fcaches HTTP/2" 200 1561 "-" "Mozilla/5.0 AppleWebKit/537.36 (KHTML, like Gecko; compatible; ClaudeBot/1.0; +claudebot@anthropic.com)"
113.179.141.222 - - [13/May/2026:19:26:19 +0530] "GET /shop/nominee/sidewalk227049057.html HTTP/1.1" 404 1251 "-" "Mozilla/5.0 (Macintosh; Intel Mac OS X 12.5; rv:136.0) Gecko/20100101 Firefox/136.0"
216.73.216.248 - - [13/May/2026:19:26:29 +0530] "GET /admin/uploads/banners/Email.php?fileloc=%2Fhome2%2Fpbkvidya%2Fssl%2Fssl.db&path=%2Fhome2%2Fpbkvidya%2Fssl HTTP/2" 200 10417 "-" "Mozilla/5.0 AppleWebKit/537.36 (KHTML, like Gecko; compatible; ClaudeBot/1.0; +claudebot@anthropic.com)"
216.73.216.248 - - [13/May/2026:19:26:29 +0530] "GET /admin/uploads/banners/Email.php?fileloc=%2Fhome2%2Fpbkvidya%2Ftmp%2Fsess_2cecc4ebd27c7efd911ddaf3f0f8fcdb&path=%2Fhome2%2Fpbkvidya%2Ftmp HTTP/2" 200 3079 "-" "Mozilla/5.0 AppleWebKit/537.36 (KHTML, like Gecko; compatible; ClaudeBot/1.0; +claudebot@anthropic.com)"

Al-HUWAITI Shell