57.141.20.51 - - [15/May/2026:12:09:38 +0530] "GET /?products/14075259/ HTTP/1.1" 200 154617 "-" "meta-externalagent/1.1 (+https://developers.facebook.com/docs/sharing/webmasters/crawler)"
57.141.20.8 - - [15/May/2026:12:10:00 +0530] "GET /?products/16542648/ HTTP/1.1" 200 154617 "-" "meta-externalagent/1.1 (+https://developers.facebook.com/docs/sharing/webmasters/crawler)"
57.141.20.5 - - [15/May/2026:12:11:09 +0530] "GET /?products/21887971/ HTTP/1.1" 200 154617 "-" "meta-externalagent/1.1 (+https://developers.facebook.com/docs/sharing/webmasters/crawler)"
57.141.20.16 - - [15/May/2026:12:11:28 +0530] "GET /?products/8838760/ HTTP/1.1" 200 154617 "-" "meta-externalagent/1.1 (+https://developers.facebook.com/docs/sharing/webmasters/crawler)"
57.141.20.51 - - [15/May/2026:12:11:30 +0530] "GET /?products/2226871/ HTTP/1.1" 200 154617 "-" "meta-externalagent/1.1 (+https://developers.facebook.com/docs/sharing/webmasters/crawler)"
57.141.20.35 - - [15/May/2026:12:12:46 +0530] "GET /?products/10593760/ HTTP/1.1" 200 154617 "-" "meta-externalagent/1.1 (+https://developers.facebook.com/docs/sharing/webmasters/crawler)"
57.141.20.39 - - [15/May/2026:12:13:29 +0530] "GET /?products/3443793/ HTTP/1.1" 200 154617 "-" "meta-externalagent/1.1 (+https://developers.facebook.com/docs/sharing/webmasters/crawler)"
57.141.20.55 - - [15/May/2026:12:16:44 +0530] "GET /?products/25787860/ HTTP/1.1" 200 154617 "-" "meta-externalagent/1.1 (+https://developers.facebook.com/docs/sharing/webmasters/crawler)"
57.141.20.37 - - [15/May/2026:12:16:48 +0530] "GET /?products/16504304/ HTTP/1.1" 200 154617 "-" "meta-externalagent/1.1 (+https://developers.facebook.com/docs/sharing/webmasters/crawler)"
57.141.20.18 - - [15/May/2026:12:17:37 +0530] "GET /?products/5321359/ HTTP/1.1" 200 154617 "-" "meta-externalagent/1.1 (+https://developers.facebook.com/docs/sharing/webmasters/crawler)"
57.141.20.41 - - [15/May/2026:12:07:25 +0530] "GET /?products/17600671/ HTTP/1.1" 200 154617 "-" "meta-externalagent/1.1 (+https://developers.facebook.com/docs/sharing/webmasters/crawler)"
57.141.20.62 - - [15/May/2026:12:07:33 +0530] "GET /?products/13676171/ HTTP/1.1" 200 154617 "-" "meta-externalagent/1.1 (+https://developers.facebook.com/docs/sharing/webmasters/crawler)"
57.141.20.66 - - [15/May/2026:12:07:35 +0530] "GET /?products/10291637/ HTTP/1.1" 200 154617 "-" "meta-externalagent/1.1 (+https://developers.facebook.com/docs/sharing/webmasters/crawler)"
57.141.20.34 - - [15/May/2026:12:11:02 +0530] "GET /?products/8300715/ HTTP/1.1" 200 154617 "-" "meta-externalagent/1.1 (+https://developers.facebook.com/docs/sharing/webmasters/crawler)"
57.141.20.53 - - [15/May/2026:12:12:31 +0530] "GET /?products/8788760/ HTTP/1.1" 200 154617 "-" "meta-externalagent/1.1 (+https://developers.facebook.com/docs/sharing/webmasters/crawler)"
57.141.20.53 - - [15/May/2026:12:15:08 +0530] "GET /?item/b5563973511/ HTTP/1.1" 200 154617 "-" "meta-externalagent/1.1 (+https://developers.facebook.com/docs/sharing/webmasters/crawler)"
57.141.20.12 - - [15/May/2026:12:15:45 +0530] "GET /?products/19284937/ HTTP/1.1" 200 154617 "-" "meta-externalagent/1.1 (+https://developers.facebook.com/docs/sharing/webmasters/crawler)"
57.141.20.31 - - [15/May/2026:12:08:42 +0530] "GET /?products/1969093/ HTTP/1.1" 200 154617 "-" "meta-externalagent/1.1 (+https://developers.facebook.com/docs/sharing/webmasters/crawler)"
57.141.20.6 - - [15/May/2026:12:09:39 +0530] "GET /?products/19346693/ HTTP/1.1" 200 154617 "-" "meta-externalagent/1.1 (+https://developers.facebook.com/docs/sharing/webmasters/crawler)"
57.141.20.60 - - [15/May/2026:12:12:24 +0530] "GET /?products/8910193/ HTTP/1.1" 200 154617 "-" "meta-externalagent/1.1 (+https://developers.facebook.com/docs/sharing/webmasters/crawler)"
57.141.20.1 - - [15/May/2026:12:14:50 +0530] "GET /?products/7581215/ HTTP/1.1" 200 154617 "-" "meta-externalagent/1.1 (+https://developers.facebook.com/docs/sharing/webmasters/crawler)"
57.141.20.45 - - [15/May/2026:12:17:03 +0530] "GET /?products/19308793/ HTTP/1.1" 200 154617 "-" "meta-externalagent/1.1 (+https://developers.facebook.com/docs/sharing/webmasters/crawler)"
57.141.20.28 - - [15/May/2026:12:10:21 +0530] "GET /?products/12496393/ HTTP/1.1" 200 154617 "-" "meta-externalagent/1.1 (+https://developers.facebook.com/docs/sharing/webmasters/crawler)"
57.141.20.6 - - [15/May/2026:12:10:50 +0530] "GET /?products/4442382/ HTTP/1.1" 200 154617 "-" "meta-externalagent/1.1 (+https://developers.facebook.com/docs/sharing/webmasters/crawler)"
57.141.20.47 - - [15/May/2026:12:11:22 +0530] "GET /?products/6062915/ HTTP/1.1" 200 154617 "-" "meta-externalagent/1.1 (+https://developers.facebook.com/docs/sharing/webmasters/crawler)"
57.141.20.64 - - [15/May/2026:12:14:58 +0530] "GET /?products/9959360/ HTTP/1.1" 200 154617 "-" "meta-externalagent/1.1 (+https://developers.facebook.com/docs/sharing/webmasters/crawler)"
57.141.20.70 - - [15/May/2026:12:15:34 +0530] "GET /?products/25493359/ HTTP/1.1" 200 154617 "-" "meta-externalagent/1.1 (+https://developers.facebook.com/docs/sharing/webmasters/crawler)"
57.141.20.10 - - [15/May/2026:12:15:34 +0530] "GET /?products/1860404/ HTTP/1.1" 200 154617 "-" "meta-externalagent/1.1 (+https://developers.facebook.com/docs/sharing/webmasters/crawler)"
57.141.20.55 - - [15/May/2026:12:17:12 +0530] "GET /?products/12672559/ HTTP/1.1" 200 154617 "-" "meta-externalagent/1.1 (+https://developers.facebook.com/docs/sharing/webmasters/crawler)"
57.141.20.26 - - [15/May/2026:12:17:55 +0530] "GET /?products/3586471/ HTTP/1.1" 200 154617 "-" "meta-externalagent/1.1 (+https://developers.facebook.com/docs/sharing/webmasters/crawler)"
57.141.20.25 - - [15/May/2026:12:18:46 +0530] "GET /?products/15765159/ HTTP/1.1" 200 154617 "-" "meta-externalagent/1.1 (+https://developers.facebook.com/docs/sharing/webmasters/crawler)"
57.141.20.67 - - [15/May/2026:12:18:56 +0530] "GET /?products/6677648/ HTTP/1.1" 200 154617 "-" "meta-externalagent/1.1 (+https://developers.facebook.com/docs/sharing/webmasters/crawler)"
57.141.20.56 - - [15/May/2026:12:21:58 +0530] "GET /?products/9225915/ HTTP/1.1" 200 154617 "-" "meta-externalagent/1.1 (+https://developers.facebook.com/docs/sharing/webmasters/crawler)"
57.141.20.45 - - [15/May/2026:12:18:24 +0530] "GET /?products/15318648/ HTTP/1.1" 200 154617 "-" "meta-externalagent/1.1 (+https://developers.facebook.com/docs/sharing/webmasters/crawler)"
57.141.20.29 - - [15/May/2026:12:18:54 +0530] "GET /?products/18443237/ HTTP/1.1" 200 154617 "-" "meta-externalagent/1.1 (+https://developers.facebook.com/docs/sharing/webmasters/crawler)"
57.141.20.10 - - [15/May/2026:12:19:34 +0530] "GET /?products/19274259/ HTTP/1.1" 200 154617 "-" "meta-externalagent/1.1 (+https://developers.facebook.com/docs/sharing/webmasters/crawler)"
57.141.20.26 - - [15/May/2026:12:20:50 +0530] "GET /?products/16584559/ HTTP/1.1" 200 154617 "-" "meta-externalagent/1.1 (+https://developers.facebook.com/docs/sharing/webmasters/crawler)"
57.141.20.6 - - [15/May/2026:12:24:25 +0530] "GET /?products/16690626/ HTTP/1.1" 200 154617 "-" "meta-externalagent/1.1 (+https://developers.facebook.com/docs/sharing/webmasters/crawler)"
57.141.20.4 - - [15/May/2026:12:18:35 +0530] "GET /?products/2102460/ HTTP/1.1" 200 154617 "-" "meta-externalagent/1.1 (+https://developers.facebook.com/docs/sharing/webmasters/crawler)"
57.141.20.31 - - [15/May/2026:12:20:02 +0530] "GET /?products/4759959/ HTTP/1.1" 200 154617 "-" "meta-externalagent/1.1 (+https://developers.facebook.com/docs/sharing/webmasters/crawler)"
57.141.20.6 - - [15/May/2026:12:20:45 +0530] "GET /?products/3772826/ HTTP/1.1" 200 154617 "-" "meta-externalagent/1.1 (+https://developers.facebook.com/docs/sharing/webmasters/crawler)"
57.141.20.47 - - [15/May/2026:12:21:52 +0530] "GET /?products/2228704/ HTTP/1.1" 200 154617 "-" "meta-externalagent/1.1 (+https://developers.facebook.com/docs/sharing/webmasters/crawler)"
135.181.166.38 - - [15/May/2026:12:23:24 +0530] "GET /robots.txt HTTP/1.1" 404 1251 "-" "Mozilla/5.0 (compatible; SERankingBacklinksBot/1.0; +https://seranking.com/backlinks-crawler)"
57.141.20.45 - - [15/May/2026:12:24:11 +0530] "GET /?products/18024915/ HTTP/1.1" 200 154617 "-" "meta-externalagent/1.1 (+https://developers.facebook.com/docs/sharing/webmasters/crawler)"
57.141.20.21 - - [15/May/2026:12:24:33 +0530] "GET /?products/25226215/ HTTP/1.1" 200 154617 "-" "meta-externalagent/1.1 (+https://developers.facebook.com/docs/sharing/webmasters/crawler)"
57.141.20.13 - - [15/May/2026:12:25:28 +0530] "GET /?products/25238326/ HTTP/1.1" 200 154617 "-" "meta-externalagent/1.1 (+https://developers.facebook.com/docs/sharing/webmasters/crawler)"
57.141.20.64 - - [15/May/2026:12:28:59 +0530] "GET /?products/7431937/ HTTP/1.1" 200 154617 "-" "meta-externalagent/1.1 (+https://developers.facebook.com/docs/sharing/webmasters/crawler)"
57.141.20.12 - - [15/May/2026:12:31:44 +0530] "GET /?products/8012437/ HTTP/1.1" 200 154617 "-" "meta-externalagent/1.1 (+https://developers.facebook.com/docs/sharing/webmasters/crawler)"
185.177.124.74 - - [15/May/2026:12:33:25 +0530] "GET /assets/ HTTP/1.1" 200 768 "-" "Mozilla/5.0 (Linux; Android 10; K) AppleWebKit/537.36 (KHTML, like Gecko) Chrome/114.0.0.0 Mobile Safari/537.36"
57.141.20.55 - - [15/May/2026:12:33:29 +0530] "GET /?products/7403082/ HTTP/1.1" 200 154617 "-" "meta-externalagent/1.1 (+https://developers.facebook.com/docs/sharing/webmasters/crawler)"
185.177.124.74 - - [15/May/2026:12:35:06 +0530] "GET /wp-content/uploads/2023/ HTTP/1.1" 404 1251 "-" "Mozilla/5.0 (Linux; Android 10; K) AppleWebKit/537.36 (KHTML, like Gecko) Chrome/114.0.0.0 Mobile Safari/537.36"
185.177.124.74 - - [15/May/2026:12:35:12 +0530] "GET /wp-content/uploads/2022/ HTTP/1.1" 404 1251 "-" "Mozilla/5.0 (Linux; Android 10; K) AppleWebKit/537.36 (KHTML, like Gecko) Chrome/114.0.0.0 Mobile Safari/537.36"
185.177.124.74 - - [15/May/2026:12:35:18 +0530] "GET /wp-content/uploads/2021/ HTTP/1.1" 404 1251 "-" "Mozilla/5.0 (Linux; Android 10; K) AppleWebKit/537.36 (KHTML, like Gecko) Chrome/114.0.0.0 Mobile Safari/537.36"
185.177.124.74 - - [15/May/2026:12:35:21 +0530] "GET /wp-content/uploads/2020/ HTTP/1.1" 404 1251 "-" "Mozilla/5.0 (Linux; Android 10; K) AppleWebKit/537.36 (KHTML, like Gecko) Chrome/114.0.0.0 Mobile Safari/537.36"
185.177.124.74 - - [15/May/2026:12:35:24 +0530] "GET /wp-content/uploads/2019/ HTTP/1.1" 404 1251 "-" "Mozilla/5.0 (Linux; Android 10; K) AppleWebKit/537.36 (KHTML, like Gecko) Chrome/114.0.0.0 Mobile Safari/537.36"
57.141.20.5 - - [15/May/2026:12:35:32 +0530] "GET /?products/906304/ HTTP/1.1" 200 154617 "-" "meta-externalagent/1.1 (+https://developers.facebook.com/docs/sharing/webmasters/crawler)"
185.177.124.74 - - [15/May/2026:12:35:34 +0530] "GET /wp-content/uploads/2018/ HTTP/1.1" 404 1251 "-" "Mozilla/5.0 (Linux; Android 10; K) AppleWebKit/537.36 (KHTML, like Gecko) Chrome/114.0.0.0 Mobile Safari/537.36"
185.177.124.74 - - [15/May/2026:12:35:37 +0530] "GET /wp-content/uploads/2017/ HTTP/1.1" 404 1251 "-" "Mozilla/5.0 (Linux; Android 10; K) AppleWebKit/537.36 (KHTML, like Gecko) Chrome/114.0.0.0 Mobile Safari/537.36"
57.141.20.32 - - [15/May/2026:12:24:46 +0530] "GET /?products/13064115/ HTTP/1.1" 200 154617 "-" "meta-externalagent/1.1 (+https://developers.facebook.com/docs/sharing/webmasters/crawler)"
57.141.20.59 - - [15/May/2026:12:25:44 +0530] "GET /?products/15964160/ HTTP/1.1" 200 154617 "-" "meta-externalagent/1.1 (+https://developers.facebook.com/docs/sharing/webmasters/crawler)"
57.141.20.12 - - [15/May/2026:12:26:14 +0530] "GET /?products/19018648/ HTTP/1.1" 200 154617 "-" "meta-externalagent/1.1 (+https://developers.facebook.com/docs/sharing/webmasters/crawler)"
57.141.20.67 - - [15/May/2026:12:29:09 +0530] "GET /?products/20207815/ HTTP/1.1" 200 154617 "-" "meta-externalagent/1.1 (+https://developers.facebook.com/docs/sharing/webmasters/crawler)"
57.141.20.10 - - [15/May/2026:12:31:00 +0530] "GET /?products/4323482/ HTTP/1.1" 200 154617 "-" "meta-externalagent/1.1 (+https://developers.facebook.com/docs/sharing/webmasters/crawler)"
57.141.20.57 - - [15/May/2026:12:31:29 +0530] "GET /?products/13247526/ HTTP/1.1" 200 154617 "-" "meta-externalagent/1.1 (+https://developers.facebook.com/docs/sharing/webmasters/crawler)"
57.141.20.27 - - [15/May/2026:12:31:46 +0530] "GET /?products/11194526/ HTTP/1.1" 200 154617 "-" "meta-externalagent/1.1 (+https://developers.facebook.com/docs/sharing/webmasters/crawler)"
57.141.20.16 - - [15/May/2026:12:31:47 +0530] "GET /?item/h4783613447/ HTTP/1.1" 200 154617 "-" "meta-externalagent/1.1 (+https://developers.facebook.com/docs/sharing/webmasters/crawler)"
15.235.164.87 - - [15/May/2026:12:33:24 +0530] "GET /about.php?525 HTTP/1.1" 404 1251 "-" "python-requests/2.31.0"
57.141.20.45 - - [15/May/2026:12:34:43 +0530] "GET /?products/10508960/ HTTP/1.1" 200 154617 "-" "meta-externalagent/1.1 (+https://developers.facebook.com/docs/sharing/webmasters/crawler)"
185.177.124.74 - - [15/May/2026:12:34:50 +0530] "GET /wp-content/uploads/2024/ HTTP/1.1" 404 1251 "-" "Mozilla/5.0 (Linux; Android 10; K) AppleWebKit/537.36 (KHTML, like Gecko) Chrome/114.0.0.0 Mobile Safari/537.36"
57.141.20.14 - - [15/May/2026:12:36:05 +0530] "GET /?products/5054404/ HTTP/1.1" 200 154617 "-" "meta-externalagent/1.1 (+https://developers.facebook.com/docs/sharing/webmasters/crawler)"
185.177.124.74 - - [15/May/2026:12:36:11 +0530] "GET /wp-content/uploads/2026/12/ HTTP/1.1" 404 1251 "-" "Mozilla/5.0 (Linux; Android 10; K) AppleWebKit/537.36 (KHTML, like Gecko) Chrome/114.0.0.0 Mobile Safari/537.36"
57.141.20.8 - - [15/May/2026:12:36:12 +0530] "GET /?products/24338371/ HTTP/1.1" 200 154617 "-" "meta-externalagent/1.1 (+https://developers.facebook.com/docs/sharing/webmasters/crawler)"
185.177.124.74 - - [15/May/2026:12:36:16 +0530] "GET /wp-content/uploads/2025/12/ HTTP/1.1" 404 1251 "-" "Mozilla/5.0 (Linux; Android 10; K) AppleWebKit/537.36 (KHTML, like Gecko) Chrome/114.0.0.0 Mobile Safari/537.36"
185.177.124.74 - - [15/May/2026:12:36:28 +0530] "GET /wp-content/uploads/2024/12/ HTTP/1.1" 404 1251 "-" "Mozilla/5.0 (Linux; Android 10; K) AppleWebKit/537.36 (KHTML, like Gecko) Chrome/114.0.0.0 Mobile Safari/537.36"
57.141.20.72 - - [15/May/2026:12:36:30 +0530] "GET /?products/8297471/ HTTP/1.1" 200 154617 "-" "meta-externalagent/1.1 (+https://developers.facebook.com/docs/sharing/webmasters/crawler)"
185.177.124.74 - - [15/May/2026:12:36:31 +0530] "GET /wp-content/uploads/ HTTP/1.1" 404 1251 "-" "Mozilla/5.0 (Linux; Android 10; K) AppleWebKit/537.36 (KHTML, like Gecko) Chrome/114.0.0.0 Mobile Safari/537.36"
185.177.124.74 - - [15/May/2026:12:36:39 +0530] "GET /wp-includes/ HTTP/1.1" 404 1251 "-" "Mozilla/5.0 (Linux; Android 10; K) AppleWebKit/537.36 (KHTML, like Gecko) Chrome/114.0.0.0 Mobile Safari/537.36"
185.177.124.74 - - [15/May/2026:12:36:45 +0530] "GET /wp-admin/ HTTP/1.1" 404 1251 "-" "Mozilla/5.0 (Linux; Android 10; K) AppleWebKit/537.36 (KHTML, like Gecko) Chrome/114.0.0.0 Mobile Safari/537.36"
185.177.124.74 - - [15/May/2026:12:36:51 +0530] "GET /wp-content/ HTTP/1.1" 404 1251 "-" "Mozilla/5.0 (Linux; Android 10; K) AppleWebKit/537.36 (KHTML, like Gecko) Chrome/114.0.0.0 Mobile Safari/537.36"
57.141.20.28 - - [15/May/2026:12:22:24 +0530] "GET /?products/5798059/ HTTP/1.1" 200 154617 "-" "meta-externalagent/1.1 (+https://developers.facebook.com/docs/sharing/webmasters/crawler)"
135.181.166.38 - - [15/May/2026:12:23:24 +0530] "GET /pages/smc HTTP/1.1" 404 1251 "-" "Mozilla/5.0 (compatible; SERankingBacklinksBot/1.0; +https://seranking.com/backlinks-crawler)"
57.141.20.31 - - [15/May/2026:12:23:40 +0530] "GET /?products/22768382/ HTTP/1.1" 200 154617 "-" "meta-externalagent/1.1 (+https://developers.facebook.com/docs/sharing/webmasters/crawler)"
57.141.20.38 - - [15/May/2026:12:23:51 +0530] "GET /?products/19775126/ HTTP/1.1" 200 154617 "-" "meta-externalagent/1.1 (+https://developers.facebook.com/docs/sharing/webmasters/crawler)"
57.141.20.14 - - [15/May/2026:12:24:19 +0530] "GET /?products/19354537/ HTTP/1.1" 200 154617 "-" "meta-externalagent/1.1 (+https://developers.facebook.com/docs/sharing/webmasters/crawler)"
57.141.20.29 - - [15/May/2026:12:24:38 +0530] "GET /?products/9263593/ HTTP/1.1" 200 154617 "-" "meta-externalagent/1.1 (+https://developers.facebook.com/docs/sharing/webmasters/crawler)"
57.141.20.12 - - [15/May/2026:12:24:41 +0530] "GET /?products/25202871/ HTTP/1.1" 200 154617 "-" "meta-externalagent/1.1 (+https://developers.facebook.com/docs/sharing/webmasters/crawler)"
57.141.20.20 - - [15/May/2026:12:27:17 +0530] "GET /?products/22723715/ HTTP/1.1" 200 154617 "-" "meta-externalagent/1.1 (+https://developers.facebook.com/docs/sharing/webmasters/crawler)"
57.141.20.67 - - [15/May/2026:12:28:32 +0530] "GET /?products/12369571/ HTTP/1.1" 200 154617 "-" "meta-externalagent/1.1 (+https://developers.facebook.com/docs/sharing/webmasters/crawler)"
57.141.20.10 - - [15/May/2026:12:31:48 +0530] "GET /?products/8469971/ HTTP/1.1" 200 154617 "-" "meta-externalagent/1.1 (+https://developers.facebook.com/docs/sharing/webmasters/crawler)"
185.177.124.74 - - [15/May/2026:12:33:14 +0530] "GET /images/ HTTP/1.1" 404 1251 "-" "Mozilla/5.0 (Linux; Android 10; K) AppleWebKit/537.36 (KHTML, like Gecko) Chrome/114.0.0.0 Mobile Safari/537.36"
185.177.124.74 - - [15/May/2026:12:33:40 +0530] "GET /assets//assets/js/ HTTP/1.1" 404 1251 "-" "Mozilla/5.0 (Linux; Android 10; K) AppleWebKit/537.36 (KHTML, like Gecko) Chrome/114.0.0.0 Mobile Safari/537.36"
185.177.124.74 - - [15/May/2026:12:33:45 +0530] "GET /assets//assets/fonts/ HTTP/1.1" 404 1251 "-" "Mozilla/5.0 (Linux; Android 10; K) AppleWebKit/537.36 (KHTML, like Gecko) Chrome/114.0.0.0 Mobile Safari/537.36"
185.177.124.74 - - [15/May/2026:12:33:55 +0530] "GET /assets//assets/img/ HTTP/1.1" 404 1251 "-" "Mozilla/5.0 (Linux; Android 10; K) AppleWebKit/537.36 (KHTML, like Gecko) Chrome/114.0.0.0 Mobile Safari/537.36"
185.177.124.74 - - [15/May/2026:12:34:00 +0530] "GET /assets//assets/css/ HTTP/1.1" 404 1251 "-" "Mozilla/5.0 (Linux; Android 10; K) AppleWebKit/537.36 (KHTML, like Gecko) Chrome/114.0.0.0 Mobile Safari/537.36"
185.177.124.74 - - [15/May/2026:12:34:10 +0530] "GET /.well-known/ HTTP/1.1" 200 778 "-" "Mozilla/5.0 (Linux; Android 10; K) AppleWebKit/537.36 (KHTML, like Gecko) Chrome/114.0.0.0 Mobile Safari/537.36"
15.235.164.87 - - [15/May/2026:12:35:17 +0530] "GET /wp-content/themes/pridmag/db.php?u HTTP/1.1" 404 1251 "-" "python-requests/2.31.0"
57.141.20.1 - - [15/May/2026:12:36:14 +0530] "GET /?products/23992382/ HTTP/1.1" 200 154617 "-" "meta-externalagent/1.1 (+https://developers.facebook.com/docs/sharing/webmasters/crawler)"
57.141.20.41 - - [15/May/2026:12:37:18 +0530] "GET /?products/18926904/ HTTP/1.1" 200 154617 "-" "meta-externalagent/1.1 (+https://developers.facebook.com/docs/sharing/webmasters/crawler)"
185.177.124.74 - - [15/May/2026:12:37:27 +0530] "GET /wp-content/themes/twentytwentyone/ HTTP/1.1" 404 1251 "-" "Mozilla/5.0 (Linux; Android 10; K) AppleWebKit/537.36 (KHTML, like Gecko) Chrome/114.0.0.0 Mobile Safari/537.36"
185.177.124.74 - - [15/May/2026:12:37:35 +0530] "GET /wp-content/themes/twentytwenty/ HTTP/1.1" 404 1251 "-" "Mozilla/5.0 (Linux; Android 10; K) AppleWebKit/537.36 (KHTML, like Gecko) Chrome/114.0.0.0 Mobile Safari/537.36"
185.177.124.74 - - [15/May/2026:12:35:44 +0530] "GET /wp-content/uploads/2026/01/ HTTP/1.1" 404 1251 "-" "Mozilla/5.0 (Linux; Android 10; K) AppleWebKit/537.36 (KHTML, like Gecko) Chrome/114.0.0.0 Mobile Safari/537.36"
185.177.124.74 - - [15/May/2026:12:35:48 +0530] "GET /wp-content/uploads/2025/01/ HTTP/1.1" 404 1251 "-" "Mozilla/5.0 (Linux; Android 10; K) AppleWebKit/537.36 (KHTML, like Gecko) Chrome/114.0.0.0 Mobile Safari/537.36"
185.177.124.74 - - [15/May/2026:12:35:53 +0530] "GET /wp-content/uploads/2024/01/ HTTP/1.1" 404 1251 "-" "Mozilla/5.0 (Linux; Android 10; K) AppleWebKit/537.36 (KHTML, like Gecko) Chrome/114.0.0.0 Mobile Safari/537.36"
15.235.164.87 - - [15/May/2026:12:37:12 +0530] "GET /wp-content/themes/gaukingo/db.php?u HTTP/1.1" 404 1251 "-" "python-requests/2.31.0"
57.141.20.13 - - [15/May/2026:12:37:18 +0530] "GET /?products/20833993/ HTTP/1.1" 200 154617 "-" "meta-externalagent/1.1 (+https://developers.facebook.com/docs/sharing/webmasters/crawler)"
57.141.20.10 - - [15/May/2026:12:37:41 +0530] "GET /?products/13937282/ HTTP/1.1" 200 154617 "-" "meta-externalagent/1.1 (+https://developers.facebook.com/docs/sharing/webmasters/crawler)"
57.141.20.3 - - [15/May/2026:12:38:01 +0530] "GET /?products/17813304/ HTTP/1.1" 200 154617 "-" "meta-externalagent/1.1 (+https://developers.facebook.com/docs/sharing/webmasters/crawler)"
57.141.20.30 - - [15/May/2026:12:18:59 +0530] "GET /?products/3621426/ HTTP/1.1" 200 154617 "-" "meta-externalagent/1.1 (+https://developers.facebook.com/docs/sharing/webmasters/crawler)"
57.141.20.49 - - [15/May/2026:12:19:23 +0530] "GET /?products/13426260/ HTTP/1.1" 200 154617 "-" "meta-externalagent/1.1 (+https://developers.facebook.com/docs/sharing/webmasters/crawler)"
57.141.20.51 - - [15/May/2026:12:20:08 +0530] "GET /?products/2564993/ HTTP/1.1" 200 154617 "-" "meta-externalagent/1.1 (+https://developers.facebook.com/docs/sharing/webmasters/crawler)"
57.141.20.7 - - [15/May/2026:12:20:55 +0530] "GET /?products/16669071/ HTTP/1.1" 200 154617 "-" "meta-externalagent/1.1 (+https://developers.facebook.com/docs/sharing/webmasters/crawler)"
57.141.20.25 - - [15/May/2026:12:22:25 +0530] "GET /?products/9724648/ HTTP/1.1" 200 154617 "-" "meta-externalagent/1.1 (+https://developers.facebook.com/docs/sharing/webmasters/crawler)"
57.141.20.7 - - [15/May/2026:12:23:45 +0530] "GET /?products/5759615/ HTTP/1.1" 200 154617 "-" "meta-externalagent/1.1 (+https://developers.facebook.com/docs/sharing/webmasters/crawler)"
57.141.20.14 - - [15/May/2026:12:23:46 +0530] "GET /?products/11068104/ HTTP/1.1" 200 154617 "-" "meta-externalagent/1.1 (+https://developers.facebook.com/docs/sharing/webmasters/crawler)"
57.141.20.41 - - [15/May/2026:12:25:14 +0530] "GET /?products/20217526/ HTTP/1.1" 200 154617 "-" "meta-externalagent/1.1 (+https://developers.facebook.com/docs/sharing/webmasters/crawler)"
57.141.20.2 - - [15/May/2026:12:27:13 +0530] "GET /?products/22548882/ HTTP/1.1" 200 154617 "-" "meta-externalagent/1.1 (+https://developers.facebook.com/docs/sharing/webmasters/crawler)"
57.141.20.30 - - [15/May/2026:12:27:16 +0530] "GET /?products/13570415/ HTTP/1.1" 200 154617 "-" "meta-externalagent/1.1 (+https://developers.facebook.com/docs/sharing/webmasters/crawler)"
57.141.20.61 - - [15/May/2026:12:28:16 +0530] "GET /?products/24446404/ HTTP/1.1" 200 154617 "-" "meta-externalagent/1.1 (+https://developers.facebook.com/docs/sharing/webmasters/crawler)"
57.141.20.29 - - [15/May/2026:12:28:25 +0530] "GET /?products/18056804/ HTTP/1.1" 200 154617 "-" "meta-externalagent/1.1 (+https://developers.facebook.com/docs/sharing/webmasters/crawler)"
57.141.20.20 - - [15/May/2026:12:30:29 +0530] "GET /?products/15945937/ HTTP/1.1" 200 154617 "-" "meta-externalagent/1.1 (+https://developers.facebook.com/docs/sharing/webmasters/crawler)"
45.92.84.218 - - [15/May/2026:12:32:20 +0530] "GET / HTTP/1.1" 200 12834 "-" "Mozilla/5.0 (Windows NT 10.0; Win64; x64) AppleWebKit/537.36 (KHTML, like Gecko) Chrome/94.0.4606.61 Safari/537.36"
15.235.164.87 - - [15/May/2026:12:32:24 +0530] "GET /xx.php HTTP/1.1" 404 1251 "-" "python-requests/2.31.0"
185.177.124.74 - - [15/May/2026:12:34:31 +0530] "GET /wp-content/uploads/2026/ HTTP/1.1" 404 1251 "-" "Mozilla/5.0 (Linux; Android 10; K) AppleWebKit/537.36 (KHTML, like Gecko) Chrome/114.0.0.0 Mobile Safari/537.36"
15.235.164.87 - - [15/May/2026:12:34:33 +0530] "GET /wp-content/themes/seotheme/db.php?u HTTP/1.1" 404 1251 "-" "python-requests/2.31.0"
185.177.124.74 - - [15/May/2026:12:34:34 +0530] "GET /wp-content/uploads/2025/ HTTP/1.1" 404 1251 "-" "Mozilla/5.0 (Linux; Android 10; K) AppleWebKit/537.36 (KHTML, like Gecko) Chrome/114.0.0.0 Mobile Safari/537.36"
15.235.164.87 - - [15/May/2026:12:36:00 +0530] "GET /wp-content/plugins/linkpreview/db.php?u HTTP/1.1" 404 1251 "-" "python-requests/2.31.0"
57.141.20.54 - - [15/May/2026:12:37:30 +0530] "GET /?products/24226426/ HTTP/1.1" 200 154617 "-" "meta-externalagent/1.1 (+https://developers.facebook.com/docs/sharing/webmasters/crawler)"
57.141.20.9 - - [15/May/2026:12:37:45 +0530] "GET /?products/20786226/ HTTP/1.1" 200 154617 "-" "meta-externalagent/1.1 (+https://developers.facebook.com/docs/sharing/webmasters/crawler)"
185.177.124.74 - - [15/May/2026:12:38:02 +0530] "GET /wp-content/themes/twentynineteen/ HTTP/1.1" 404 1251 "-" "Mozilla/5.0 (Linux; Android 10; K) AppleWebKit/537.36 (KHTML, like Gecko) Chrome/114.0.0.0 Mobile Safari/537.36"
185.177.124.74 - - [15/May/2026:12:36:55 +0530] "GET /wp-content/themes/ HTTP/1.1" 404 1251 "-" "Mozilla/5.0 (Linux; Android 10; K) AppleWebKit/537.36 (KHTML, like Gecko) Chrome/114.0.0.0 Mobile Safari/537.36"
185.177.124.74 - - [15/May/2026:12:37:05 +0530] "GET /wp-content/themes/twentytwentythree/ HTTP/1.1" 404 1251 "-" "Mozilla/5.0 (Linux; Android 10; K) AppleWebKit/537.36 (KHTML, like Gecko) Chrome/114.0.0.0 Mobile Safari/537.36"
185.177.124.74 - - [15/May/2026:12:37:08 +0530] "GET /wp-content/themes/twentytwentytwo/ HTTP/1.1" 404 1251 "-" "Mozilla/5.0 (Linux; Android 10; K) AppleWebKit/537.36 (KHTML, like Gecko) Chrome/114.0.0.0 Mobile Safari/537.36"
15.235.164.87 - - [15/May/2026:12:37:47 +0530] "GET /wp-content/plugins/seoplugins/db.php?u HTTP/1.1" 404 1251 "-" "python-requests/2.31.0"
185.177.124.74 - - [15/May/2026:12:38:07 +0530] "GET /wp-content/themes/astra/ HTTP/1.1" 404 1251 "-" "Mozilla/5.0 (Linux; Android 10; K) AppleWebKit/537.36 (KHTML, like Gecko) Chrome/114.0.0.0 Mobile Safari/537.36"
185.177.124.74 - - [15/May/2026:12:38:13 +0530] "GET /wp-content/themes/hello-elementor/ HTTP/1.1" 404 1251 "-" "Mozilla/5.0 (Linux; Android 10; K) AppleWebKit/537.36 (KHTML, like Gecko) Chrome/114.0.0.0 Mobile Safari/537.36"
185.177.124.74 - - [15/May/2026:12:38:36 +0530] "GET /wp-content/themes/oceanwp/ HTTP/1.1" 404 1251 "-" "Mozilla/5.0 (Linux; Android 10; K) AppleWebKit/537.36 (KHTML, like Gecko) Chrome/114.0.0.0 Mobile Safari/537.36"
185.177.124.74 - - [15/May/2026:12:38:42 +0530] "GET /wp-content/themes/neve/ HTTP/1.1" 404 1251 "-" "Mozilla/5.0 (Linux; Android 10; K) AppleWebKit/537.36 (KHTML, like Gecko) Chrome/114.0.0.0 Mobile Safari/537.36"
57.141.20.45 - - [15/May/2026:12:37:45 +0530] "GET /?products/9651315/ HTTP/1.1" 200 154617 "-" "meta-externalagent/1.1 (+https://developers.facebook.com/docs/sharing/webmasters/crawler)"
185.177.124.74 - - [15/May/2026:12:38:53 +0530] "GET /wp-content/themes/twentytwentythree/images/ HTTP/1.1" 404 1251 "-" "Mozilla/5.0 (Linux; Android 10; K) AppleWebKit/537.36 (KHTML, like Gecko) Chrome/114.0.0.0 Mobile Safari/537.36"
185.177.124.74 - - [15/May/2026:12:38:57 +0530] "GET /wp-content/themes/twentytwentytwo/images/ HTTP/1.1" 404 1251 "-" "Mozilla/5.0 (Linux; Android 10; K) AppleWebKit/537.36 (KHTML, like Gecko) Chrome/114.0.0.0 Mobile Safari/537.36"
57.141.20.64 - - [15/May/2026:12:39:33 +0530] "GET /?products/14159360/ HTTP/1.1" 200 154617 "-" "meta-externalagent/1.1 (+https://developers.facebook.com/docs/sharing/webmasters/crawler)"
57.141.20.66 - - [15/May/2026:12:38:48 +0530] "GET /?products/14644737/ HTTP/1.1" 200 154617 "-" "meta-externalagent/1.1 (+https://developers.facebook.com/docs/sharing/webmasters/crawler)"
185.177.124.74 - - [15/May/2026:12:39:14 +0530] "GET /wp-content/themes/twentytwentyone/images/ HTTP/1.1" 404 1251 "-" "Mozilla/5.0 (Linux; Android 10; K) AppleWebKit/537.36 (KHTML, like Gecko) Chrome/114.0.0.0 Mobile Safari/537.36"
185.177.124.74 - - [15/May/2026:12:39:20 +0530] "GET /wp-content/themes/twentytwenty/images/ HTTP/1.1" 404 1251 "-" "Mozilla/5.0 (Linux; Android 10; K) AppleWebKit/537.36 (KHTML, like Gecko) Chrome/114.0.0.0 Mobile Safari/537.36"
185.177.124.74 - - [15/May/2026:12:39:25 +0530] "GET /wp-content/themes/twentynineteen/images/ HTTP/1.1" 404 1251 "-" "Mozilla/5.0 (Linux; Android 10; K) AppleWebKit/537.36 (KHTML, like Gecko) Chrome/114.0.0.0 Mobile Safari/537.36"
15.235.164.87 - - [15/May/2026:12:38:17 +0530] "GET /wp-content/themes/travelscape/json.php HTTP/1.1" 404 1251 "-" "python-requests/2.31.0"
185.177.124.74 - - [15/May/2026:12:38:27 +0530] "GET /wp-content/themes/generatepress/ HTTP/1.1" 404 1251 "-" "Mozilla/5.0 (Linux; Android 10; K) AppleWebKit/537.36 (KHTML, like Gecko) Chrome/114.0.0.0 Mobile Safari/537.36"
185.177.124.74 - - [15/May/2026:12:39:35 +0530] "GET /wp-content/themes/twentytwentythree/js/ HTTP/1.1" 404 1251 "-" "Mozilla/5.0 (Linux; Android 10; K) AppleWebKit/537.36 (KHTML, like Gecko) Chrome/114.0.0.0 Mobile Safari/537.36"
15.235.164.87 - - [15/May/2026:12:39:40 +0530] "GET /wp-content/themes/aahana/json.php HTTP/1.1" 404 1251 "-" "python-requests/2.31.0"
57.141.20.6 - - [15/May/2026:12:40:47 +0530] "GET /?products/19414993/ HTTP/1.1" 200 154617 "-" "meta-externalagent/1.1 (+https://developers.facebook.com/docs/sharing/webmasters/crawler)"
57.141.20.28 - - [15/May/2026:12:40:55 +0530] "GET /?products/7066660/ HTTP/1.1" 200 154617 "-" "meta-externalagent/1.1 (+https://developers.facebook.com/docs/sharing/webmasters/crawler)"
185.177.124.74 - - [15/May/2026:12:41:03 +0530] "GET /wp-content/plugins/ HTTP/1.1" 404 1251 "-" "Mozilla/5.0 (Linux; Android 10; K) AppleWebKit/537.36 (KHTML, like Gecko) Chrome/114.0.0.0 Mobile Safari/537.36"
15.235.164.87 - - [15/May/2026:12:41:05 +0530] "GET /wp-admin/dropdown.php HTTP/1.1" 404 1251 "-" "python-requests/2.31.0"
185.177.124.74 - - [15/May/2026:12:41:08 +0530] "GET /wp-content/plugins/contact-form-7/ HTTP/1.1" 404 1251 "-" "Mozilla/5.0 (Linux; Android 10; K) AppleWebKit/537.36 (KHTML, like Gecko) Chrome/114.0.0.0 Mobile Safari/537.36"
15.235.164.87 - - [15/May/2026:12:41:25 +0530] "GET /simple.php HTTP/1.1" 404 1251 "-" "python-requests/2.31.0"
15.235.164.87 - - [15/May/2026:12:42:00 +0530] "GET /chosen.php?p= HTTP/1.1" 404 1251 "-" "python-requests/2.31.0"
185.177.124.74 - - [15/May/2026:12:42:07 +0530] "GET /wp-content/plugins/wpforms-lite/ HTTP/1.1" 404 1251 "-" "Mozilla/5.0 (Linux; Android 10; K) AppleWebKit/537.36 (KHTML, like Gecko) Chrome/114.0.0.0 Mobile Safari/537.36"
15.235.164.87 - - [15/May/2026:12:42:07 +0530] "GET /mah.php HTTP/1.1" 404 1251 "-" "python-requests/2.31.0"
57.141.20.12 - - [15/May/2026:12:42:07 +0530] "GET /?products/15102282/ HTTP/1.1" 200 154617 "-" "meta-externalagent/1.1 (+https://developers.facebook.com/docs/sharing/webmasters/crawler)"
15.235.164.87 - - [15/May/2026:12:42:13 +0530] "GET /wp-admin/about.php HTTP/1.1" 404 1251 "-" "python-requests/2.31.0"
185.177.124.74 - - [15/May/2026:12:42:22 +0530] "GET /wp-content/plugins/updraftplus/ HTTP/1.1" 404 1251 "-" "Mozilla/5.0 (Linux; Android 10; K) AppleWebKit/537.36 (KHTML, like Gecko) Chrome/114.0.0.0 Mobile Safari/537.36"
185.177.124.74 - - [15/May/2026:12:42:30 +0530] "GET /wp-content/plugins/wordfence/ HTTP/1.1" 404 1251 "-" "Mozilla/5.0 (Linux; Android 10; K) AppleWebKit/537.36 (KHTML, like Gecko) Chrome/114.0.0.0 Mobile Safari/537.36"
185.177.124.74 - - [15/May/2026:12:42:35 +0530] "GET /wp-content/plugins/all-in-one-wp-migration/ HTTP/1.1" 404 1251 "-" "Mozilla/5.0 (Linux; Android 10; K) AppleWebKit/537.36 (KHTML, like Gecko) Chrome/114.0.0.0 Mobile Safari/537.36"
15.235.164.87 - - [15/May/2026:12:42:37 +0530] "GET /wp-content/about.php HTTP/1.1" 404 1251 "-" "python-requests/2.31.0"
185.177.124.74 - - [15/May/2026:12:43:30 +0530] "GET /wp-content/plugins/woocommerce/assets/ HTTP/1.1" 404 1251 "-" "Mozilla/5.0 (Linux; Android 10; K) AppleWebKit/537.36 (KHTML, like Gecko) Chrome/114.0.0.0 Mobile Safari/537.36"
57.141.20.3 - - [15/May/2026:12:43:44 +0530] "GET /?products/2647337/ HTTP/1.1" 200 154617 "-" "meta-externalagent/1.1 (+https://developers.facebook.com/docs/sharing/webmasters/crawler)"
185.177.124.74 - - [15/May/2026:12:44:03 +0530] "GET /wp-content/plugins/jetpack/assets/ HTTP/1.1" 404 1251 "-" "Mozilla/5.0 (Linux; Android 10; K) AppleWebKit/537.36 (KHTML, like Gecko) Chrome/114.0.0.0 Mobile Safari/537.36"
185.177.124.74 - - [15/May/2026:12:44:06 +0530] "GET /wp-content/plugins/elementor/assets/ HTTP/1.1" 404 1251 "-" "Mozilla/5.0 (Linux; Android 10; K) AppleWebKit/537.36 (KHTML, like Gecko) Chrome/114.0.0.0 Mobile Safari/537.36"
185.177.124.74 - - [15/May/2026:12:44:12 +0530] "GET /wp-content/plugins/contact-form-7/images/ HTTP/1.1" 404 1251 "-" "Mozilla/5.0 (Linux; Android 10; K) AppleWebKit/537.36 (KHTML, like Gecko) Chrome/114.0.0.0 Mobile Safari/537.36"
185.177.124.74 - - [15/May/2026:12:44:16 +0530] "GET /wp-content/plugins/woocommerce/images/ HTTP/1.1" 404 1251 "-" "Mozilla/5.0 (Linux; Android 10; K) AppleWebKit/537.36 (KHTML, like Gecko) Chrome/114.0.0.0 Mobile Safari/537.36"
15.235.164.87 - - [15/May/2026:12:40:01 +0530] "GET /wp-content/themes/travel/issue.php HTTP/1.1" 404 1251 "-" "python-requests/2.31.0"
57.141.20.60 - - [15/May/2026:12:40:11 +0530] "GET /?products/15228215/ HTTP/1.1" 200 154617 "-" "meta-externalagent/1.1 (+https://developers.facebook.com/docs/sharing/webmasters/crawler)"
15.235.164.87 - - [15/May/2026:12:40:35 +0530] "GET /epinyins.php HTTP/1.1" 404 1251 "-" "python-requests/2.31.0"
57.141.20.37 - - [15/May/2026:12:40:54 +0530] "GET /?products/8841359/ HTTP/1.1" 200 154617 "-" "meta-externalagent/1.1 (+https://developers.facebook.com/docs/sharing/webmasters/crawler)"
15.235.164.87 - - [15/May/2026:12:41:16 +0530] "GET /wzy.php?action=door123 HTTP/1.1" 404 1251 "-" "python-requests/2.31.0"
57.141.20.55 - - [15/May/2026:12:43:26 +0530] "GET /?products/4730482/ HTTP/1.1" 200 154617 "-" "meta-externalagent/1.1 (+https://developers.facebook.com/docs/sharing/webmasters/crawler)"
185.177.124.74 - - [15/May/2026:12:44:58 +0530] "GET /wp-content/plugins/akismet/uploads/ HTTP/1.1" 404 1251 "-" "Mozilla/5.0 (Linux; Android 10; K) AppleWebKit/537.36 (KHTML, like Gecko) Chrome/114.0.0.0 Mobile Safari/537.36"
185.177.124.74 - - [15/May/2026:12:44:59 +0530] "GET /wp-content/plugins/jetpack/uploads/ HTTP/1.1" 404 1251 "-" "Mozilla/5.0 (Linux; Android 10; K) AppleWebKit/537.36 (KHTML, like Gecko) Chrome/114.0.0.0 Mobile Safari/537.36"
185.177.124.74 - - [15/May/2026:12:45:05 +0530] "GET /wp-content/plugins/elementor/uploads/ HTTP/1.1" 404 1251 "-" "Mozilla/5.0 (Linux; Android 10; K) AppleWebKit/537.36 (KHTML, like Gecko) Chrome/114.0.0.0 Mobile Safari/537.36"
57.141.20.43 - - [15/May/2026:12:45:36 +0530] "GET /?products/15126371/ HTTP/1.1" 200 154617 "-" "meta-externalagent/1.1 (+https://developers.facebook.com/docs/sharing/webmasters/crawler)"
185.177.124.74 - - [15/May/2026:12:45:55 +0530] "GET /wp-content/wflogs/ HTTP/1.1" 404 1251 "-" "Mozilla/5.0 (Linux; Android 10; K) AppleWebKit/537.36 (KHTML, like Gecko) Chrome/114.0.0.0 Mobile Safari/537.36"
185.177.124.74 - - [15/May/2026:12:45:57 +0530] "GET /wp-content/upgrade/ HTTP/1.1" 404 1251 "-" "Mozilla/5.0 (Linux; Android 10; K) AppleWebKit/537.36 (KHTML, like Gecko) Chrome/114.0.0.0 Mobile Safari/537.36"
185.177.124.74 - - [15/May/2026:12:46:03 +0530] "GET /wp-content/updraft/ HTTP/1.1" 404 1251 "-" "Mozilla/5.0 (Linux; Android 10; K) AppleWebKit/537.36 (KHTML, like Gecko) Chrome/114.0.0.0 Mobile Safari/537.36"
185.177.124.74 - - [15/May/2026:12:39:42 +0530] "GET /wp-content/themes/twentytwentytwo/js/ HTTP/1.1" 404 1251 "-" "Mozilla/5.0 (Linux; Android 10; K) AppleWebKit/537.36 (KHTML, like Gecko) Chrome/114.0.0.0 Mobile Safari/537.36"
185.177.124.74 - - [15/May/2026:12:39:45 +0530] "GET /wp-content/themes/twentytwentyone/js/ HTTP/1.1" 404 1251 "-" "Mozilla/5.0 (Linux; Android 10; K) AppleWebKit/537.36 (KHTML, like Gecko) Chrome/114.0.0.0 Mobile Safari/537.36"
185.177.124.74 - - [15/May/2026:12:40:13 +0530] "GET /wp-content/themes/twentytwentythree/assets/ HTTP/1.1" 404 1251 "-" "Mozilla/5.0 (Linux; Android 10; K) AppleWebKit/537.36 (KHTML, like Gecko) Chrome/114.0.0.0 Mobile Safari/537.36"
57.141.20.26 - - [15/May/2026:12:40:17 +0530] "GET /?products/18854193/ HTTP/1.1" 200 154617 "-" "meta-externalagent/1.1 (+https://developers.facebook.com/docs/sharing/webmasters/crawler)"
185.177.124.74 - - [15/May/2026:12:40:27 +0530] "GET /wp-content/themes/twentytwentytwo/assets/ HTTP/1.1" 404 1251 "-" "Mozilla/5.0 (Linux; Android 10; K) AppleWebKit/537.36 (KHTML, like Gecko) Chrome/114.0.0.0 Mobile Safari/537.36"
185.177.124.74 - - [15/May/2026:12:40:30 +0530] "GET /wp-content/themes/twentytwentyone/assets/ HTTP/1.1" 404 1251 "-" "Mozilla/5.0 (Linux; Android 10; K) AppleWebKit/537.36 (KHTML, like Gecko) Chrome/114.0.0.0 Mobile Safari/537.36"
57.141.20.49 - - [15/May/2026:12:40:35 +0530] "GET /?products/19609504/ HTTP/1.1" 200 154617 "-" "meta-externalagent/1.1 (+https://developers.facebook.com/docs/sharing/webmasters/crawler)"
15.235.164.87 - - [15/May/2026:12:40:43 +0530] "GET /wp-content/themes/digital-download/new.php HTTP/1.1" 404 1251 "-" "python-requests/2.31.0"
15.235.164.87 - - [15/May/2026:12:41:39 +0530] "GET /dropdown.php HTTP/1.1" 404 1251 "-" "python-requests/2.31.0"
185.177.124.74 - - [15/May/2026:12:42:49 +0530] "GET /wp-content/plugins/really-simple-ssl/ HTTP/1.1" 404 1251 "-" "Mozilla/5.0 (Linux; Android 10; K) AppleWebKit/537.36 (KHTML, like Gecko) Chrome/114.0.0.0 Mobile Safari/537.36"
185.177.124.74 - - [15/May/2026:12:42:56 +0530] "GET /wp-content/plugins/wp-super-cache/ HTTP/1.1" 404 1251 "-" "Mozilla/5.0 (Linux; Android 10; K) AppleWebKit/537.36 (KHTML, like Gecko) Chrome/114.0.0.0 Mobile Safari/537.36"
185.177.124.74 - - [15/May/2026:12:43:02 +0530] "GET /wp-content/plugins/google-analytics-for-wordpress/ HTTP/1.1" 404 1251 "-" "Mozilla/5.0 (Linux; Android 10; K) AppleWebKit/537.36 (KHTML, like Gecko) Chrome/114.0.0.0 Mobile Safari/537.36"
185.177.124.74 - - [15/May/2026:12:43:13 +0530] "GET /wp-content/plugins/duplicate-post/ HTTP/1.1" 404 1251 "-" "Mozilla/5.0 (Linux; Android 10; K) AppleWebKit/537.36 (KHTML, like Gecko) Chrome/114.0.0.0 Mobile Safari/537.36"
185.177.124.74 - - [15/May/2026:12:43:20 +0530] "GET /wp-content/plugins/contact-form-7/assets/ HTTP/1.1" 404 1251 "-" "Mozilla/5.0 (Linux; Android 10; K) AppleWebKit/537.36 (KHTML, like Gecko) Chrome/114.0.0.0 Mobile Safari/537.36"
57.141.20.59 - - [15/May/2026:12:44:25 +0530] "GET /?products/13740337/ HTTP/1.1" 200 154617 "-" "meta-externalagent/1.1 (+https://developers.facebook.com/docs/sharing/webmasters/crawler)"
57.141.20.32 - - [15/May/2026:12:44:30 +0530] "GET /?products/20203637/ HTTP/1.1" 200 154617 "-" "meta-externalagent/1.1 (+https://developers.facebook.com/docs/sharing/webmasters/crawler)"
57.141.20.7 - - [15/May/2026:12:44:55 +0530] "GET /?products/22844526/ HTTP/1.1" 200 154617 "-" "meta-externalagent/1.1 (+https://developers.facebook.com/docs/sharing/webmasters/crawler)"
57.141.20.57 - - [15/May/2026:12:45:19 +0530] "GET /?products/925937/ HTTP/1.1" 200 154617 "-" "meta-externalagent/1.1 (+https://developers.facebook.com/docs/sharing/webmasters/crawler)"
57.141.20.72 - - [15/May/2026:12:45:39 +0530] "GET /?products/10746937/ HTTP/1.1" 200 154617 "-" "meta-externalagent/1.1 (+https://developers.facebook.com/docs/sharing/webmasters/crawler)"
57.141.20.6 - - [15/May/2026:12:45:50 +0530] "GET /?products/25237437/ HTTP/1.1" 200 154617 "-" "meta-externalagent/1.1 (+https://developers.facebook.com/docs/sharing/webmasters/crawler)"
57.141.20.44 - - [15/May/2026:12:39:56 +0530] "GET /?products/21977482/ HTTP/1.1" 200 154617 "-" "meta-externalagent/1.1 (+https://developers.facebook.com/docs/sharing/webmasters/crawler)"
185.177.124.74 - - [15/May/2026:12:39:57 +0530] "GET /wp-content/themes/twentytwenty/js/ HTTP/1.1" 404 1251 "-" "Mozilla/5.0 (Linux; Android 10; K) AppleWebKit/537.36 (KHTML, like Gecko) Chrome/114.0.0.0 Mobile Safari/537.36"
185.177.124.74 - - [15/May/2026:12:39:58 +0530] "GET /wp-content/themes/twentynineteen/js/ HTTP/1.1" 404 1251 "-" "Mozilla/5.0 (Linux; Android 10; K) AppleWebKit/537.36 (KHTML, like Gecko) Chrome/114.0.0.0 Mobile Safari/537.36"
57.141.20.41 - - [15/May/2026:12:40:23 +0530] "GET /?products/11946260/ HTTP/1.1" 200 154617 "-" "meta-externalagent/1.1 (+https://developers.facebook.com/docs/sharing/webmasters/crawler)"
15.235.164.87 - - [15/May/2026:12:40:29 +0530] "GET /about.php HTTP/1.1" 404 1251 "-" "python-requests/2.31.0"
185.177.124.74 - - [15/May/2026:12:40:42 +0530] "GET /wp-content/themes/twentytwenty/assets/ HTTP/1.1" 404 1251 "-" "Mozilla/5.0 (Linux; Android 10; K) AppleWebKit/537.36 (KHTML, like Gecko) Chrome/114.0.0.0 Mobile Safari/537.36"
185.177.124.74 - - [15/May/2026:12:40:52 +0530] "GET /wp-content/themes/twentynineteen/assets/ HTTP/1.1" 404 1251 "-" "Mozilla/5.0 (Linux; Android 10; K) AppleWebKit/537.36 (KHTML, like Gecko) Chrome/114.0.0.0 Mobile Safari/537.36"
185.177.124.74 - - [15/May/2026:12:41:18 +0530] "GET /wp-content/plugins/woocommerce/ HTTP/1.1" 404 1251 "-" "Mozilla/5.0 (Linux; Android 10; K) AppleWebKit/537.36 (KHTML, like Gecko) Chrome/114.0.0.0 Mobile Safari/537.36"
185.177.124.74 - - [15/May/2026:12:41:24 +0530] "GET /wp-content/plugins/akismet/ HTTP/1.1" 404 1251 "-" "Mozilla/5.0 (Linux; Android 10; K) AppleWebKit/537.36 (KHTML, like Gecko) Chrome/114.0.0.0 Mobile Safari/537.36"
15.235.164.87 - - [15/May/2026:12:41:27 +0530] "GET /install.php HTTP/1.1" 404 1251 "-" "python-requests/2.31.0"
185.177.124.74 - - [15/May/2026:12:41:30 +0530] "GET /wp-content/plugins/jetpack/ HTTP/1.1" 404 1251 "-" "Mozilla/5.0 (Linux; Android 10; K) AppleWebKit/537.36 (KHTML, like Gecko) Chrome/114.0.0.0 Mobile Safari/537.36"
185.177.124.74 - - [15/May/2026:12:41:38 +0530] "GET /wp-content/plugins/elementor/ HTTP/1.1" 404 1251 "-" "Mozilla/5.0 (Linux; Android 10; K) AppleWebKit/537.36 (KHTML, like Gecko) Chrome/114.0.0.0 Mobile Safari/537.36"
185.177.124.74 - - [15/May/2026:12:41:43 +0530] "GET /wp-content/plugins/wordpress-seo/ HTTP/1.1" 404 1251 "-" "Mozilla/5.0 (Linux; Android 10; K) AppleWebKit/537.36 (KHTML, like Gecko) Chrome/114.0.0.0 Mobile Safari/537.36"
185.177.124.74 - - [15/May/2026:12:41:50 +0530] "GET /wp-content/plugins/classic-editor/ HTTP/1.1" 404 1251 "-" "Mozilla/5.0 (Linux; Android 10; K) AppleWebKit/537.36 (KHTML, like Gecko) Chrome/114.0.0.0 Mobile Safari/537.36"
57.141.20.35 - - [15/May/2026:12:43:06 +0530] "GET /?products/16478704/ HTTP/1.1" 200 154617 "-" "meta-externalagent/1.1 (+https://developers.facebook.com/docs/sharing/webmasters/crawler)"
185.177.124.74 - - [15/May/2026:12:43:52 +0530] "GET /wp-content/plugins/akismet/assets/ HTTP/1.1" 404 1251 "-" "Mozilla/5.0 (Linux; Android 10; K) AppleWebKit/537.36 (KHTML, like Gecko) Chrome/114.0.0.0 Mobile Safari/537.36"
57.141.20.43 - - [15/May/2026:12:44:24 +0530] "GET /?products/2517960/ HTTP/1.1" 200 154617 "-" "meta-externalagent/1.1 (+https://developers.facebook.com/docs/sharing/webmasters/crawler)"
57.141.20.10 - - [15/May/2026:12:46:32 +0530] "GET /?products/19535548/ HTTP/1.1" 200 154617 "-" "meta-externalagent/1.1 (+https://developers.facebook.com/docs/sharing/webmasters/crawler)"
57.141.20.66 - - [15/May/2026:12:47:57 +0530] "GET /?item/i8634070370/ HTTP/1.1" 200 154617 "-" "meta-externalagent/1.1 (+https://developers.facebook.com/docs/sharing/webmasters/crawler)"
185.177.124.74 - - [15/May/2026:12:44:19 +0530] "GET /wp-content/plugins/akismet/images/ HTTP/1.1" 404 1251 "-" "Mozilla/5.0 (Linux; Android 10; K) AppleWebKit/537.36 (KHTML, like Gecko) Chrome/114.0.0.0 Mobile Safari/537.36"
185.177.124.74 - - [15/May/2026:12:44:28 +0530] "GET /wp-content/plugins/jetpack/images/ HTTP/1.1" 404 1251 "-" "Mozilla/5.0 (Linux; Android 10; K) AppleWebKit/537.36 (KHTML, like Gecko) Chrome/114.0.0.0 Mobile Safari/537.36"
185.177.124.74 - - [15/May/2026:12:44:34 +0530] "GET /wp-content/plugins/elementor/images/ HTTP/1.1" 404 1251 "-" "Mozilla/5.0 (Linux; Android 10; K) AppleWebKit/537.36 (KHTML, like Gecko) Chrome/114.0.0.0 Mobile Safari/537.36"
185.177.124.74 - - [15/May/2026:12:44:36 +0530] "GET /wp-content/plugins/contact-form-7/uploads/ HTTP/1.1" 404 1251 "-" "Mozilla/5.0 (Linux; Android 10; K) AppleWebKit/537.36 (KHTML, like Gecko) Chrome/114.0.0.0 Mobile Safari/537.36"
185.177.124.74 - - [15/May/2026:12:44:46 +0530] "GET /wp-content/plugins/woocommerce/uploads/ HTTP/1.1" 404 1251 "-" "Mozilla/5.0 (Linux; Android 10; K) AppleWebKit/537.36 (KHTML, like Gecko) Chrome/114.0.0.0 Mobile Safari/537.36"
185.177.124.74 - - [15/May/2026:12:45:19 +0530] "GET /wp-content/cache/ HTTP/1.1" 404 1251 "-" "Mozilla/5.0 (Linux; Android 10; K) AppleWebKit/537.36 (KHTML, like Gecko) Chrome/114.0.0.0 Mobile Safari/537.36"
185.177.124.74 - - [15/May/2026:12:45:29 +0530] "GET /wp-content/w3tc/ HTTP/1.1" 404 1251 "-" "Mozilla/5.0 (Linux; Android 10; K) AppleWebKit/537.36 (KHTML, like Gecko) Chrome/114.0.0.0 Mobile Safari/537.36"
185.177.124.74 - - [15/May/2026:12:45:36 +0530] "GET /wp-content/et-cache/ HTTP/1.1" 404 1251 "-" "Mozilla/5.0 (Linux; Android 10; K) AppleWebKit/537.36 (KHTML, like Gecko) Chrome/114.0.0.0 Mobile Safari/537.36"
57.141.20.64 - - [15/May/2026:12:45:38 +0530] "GET /?products/11366182/ HTTP/1.1" 200 154617 "-" "meta-externalagent/1.1 (+https://developers.facebook.com/docs/sharing/webmasters/crawler)"
185.177.124.74 - - [15/May/2026:12:45:43 +0530] "GET /wp-content/cache/supercache/ HTTP/1.1" 404 1251 "-" "Mozilla/5.0 (Linux; Android 10; K) AppleWebKit/537.36 (KHTML, like Gecko) Chrome/114.0.0.0 Mobile Safari/537.36"
57.141.20.30 - - [15/May/2026:12:45:54 +0530] "GET /?products/6150159/ HTTP/1.1" 200 154617 "-" "meta-externalagent/1.1 (+https://developers.facebook.com/docs/sharing/webmasters/crawler)"
185.177.124.74 - - [15/May/2026:12:46:33 +0530] "GET /wp-content/ai1wm-backups/ HTTP/1.1" 404 1251 "-" "Mozilla/5.0 (Linux; Android 10; K) AppleWebKit/537.36 (KHTML, like Gecko) Chrome/114.0.0.0 Mobile Safari/537.36"
185.177.124.74 - - [15/May/2026:12:46:37 +0530] "GET /wp-content/backups-dup-lite/ HTTP/1.1" 404 1251 "-" "Mozilla/5.0 (Linux; Android 10; K) AppleWebKit/537.36 (KHTML, like Gecko) Chrome/114.0.0.0 Mobile Safari/537.36"
57.141.20.0 - - [15/May/2026:12:46:50 +0530] "GET /?products/22961460/ HTTP/1.1" 200 154617 "-" "meta-externalagent/1.1 (+https://developers.facebook.com/docs/sharing/webmasters/crawler)"
185.177.124.74 - - [15/May/2026:12:46:59 +0530] "GET /wp-content/backup-db/ HTTP/1.1" 404 1251 "-" "Mozilla/5.0 (Linux; Android 10; K) AppleWebKit/537.36 (KHTML, like Gecko) Chrome/114.0.0.0 Mobile Safari/537.36"
185.177.124.74 - - [15/May/2026:12:47:03 +0530] "GET /wp-content/languages/ HTTP/1.1" 404 1251 "-" "Mozilla/5.0 (Linux; Android 10; K) AppleWebKit/537.36 (KHTML, like Gecko) Chrome/114.0.0.0 Mobile Safari/537.36"
185.177.124.74 - - [15/May/2026:12:47:10 +0530] "GET /wp-content/mu-plugins/ HTTP/1.1" 404 1251 "-" "Mozilla/5.0 (Linux; Android 10; K) AppleWebKit/537.36 (KHTML, like Gecko) Chrome/114.0.0.0 Mobile Safari/537.36"
57.141.20.64 - - [15/May/2026:12:47:25 +0530] "GET /?products/19855848/ HTTP/1.1" 200 154617 "-" "meta-externalagent/1.1 (+https://developers.facebook.com/docs/sharing/webmasters/crawler)"
57.141.20.30 - - [15/May/2026:12:48:17 +0530] "GET /?products/20902748/ HTTP/1.1" 200 154617 "-" "meta-externalagent/1.1 (+https://developers.facebook.com/docs/sharing/webmasters/crawler)"
185.177.124.74 - - [15/May/2026:12:47:24 +0530] "GET /wp-content/uploads/woocommerce_uploads/ HTTP/1.1" 404 1251 "-" "Mozilla/5.0 (Linux; Android 10; K) AppleWebKit/537.36 (KHTML, like Gecko) Chrome/114.0.0.0 Mobile Safari/537.36"
185.177.124.74 - - [15/May/2026:12:47:31 +0530] "GET /wp-content/uploads/woocommerce/ HTTP/1.1" 404 1251 "-" "Mozilla/5.0 (Linux; Android 10; K) AppleWebKit/537.36 (KHTML, like Gecko) Chrome/114.0.0.0 Mobile Safari/537.36"
185.177.124.74 - - [15/May/2026:12:47:38 +0530] "GET /wp-content/uploads/wc-logs/ HTTP/1.1" 404 1251 "-" "Mozilla/5.0 (Linux; Android 10; K) AppleWebKit/537.36 (KHTML, like Gecko) Chrome/114.0.0.0 Mobile Safari/537.36"
185.177.124.74 - - [15/May/2026:12:47:42 +0530] "GET /wp-content/uploads/elementor/ HTTP/1.1" 404 1251 "-" "Mozilla/5.0 (Linux; Android 10; K) AppleWebKit/537.36 (KHTML, like Gecko) Chrome/114.0.0.0 Mobile Safari/537.36"
185.177.124.74 - - [15/May/2026:12:47:51 +0530] "GET /wp-admin/includes/ HTTP/1.1" 404 1251 "-" "Mozilla/5.0 (Linux; Android 10; K) AppleWebKit/537.36 (KHTML, like Gecko) Chrome/114.0.0.0 Mobile Safari/537.36"
185.177.124.74 - - [15/May/2026:12:47:59 +0530] "GET /wp-admin/images/ HTTP/1.1" 404 1251 "-" "Mozilla/5.0 (Linux; Android 10; K) AppleWebKit/537.36 (KHTML, like Gecko) Chrome/114.0.0.0 Mobile Safari/537.36"
185.177.124.74 - - [15/May/2026:12:48:09 +0530] "GET /wp-admin/js/ HTTP/1.1" 404 1251 "-" "Mozilla/5.0 (Linux; Android 10; K) AppleWebKit/537.36 (KHTML, like Gecko) Chrome/114.0.0.0 Mobile Safari/537.36"
57.141.20.41 - - [15/May/2026:12:50:38 +0530] "GET /?products/7900259/ HTTP/1.1" 200 154617 "-" "meta-externalagent/1.1 (+https://developers.facebook.com/docs/sharing/webmasters/crawler)"
57.141.20.30 - - [15/May/2026:12:51:04 +0530] "GET /?products/24615259/ HTTP/1.1" 200 154617 "-" "meta-externalagent/1.1 (+https://developers.facebook.com/docs/sharing/webmasters/crawler)"
57.141.20.68 - - [15/May/2026:12:51:11 +0530] "GET /?products/18947659/ HTTP/1.1" 200 154617 "-" "meta-externalagent/1.1 (+https://developers.facebook.com/docs/sharing/webmasters/crawler)"
57.141.20.45 - - [15/May/2026:12:52:00 +0530] "GET /?products/17307093/ HTTP/1.1" 200 154617 "-" "meta-externalagent/1.1 (+https://developers.facebook.com/docs/sharing/webmasters/crawler)"
57.141.20.30 - - [15/May/2026:12:52:21 +0530] "GET /?products/24483371/ HTTP/1.1" 200 154617 "-" "meta-externalagent/1.1 (+https://developers.facebook.com/docs/sharing/webmasters/crawler)"
185.177.124.74 - - [15/May/2026:12:48:28 +0530] "GET /wp-admin/css/ HTTP/1.1" 404 1251 "-" "Mozilla/5.0 (Linux; Android 10; K) AppleWebKit/537.36 (KHTML, like Gecko) Chrome/114.0.0.0 Mobile Safari/537.36"
