83.112.146.228 - - [13/Jun/2026:05:17:46 +0530] "GET /shop/least/socially085045275.html HTTP/1.1" 404 1251 "-" "Mozilla/5.0 (Macintosh; Intel Mac OS X 11_6_8) AppleWebKit/537.36 (KHTML, like Gecko) Chrome/126.0.6478.55 Safari/537.36"
57.141.20.10 - - [13/Jun/2026:05:18:10 +0530] "GET /?products/6474815/ HTTP/2" 200 154862 "-" "meta-externalagent/1.1 (+https://developers.facebook.com/docs/sharing/webmasters/crawler)"
57.141.20.0 - - [13/Jun/2026:05:18:13 +0530] "GET /?products/4488826/ HTTP/2" 200 12842 "-" "meta-externalagent/1.1 (+https://developers.facebook.com/docs/sharing/webmasters/crawler)"
57.141.20.29 - - [13/Jun/2026:05:18:27 +0530] "GET /?products/25431559/ HTTP/2" 200 154862 "-" "meta-externalagent/1.1 (+https://developers.facebook.com/docs/sharing/webmasters/crawler)"
57.141.20.64 - - [13/Jun/2026:05:19:32 +0530] "GET /?products/7722548/ HTTP/2" 200 154862 "-" "meta-externalagent/1.1 (+https://developers.facebook.com/docs/sharing/webmasters/crawler)"
114.119.148.198 - - [13/Jun/2026:05:20:29 +0530] "GET /shop/ritual/suburb025041399.html HTTP/1.1" 404 1251 "https://pbkvidyalayam.org/?sitemap588.xml" "Mozilla/5.0 (Linux; Android 7.0;) AppleWebKit/537.36 (HTML, like Gecko) Mobile Safari/537.36 (compatible; PetalBot;+https://webmaster.petalsearch.com/site/petalbot)"
57.141.20.35 - - [13/Jun/2026:05:16:14 +0530] "GET /?products/12721415/ HTTP/2" 200 154862 "-" "meta-externalagent/1.1 (+https://developers.facebook.com/docs/sharing/webmasters/crawler)"
57.141.20.7 - - [13/Jun/2026:05:17:49 +0530] "GET /?products/3045215/ HTTP/2" 200 154862 "-" "meta-externalagent/1.1 (+https://developers.facebook.com/docs/sharing/webmasters/crawler)"
162.0.216.246 - - [13/Jun/2026:05:19:02 +0530] "POST //admin/uploads/banners/o2.php?mode9&nofuzz HTTP/2" 200 3624 "-" "-"
114.119.139.181 - - [13/Jun/2026:05:19:05 +0530] "GET /shop/route/definition008041558.html HTTP/1.1" 404 1251 "https://pbkvidyalayam.org/?sitemap826.xml" "Mozilla/5.0 (Linux; Android 7.0;) AppleWebKit/537.36 (HTML, like Gecko) Mobile Safari/537.36 (compatible; PetalBot;+https://webmaster.petalsearch.com/site/petalbot)"
162.0.216.246 - - [13/Jun/2026:05:19:12 +0530] "POST //admin/uploads/banners/o2.php?mode9&nofuzz HTTP/2" 200 3624 "-" "-"
162.0.216.246 - - [13/Jun/2026:05:19:13 +0530] "POST //admin/uploads/banners/o2.php?mode9&nofuzz HTTP/2" 200 4452 "-" "-"
57.141.20.26 - - [13/Jun/2026:05:18:47 +0530] "GET /?products/9923659/ HTTP/2" 200 154862 "-" "meta-externalagent/1.1 (+https://developers.facebook.com/docs/sharing/webmasters/crawler)"
57.141.20.47 - - [13/Jun/2026:05:19:41 +0530] "GET /?products/18728304/ HTTP/2" 200 12842 "-" "meta-externalagent/1.1 (+https://developers.facebook.com/docs/sharing/webmasters/crawler)"
57.141.20.43 - - [13/Jun/2026:05:19:46 +0530] "GET /?products/8533793/ HTTP/2" 200 154862 "-" "meta-externalagent/1.1 (+https://developers.facebook.com/docs/sharing/webmasters/crawler)"
57.141.20.28 - - [13/Jun/2026:05:20:25 +0530] "GET /?products/1088315/ HTTP/2" 200 154862 "-" "meta-externalagent/1.1 (+https://developers.facebook.com/docs/sharing/webmasters/crawler)"
57.141.20.33 - - [13/Jun/2026:05:21:05 +0530] "GET /?products/8204360/ HTTP/2" 200 154862 "-" "meta-externalagent/1.1 (+https://developers.facebook.com/docs/sharing/webmasters/crawler)"
190.150.115.233 - - [13/Jun/2026:05:21:46 +0530] "GET /shop/negotiate/why161018991.html HTTP/1.1" 404 1251 "-" "Mozilla/5.0 (Macintosh; Intel Mac OS X 15_4_1) AppleWebKit/537.36 (KHTML, like Gecko) Chrome/127.0.6533.17 Safari/537.36"
162.0.216.246 - - [13/Jun/2026:05:22:43 +0530] "POST //admin/uploads/banners/o2.php?mode9&nofuzz HTTP/2" 200 3624 "-" "-"
114.119.158.142 - - [13/Jun/2026:05:23:16 +0530] "GET /shop/reverse/complicated021028943.html HTTP/1.1" 404 1251 "https://pbkvidyalayam.org/?sitemap803.xml" "Mozilla/5.0 (Linux; Android 7.0;) AppleWebKit/537.36 (HTML, like Gecko) Mobile Safari/537.36 (compatible; PetalBot;+https://webmaster.petalsearch.com/site/petalbot)"
57.141.20.45 - - [13/Jun/2026:05:23:49 +0530] "GET /?products/1337093/ HTTP/2" 200 154862 "-" "meta-externalagent/1.1 (+https://developers.facebook.com/docs/sharing/webmasters/crawler)"
57.141.20.18 - - [13/Jun/2026:05:24:36 +0530] "GET /?products/11988704/ HTTP/2" 200 154862 "-" "meta-externalagent/1.1 (+https://developers.facebook.com/docs/sharing/webmasters/crawler)"
57.141.20.65 - - [13/Jun/2026:05:25:22 +0530] "GET /?products/22911771/ HTTP/2" 200 12842 "-" "meta-externalagent/1.1 (+https://developers.facebook.com/docs/sharing/webmasters/crawler)"
57.141.20.60 - - [13/Jun/2026:05:25:30 +0530] "GET /?products/18690704/ HTTP/2" 200 154862 "-" "meta-externalagent/1.1 (+https://developers.facebook.com/docs/sharing/webmasters/crawler)"
57.141.20.55 - - [13/Jun/2026:05:25:33 +0530] "GET /?products/5476459/ HTTP/2" 200 154862 "-" "meta-externalagent/1.1 (+https://developers.facebook.com/docs/sharing/webmasters/crawler)"
57.141.20.61 - - [13/Jun/2026:05:25:59 +0530] "GET /?products/13129226/ HTTP/2" 200 154862 "-" "meta-externalagent/1.1 (+https://developers.facebook.com/docs/sharing/webmasters/crawler)"
162.0.216.246 - - [13/Jun/2026:05:26:06 +0530] "POST //admin/uploads/banners/o2.php?mode9&nofuzz HTTP/2" 200 3624 "-" "-"
57.141.20.49 - - [13/Jun/2026:05:26:17 +0530] "GET /?products/20412348/ HTTP/2" 200 154862 "-" "meta-externalagent/1.1 (+https://developers.facebook.com/docs/sharing/webmasters/crawler)"
57.141.20.54 - - [13/Jun/2026:05:27:37 +0530] "GET /?products/13546248/ HTTP/2" 200 154862 "-" "meta-externalagent/1.1 (+https://developers.facebook.com/docs/sharing/webmasters/crawler)"
57.141.20.33 - - [13/Jun/2026:05:27:40 +0530] "GET /?products/6938815/ HTTP/2" 200 154862 "-" "meta-externalagent/1.1 (+https://developers.facebook.com/docs/sharing/webmasters/crawler)"
57.141.20.31 - - [13/Jun/2026:05:29:05 +0530] "GET /?products/16484559/ HTTP/2" 200 154862 "-" "meta-externalagent/1.1 (+https://developers.facebook.com/docs/sharing/webmasters/crawler)"
57.141.20.53 - - [13/Jun/2026:05:29:31 +0530] "GET /?products/8028604/ HTTP/2" 200 154862 "-" "meta-externalagent/1.1 (+https://developers.facebook.com/docs/sharing/webmasters/crawler)"
162.0.216.246 - - [13/Jun/2026:05:29:34 +0530] "POST //admin/uploads/banners/o2.php?mode9&nofuzz HTTP/2" 200 3624 "-" "-"
162.0.216.246 - - [13/Jun/2026:05:29:35 +0530] "POST //admin/uploads/banners/o2.php?mode9&nofuzz HTTP/2" 200 4462 "-" "-"
57.141.20.0 - - [13/Jun/2026:05:29:58 +0530] "GET /?products/11610026/ HTTP/2" 200 154862 "-" "meta-externalagent/1.1 (+https://developers.facebook.com/docs/sharing/webmasters/crawler)"
114.119.148.198 - - [13/Jun/2026:05:30:13 +0530] "GET /shop/transfer/off201033231.html HTTP/1.1" 404 1251 "https://pbkvidyalayam.org/?sitemap656.xml" "Mozilla/5.0 (Linux; Android 7.0;) AppleWebKit/537.36 (HTML, like Gecko) Mobile Safari/537.36 (compatible; PetalBot;+https://webmaster.petalsearch.com/site/petalbot)"
57.141.20.18 - - [13/Jun/2026:05:30:31 +0530] "GET /?products/8454260/ HTTP/2" 200 154862 "-" "meta-externalagent/1.1 (+https://developers.facebook.com/docs/sharing/webmasters/crawler)"
57.141.20.59 - - [13/Jun/2026:05:21:09 +0530] "GET /?products/3431060/ HTTP/2" 200 154862 "-" "meta-externalagent/1.1 (+https://developers.facebook.com/docs/sharing/webmasters/crawler)"
57.141.20.12 - - [13/Jun/2026:05:21:18 +0530] "GET /?products/20393360/ HTTP/2" 200 154862 "-" "meta-externalagent/1.1 (+https://developers.facebook.com/docs/sharing/webmasters/crawler)"
57.141.20.45 - - [13/Jun/2026:05:21:42 +0530] "GET /?sitemap584.xml HTTP/2" 200 154862 "-" "meta-externalagent/1.1 (+https://developers.facebook.com/docs/sharing/webmasters/crawler)"
162.0.216.246 - - [13/Jun/2026:05:22:51 +0530] "POST //admin/uploads/banners/o2.php?mode9&nofuzz HTTP/2" 200 4460 "-" "-"
57.141.20.26 - - [13/Jun/2026:05:24:20 +0530] "GET /?products/8000026/ HTTP/2" 200 154862 "-" "meta-externalagent/1.1 (+https://developers.facebook.com/docs/sharing/webmasters/crawler)"
57.141.20.27 - - [13/Jun/2026:05:24:53 +0530] "GET /?products/4378093/ HTTP/2" 200 154862 "-" "meta-externalagent/1.1 (+https://developers.facebook.com/docs/sharing/webmasters/crawler)"
57.141.20.38 - - [13/Jun/2026:05:25:08 +0530] "GET /?products/11868071/ HTTP/2" 200 154862 "-" "meta-externalagent/1.1 (+https://developers.facebook.com/docs/sharing/webmasters/crawler)"
57.141.20.7 - - [13/Jun/2026:05:25:32 +0530] "GET /?products/5115937/ HTTP/2" 200 154862 "-" "meta-externalagent/1.1 (+https://developers.facebook.com/docs/sharing/webmasters/crawler)"
114.119.138.100 - - [13/Jun/2026:05:26:02 +0530] "GET /shop/remain/self-esteem181005737.html HTTP/1.1" 404 1251 "https://pbkvidyalayam.org/?sitemap830.xml" "Mozilla/5.0 (Linux; Android 7.0;) AppleWebKit/537.36 (HTML, like Gecko) Mobile Safari/537.36 (compatible; PetalBot;+https://webmaster.petalsearch.com/site/petalbot)"
57.141.20.32 - - [13/Jun/2026:05:26:09 +0530] "GET /?products/17339026/ HTTP/2" 200 154862 "-" "meta-externalagent/1.1 (+https://developers.facebook.com/docs/sharing/webmasters/crawler)"
162.0.216.246 - - [13/Jun/2026:05:26:14 +0530] "POST //admin/uploads/banners/o2.php?mode9&nofuzz HTTP/2" 200 4450 "-" "-"
57.141.20.49 - - [13/Jun/2026:05:26:37 +0530] "GET /?products/23651459/ HTTP/2" 200 154862 "-" "meta-externalagent/1.1 (+https://developers.facebook.com/docs/sharing/webmasters/crawler)"
57.141.20.17 - - [13/Jun/2026:05:27:19 +0530] "GET /?products/12906415/ HTTP/2" 200 154862 "-" "meta-externalagent/1.1 (+https://developers.facebook.com/docs/sharing/webmasters/crawler)"
57.141.20.33 - - [13/Jun/2026:05:28:23 +0530] "GET /?products/4192493/ HTTP/2" 200 154862 "-" "meta-externalagent/1.1 (+https://developers.facebook.com/docs/sharing/webmasters/crawler)"
114.119.158.142 - - [13/Jun/2026:05:28:50 +0530] "GET /shop/use/farm279025117.html HTTP/1.1" 404 1251 "https://pbkvidyalayam.org/?sitemap830.xml" "Mozilla/5.0 (Linux; Android 7.0;) AppleWebKit/537.36 (HTML, like Gecko) Mobile Safari/537.36 (compatible; PetalBot;+https://webmaster.petalsearch.com/site/petalbot)"
57.141.20.32 - - [13/Jun/2026:05:29:01 +0530] "GET /?products/6211248/ HTTP/2" 200 154862 "-" "meta-externalagent/1.1 (+https://developers.facebook.com/docs/sharing/webmasters/crawler)"
57.141.20.64 - - [13/Jun/2026:05:29:04 +0530] "GET /?products/8133693/ HTTP/2" 200 154862 "-" "meta-externalagent/1.1 (+https://developers.facebook.com/docs/sharing/webmasters/crawler)"
57.141.20.6 - - [13/Jun/2026:05:29:10 +0530] "GET /?products/15791259/ HTTP/2" 200 154862 "-" "meta-externalagent/1.1 (+https://developers.facebook.com/docs/sharing/webmasters/crawler)"
162.0.216.246 - - [13/Jun/2026:05:29:27 +0530] "POST //admin/uploads/banners/o2.php?mode9&nofuzz HTTP/2" 200 3624 "-" "-"
202.76.139.129 - - [13/Jun/2026:05:29:45 +0530] "GET /shop/seek/palm268021472.html HTTP/1.1" 404 1251 "-" "Mozilla/5.0 (Windows NT 10.0; Win64; x64; rv:132.0) Gecko/20100101 Firefox/132.0"
57.141.20.45 - - [13/Jun/2026:05:29:51 +0530] "GET /?products/6765193/ HTTP/2" 200 154862 "-" "meta-externalagent/1.1 (+https://developers.facebook.com/docs/sharing/webmasters/crawler)"
162.0.216.246 - - [13/Jun/2026:05:22:49 +0530] "POST //admin/uploads/banners/o2.php?mode9&nofuzz HTTP/2" 200 3624 "-" "-"
57.141.20.42 - - [13/Jun/2026:05:23:05 +0530] "GET /?products/18046137/ HTTP/2" 200 12842 "-" "meta-externalagent/1.1 (+https://developers.facebook.com/docs/sharing/webmasters/crawler)"
57.141.20.56 - - [13/Jun/2026:05:23:10 +0530] "GET /?sitemap788.xml HTTP/2" 200 154862 "-" "meta-externalagent/1.1 (+https://developers.facebook.com/docs/sharing/webmasters/crawler)"
57.141.20.13 - - [13/Jun/2026:05:23:18 +0530] "GET /?sitemap363.xml HTTP/2" 200 154862 "-" "meta-externalagent/1.1 (+https://developers.facebook.com/docs/sharing/webmasters/crawler)"
57.141.20.55 - - [13/Jun/2026:05:23:31 +0530] "GET /?products/14664659/ HTTP/2" 200 154862 "-" "meta-externalagent/1.1 (+https://developers.facebook.com/docs/sharing/webmasters/crawler)"
57.141.20.3 - - [13/Jun/2026:05:24:01 +0530] "GET /?products/5090660/ HTTP/2" 200 154862 "-" "meta-externalagent/1.1 (+https://developers.facebook.com/docs/sharing/webmasters/crawler)"
57.141.20.20 - - [13/Jun/2026:05:24:28 +0530] "GET /?products/20627171/ HTTP/2" 200 154862 "-" "meta-externalagent/1.1 (+https://developers.facebook.com/docs/sharing/webmasters/crawler)"
57.141.20.5 - - [13/Jun/2026:05:24:35 +0530] "GET /?products/16344404/ HTTP/2" 200 154862 "-" "meta-externalagent/1.1 (+https://developers.facebook.com/docs/sharing/webmasters/crawler)"
136.158.78.19 - - [13/Jun/2026:05:25:46 +0530] "GET /shop/positive/premium169023565.html HTTP/1.1" 404 1251 "-" "Mozilla/5.0 (compatible; MSIE 9.0; Windows NT 7.1; Trident/5.0)"
52.167.144.201 - - [13/Jun/2026:05:25:49 +0530] "GET /pcmypage?callback=/product%2Fdetail%2F59886179 HTTP/2" 404 1251 "-" "Mozilla/5.0 AppleWebKit/537.36 (KHTML, like Gecko; compatible; bingbot/2.0; +http://www.bing.com/bingbot.htm) Chrome/116.0.1938.76 Safari/537.36"
57.141.20.5 - - [13/Jun/2026:05:26:19 +0530] "GET /?products/11373504/ HTTP/2" 200 154862 "-" "meta-externalagent/1.1 (+https://developers.facebook.com/docs/sharing/webmasters/crawler)"
57.141.20.33 - - [13/Jun/2026:05:26:47 +0530] "GET /?products/12701948/ HTTP/2" 200 154862 "-" "meta-externalagent/1.1 (+https://developers.facebook.com/docs/sharing/webmasters/crawler)"
57.141.20.38 - - [13/Jun/2026:05:27:15 +0530] "GET /?products/8879293/ HTTP/2" 200 154862 "-" "meta-externalagent/1.1 (+https://developers.facebook.com/docs/sharing/webmasters/crawler)"
114.119.139.181 - - [13/Jun/2026:05:27:26 +0530] "GET /shop/variable/deposit250013934.html HTTP/1.1" 404 1251 "https://pbkvidyalayam.org/?sitemap866.xml" "Mozilla/5.0 (Linux; Android 7.0;) AppleWebKit/537.36 (HTML, like Gecko) Mobile Safari/537.36 (compatible; PetalBot;+https://webmaster.petalsearch.com/site/petalbot)"
57.141.20.25 - - [13/Jun/2026:05:29:16 +0530] "GET /?products/18559860/ HTTP/2" 200 154862 "-" "meta-externalagent/1.1 (+https://developers.facebook.com/docs/sharing/webmasters/crawler)"
57.141.20.2 - - [13/Jun/2026:05:29:26 +0530] "GET /?products/12461571/ HTTP/2" 200 154862 "-" "meta-externalagent/1.1 (+https://developers.facebook.com/docs/sharing/webmasters/crawler)"
57.141.20.68 - - [13/Jun/2026:05:30:08 +0530] "GET /?products/23060026/ HTTP/2" 200 154862 "-" "meta-externalagent/1.1 (+https://developers.facebook.com/docs/sharing/webmasters/crawler)"
57.141.20.33 - - [13/Jun/2026:05:30:09 +0530] "GET /?products/18146571/ HTTP/2" 200 154862 "-" "meta-externalagent/1.1 (+https://developers.facebook.com/docs/sharing/webmasters/crawler)"
57.141.20.4 - - [13/Jun/2026:05:31:01 +0530] "GET /?sitemap651.xml HTTP/2" 200 154862 "-" "meta-externalagent/1.1 (+https://developers.facebook.com/docs/sharing/webmasters/crawler)"
57.141.20.5 - - [13/Jun/2026:05:31:38 +0530] "GET /?products/13748493/ HTTP/2" 200 154862 "-" "meta-externalagent/1.1 (+https://developers.facebook.com/docs/sharing/webmasters/crawler)"
57.141.20.25 - - [13/Jun/2026:05:32:10 +0530] "GET /?products/17288260/ HTTP/2" 200 154862 "-" "meta-externalagent/1.1 (+https://developers.facebook.com/docs/sharing/webmasters/crawler)"
57.141.20.30 - - [13/Jun/2026:05:21:15 +0530] "GET /?products/13931059/ HTTP/2" 200 154862 "-" "meta-externalagent/1.1 (+https://developers.facebook.com/docs/sharing/webmasters/crawler)"
114.119.138.100 - - [13/Jun/2026:05:21:52 +0530] "GET /shop/revolutionary/hotel095025089.html HTTP/1.1" 404 1251 "https://pbkvidyalayam.org/?sitemap760.xml" "Mozilla/5.0 (Linux; Android 7.0;) AppleWebKit/537.36 (HTML, like Gecko) Mobile Safari/537.36 (compatible; PetalBot;+https://webmaster.petalsearch.com/site/petalbot)"
57.141.20.29 - - [13/Jun/2026:05:23:09 +0530] "GET /?products/7001437/ HTTP/2" 200 154862 "-" "meta-externalagent/1.1 (+https://developers.facebook.com/docs/sharing/webmasters/crawler)"
57.141.20.21 - - [13/Jun/2026:05:24:13 +0530] "GET /?products/25245071/ HTTP/2" 200 12842 "-" "meta-externalagent/1.1 (+https://developers.facebook.com/docs/sharing/webmasters/crawler)"
114.119.139.181 - - [13/Jun/2026:05:24:39 +0530] "GET /shop/reply/dish038040838.html HTTP/1.1" 404 1251 "https://pbkvidyalayam.org/?sitemap866.xml" "Mozilla/5.0 (Linux; Android 7.0;) AppleWebKit/537.36 (HTML, like Gecko) Mobile Safari/537.36 (compatible; PetalBot;+https://webmaster.petalsearch.com/site/petalbot)"
57.141.20.12 - - [13/Jun/2026:05:25:20 +0530] "GET /?products/10989582/ HTTP/2" 200 154862 "-" "meta-externalagent/1.1 (+https://developers.facebook.com/docs/sharing/webmasters/crawler)"
162.0.216.246 - - [13/Jun/2026:05:26:12 +0530] "POST //admin/uploads/banners/o2.php?mode9&nofuzz HTTP/2" 200 3624 "-" "-"
57.141.20.5 - - [13/Jun/2026:05:26:43 +0530] "GET /?products/17927182/ HTTP/2" 200 154862 "-" "meta-externalagent/1.1 (+https://developers.facebook.com/docs/sharing/webmasters/crawler)"
57.141.20.18 - - [13/Jun/2026:05:27:49 +0530] "GET /?products/15116726/ HTTP/2" 200 154862 "-" "meta-externalagent/1.1 (+https://developers.facebook.com/docs/sharing/webmasters/crawler)"
57.141.20.2 - - [13/Jun/2026:05:28:16 +0530] "GET /?products/9759515/ HTTP/2" 200 154862 "-" "meta-externalagent/1.1 (+https://developers.facebook.com/docs/sharing/webmasters/crawler)"
57.141.20.61 - - [13/Jun/2026:05:30:18 +0530] "GET /?products/17039926/ HTTP/2" 200 154862 "-" "meta-externalagent/1.1 (+https://developers.facebook.com/docs/sharing/webmasters/crawler)"
57.141.20.56 - - [13/Jun/2026:05:31:26 +0530] "GET /?products/19419148/ HTTP/2" 200 154862 "-" "meta-externalagent/1.1 (+https://developers.facebook.com/docs/sharing/webmasters/crawler)"
57.141.20.9 - - [13/Jun/2026:05:31:28 +0530] "GET /?products/20702071/ HTTP/2" 200 154862 "-" "meta-externalagent/1.1 (+https://developers.facebook.com/docs/sharing/webmasters/crawler)"
57.141.20.7 - - [13/Jun/2026:05:31:38 +0530] "GET /?item/p7853800801/ HTTP/2" 200 154862 "-" "meta-externalagent/1.1 (+https://developers.facebook.com/docs/sharing/webmasters/crawler)"
57.141.20.57 - - [13/Jun/2026:05:32:16 +0530] "GET /?products/4927660/ HTTP/2" 200 154862 "-" "meta-externalagent/1.1 (+https://developers.facebook.com/docs/sharing/webmasters/crawler)"
57.141.20.8 - - [13/Jun/2026:05:32:28 +0530] "GET /?products/3509526/ HTTP/2" 200 154862 "-" "meta-externalagent/1.1 (+https://developers.facebook.com/docs/sharing/webmasters/crawler)"
162.0.216.246 - - [13/Jun/2026:05:33:05 +0530] "POST //admin/uploads/banners/o2.php?mode9&nofuzz HTTP/2" 200 4469 "-" "-"
57.141.20.5 - - [13/Jun/2026:05:33:41 +0530] "GET /?products/4648548/ HTTP/2" 200 154862 "-" "meta-externalagent/1.1 (+https://developers.facebook.com/docs/sharing/webmasters/crawler)"
57.141.20.7 - - [13/Jun/2026:05:34:38 +0530] "GET /?products/6590993/ HTTP/2" 200 154862 "-" "meta-externalagent/1.1 (+https://developers.facebook.com/docs/sharing/webmasters/crawler)"
57.141.20.35 - - [13/Jun/2026:05:35:47 +0530] "GET /?products/21372704/ HTTP/2" 200 154862 "-" "meta-externalagent/1.1 (+https://developers.facebook.com/docs/sharing/webmasters/crawler)"
57.141.20.12 - - [13/Jun/2026:05:35:48 +0530] "GET /?products/24153404/ HTTP/2" 200 154862 "-" "meta-externalagent/1.1 (+https://developers.facebook.com/docs/sharing/webmasters/crawler)"
57.141.20.20 - - [13/Jun/2026:05:35:59 +0530] "GET /?products/22088948/ HTTP/2" 200 154862 "-" "meta-externalagent/1.1 (+https://developers.facebook.com/docs/sharing/webmasters/crawler)"
162.0.216.246 - - [13/Jun/2026:05:36:14 +0530] "POST //admin/uploads/banners/o2.php?mode9&nofuzz HTTP/2" 200 3624 "-" "-"
57.141.20.62 - - [13/Jun/2026:05:36:28 +0530] "GET /?products/17593959/ HTTP/2" 200 154862 "-" "meta-externalagent/1.1 (+https://developers.facebook.com/docs/sharing/webmasters/crawler)"
57.141.20.41 - - [13/Jun/2026:05:37:00 +0530] "GET /?products/18061893/ HTTP/2" 200 154862 "-" "meta-externalagent/1.1 (+https://developers.facebook.com/docs/sharing/webmasters/crawler)"
66.249.76.168 - - [13/Jun/2026:05:37:02 +0530] "GET /products/6490059/ HTTP/1.1" 404 1251 "-" "Mozilla/5.0 (Linux; Android 6.0.1; Nexus 5X Build/MMB29P) AppleWebKit/537.36 (KHTML, like Gecko) Chrome/148.0.7778.96 Mobile Safari/537.36 (compatible; Googlebot/2.1; +http://www.google.com/bot.html)"
114.119.138.100 - - [13/Jun/2026:05:37:11 +0530] "GET /shop/salt/basket003033381.html HTTP/1.1" 404 1251 "https://pbkvidyalayam.org/?sitemap667.xml" "Mozilla/5.0 (Linux; Android 7.0;) AppleWebKit/537.36 (HTML, like Gecko) Mobile Safari/537.36 (compatible; PetalBot;+https://webmaster.petalsearch.com/site/petalbot)"
57.141.20.3 - - [13/Jun/2026:05:37:20 +0530] "GET /?products/5134959/ HTTP/2" 200 154862 "-" "meta-externalagent/1.1 (+https://developers.facebook.com/docs/sharing/webmasters/crawler)"
162.0.216.246 - - [13/Jun/2026:05:32:57 +0530] "POST //admin/uploads/banners/o2.php?mode9&nofuzz HTTP/2" 200 3624 "-" "-"
114.119.157.236 - - [13/Jun/2026:05:33:01 +0530] "GET /shop/stove/allegation173048085.html HTTP/1.1" 404 1251 "https://pbkvidyalayam.org/?sitemap602.xml" "Mozilla/5.0 (Linux; Android 7.0;) AppleWebKit/537.36 (HTML, like Gecko) Mobile Safari/537.36 (compatible; PetalBot;+https://webmaster.petalsearch.com/site/petalbot)"
57.141.20.17 - - [13/Jun/2026:05:33:08 +0530] "GET /?products/20501093/ HTTP/2" 200 154862 "-" "meta-externalagent/1.1 (+https://developers.facebook.com/docs/sharing/webmasters/crawler)"
57.141.20.12 - - [13/Jun/2026:05:33:44 +0530] "GET /?products/3331971/ HTTP/2" 200 154862 "-" "meta-externalagent/1.1 (+https://developers.facebook.com/docs/sharing/webmasters/crawler)"
57.141.20.9 - - [13/Jun/2026:05:34:08 +0530] "GET /?products/24970848/ HTTP/2" 200 154862 "-" "meta-externalagent/1.1 (+https://developers.facebook.com/docs/sharing/webmasters/crawler)"
57.141.20.35 - - [13/Jun/2026:05:34:36 +0530] "GET /?products/2751882/ HTTP/2" 200 154862 "-" "meta-externalagent/1.1 (+https://developers.facebook.com/docs/sharing/webmasters/crawler)"
57.141.20.64 - - [13/Jun/2026:05:35:12 +0530] "GET /?products/13243826/ HTTP/2" 200 154862 "-" "meta-externalagent/1.1 (+https://developers.facebook.com/docs/sharing/webmasters/crawler)"
66.249.76.167 - - [13/Jun/2026:05:35:20 +0530] "GET /products/5704715/ HTTP/1.1" 404 1251 "-" "Mozilla/5.0 (Linux; Android 6.0.1; Nexus 5X Build/MMB29P) AppleWebKit/537.36 (KHTML, like Gecko) Chrome/148.0.7778.96 Mobile Safari/537.36 (compatible; Googlebot/2.1; +http://www.google.com/bot.html)"
57.141.20.9 - - [13/Jun/2026:05:35:20 +0530] "GET /?products/2035715/ HTTP/2" 200 154862 "-" "meta-externalagent/1.1 (+https://developers.facebook.com/docs/sharing/webmasters/crawler)"
162.0.216.246 - - [13/Jun/2026:05:36:21 +0530] "POST //admin/uploads/banners/o2.php?mode9&nofuzz HTTP/2" 200 3624 "-" "-"
66.249.66.73 - - [13/Jun/2026:05:36:31 +0530] "GET /products/23147460/ HTTP/1.1" 404 1251 "-" "Mozilla/5.0 (Linux; Android 6.0.1; Nexus 5X Build/MMB29P) AppleWebKit/537.36 (KHTML, like Gecko) Chrome/148.0.7778.96 Mobile Safari/537.36 (compatible; Googlebot/2.1; +http://www.google.com/bot.html)"
57.141.20.67 - - [13/Jun/2026:05:37:07 +0530] "GET /?products/17461459/ HTTP/2" 200 154862 "-" "meta-externalagent/1.1 (+https://developers.facebook.com/docs/sharing/webmasters/crawler)"
57.141.20.28 - - [13/Jun/2026:05:30:52 +0530] "GET /?products/13121960/ HTTP/2" 200 154862 "-" "meta-externalagent/1.1 (+https://developers.facebook.com/docs/sharing/webmasters/crawler)"
57.141.20.67 - - [13/Jun/2026:05:31:21 +0530] "GET /?products/25771760/ HTTP/2" 200 154862 "-" "meta-externalagent/1.1 (+https://developers.facebook.com/docs/sharing/webmasters/crawler)"
57.141.20.60 - - [13/Jun/2026:05:31:56 +0530] "GET /?products/3110671/ HTTP/2" 200 154862 "-" "meta-externalagent/1.1 (+https://developers.facebook.com/docs/sharing/webmasters/crawler)"
57.141.20.59 - - [13/Jun/2026:05:32:02 +0530] "GET /?products/24737093/ HTTP/2" 200 154862 "-" "meta-externalagent/1.1 (+https://developers.facebook.com/docs/sharing/webmasters/crawler)"
57.141.20.35 - - [13/Jun/2026:05:32:22 +0530] "GET /?products/13715871/ HTTP/2" 200 154862 "-" "meta-externalagent/1.1 (+https://developers.facebook.com/docs/sharing/webmasters/crawler)"
57.141.20.65 - - [13/Jun/2026:05:32:28 +0530] "GET /?products/12766082/ HTTP/2" 200 154862 "-" "meta-externalagent/1.1 (+https://developers.facebook.com/docs/sharing/webmasters/crawler)"
162.0.216.246 - - [13/Jun/2026:05:33:03 +0530] "POST //admin/uploads/banners/o2.php?mode9&nofuzz HTTP/2" 200 3624 "-" "-"
57.141.20.35 - - [13/Jun/2026:05:33:11 +0530] "GET /?products/3089215/ HTTP/2" 200 154862 "-" "meta-externalagent/1.1 (+https://developers.facebook.com/docs/sharing/webmasters/crawler)"
57.141.20.51 - - [13/Jun/2026:05:33:39 +0530] "GET /?products/1590560/ HTTP/2" 200 154862 "-" "meta-externalagent/1.1 (+https://developers.facebook.com/docs/sharing/webmasters/crawler)"
57.141.20.14 - - [13/Jun/2026:05:33:57 +0530] "GET /?products/8306771/ HTTP/2" 200 154862 "-" "meta-externalagent/1.1 (+https://developers.facebook.com/docs/sharing/webmasters/crawler)"
114.119.148.198 - - [13/Jun/2026:05:34:24 +0530] "GET /shop/shorts/blow077024075.html HTTP/1.1" 404 1251 "https://pbkvidyalayam.org/?sitemap760.xml" "Mozilla/5.0 (Linux; Android 7.0;) AppleWebKit/537.36 (HTML, like Gecko) Mobile Safari/537.36 (compatible; PetalBot;+https://webmaster.petalsearch.com/site/petalbot)"
66.249.66.72 - - [13/Jun/2026:05:35:07 +0530] "GET /products/22053604/ HTTP/1.1" 404 1251 "-" "Mozilla/5.0 (Linux; Android 6.0.1; Nexus 5X Build/MMB29P) AppleWebKit/537.36 (KHTML, like Gecko) Chrome/148.0.7778.96 Mobile Safari/537.36 (compatible; Googlebot/2.1; +http://www.google.com/bot.html)"
114.119.158.142 - - [13/Jun/2026:05:35:47 +0530] "GET /shop/serving/bridge128015762.html HTTP/1.1" 404 1251 "https://pbkvidyalayam.org/?sitemap830.xml" "Mozilla/5.0 (Linux; Android 7.0;) AppleWebKit/537.36 (HTML, like Gecko) Mobile Safari/537.36 (compatible; PetalBot;+https://webmaster.petalsearch.com/site/petalbot)"
162.0.216.246 - - [13/Jun/2026:05:36:23 +0530] "POST //admin/uploads/banners/o2.php?mode9&nofuzz HTTP/2" 200 4462 "-" "-"
114.119.155.217 - - [13/Jun/2026:05:31:37 +0530] "GET /shop/sword/display157025405.html HTTP/1.1" 404 1251 "https://pbkvidyalayam.org/?sitemap679.xml" "Mozilla/5.0 (Linux; Android 7.0;) AppleWebKit/537.36 (HTML, like Gecko) Mobile Safari/537.36 (compatible; PetalBot;+https://webmaster.petalsearch.com/site/petalbot)"
57.141.20.35 - - [13/Jun/2026:05:33:49 +0530] "GET /?sitemap841.xml HTTP/2" 200 154862 "-" "meta-externalagent/1.1 (+https://developers.facebook.com/docs/sharing/webmasters/crawler)"
57.141.20.47 - - [13/Jun/2026:05:34:16 +0530] "GET /?products/23295248/ HTTP/2" 200 154862 "-" "meta-externalagent/1.1 (+https://developers.facebook.com/docs/sharing/webmasters/crawler)"
57.141.20.51 - - [13/Jun/2026:05:34:36 +0530] "GET /?products/20825948/ HTTP/2" 200 154862 "-" "meta-externalagent/1.1 (+https://developers.facebook.com/docs/sharing/webmasters/crawler)"
57.141.20.13 - - [13/Jun/2026:05:34:42 +0530] "GET /?products/15392848/ HTTP/2" 200 154862 "-" "meta-externalagent/1.1 (+https://developers.facebook.com/docs/sharing/webmasters/crawler)"
57.141.20.0 - - [13/Jun/2026:05:35:19 +0530] "GET /?products/8398559/ HTTP/2" 200 154862 "-" "meta-externalagent/1.1 (+https://developers.facebook.com/docs/sharing/webmasters/crawler)"
57.141.20.62 - - [13/Jun/2026:05:35:53 +0530] "GET /?products/17037482/ HTTP/2" 200 154862 "-" "meta-externalagent/1.1 (+https://developers.facebook.com/docs/sharing/webmasters/crawler)"
57.141.20.66 - - [13/Jun/2026:05:36:16 +0530] "GET /?sitemap787.xml HTTP/2" 200 154862 "-" "meta-externalagent/1.1 (+https://developers.facebook.com/docs/sharing/webmasters/crawler)"
66.249.66.72 - - [13/Jun/2026:05:36:30 +0530] "GET /shop/traditionally/hope051000345.html HTTP/1.1" 404 1251 "-" "Mozilla/5.0 (Linux; Android 6.0.1; Nexus 5X Build/MMB29P) AppleWebKit/537.36 (KHTML, like Gecko) Chrome/148.0.7778.96 Mobile Safari/537.36 (compatible; Googlebot/2.1; +http://www.google.com/bot.html)"
57.141.20.0 - - [13/Jun/2026:05:36:38 +0530] "GET /?products/14085015/ HTTP/2" 200 154862 "-" "meta-externalagent/1.1 (+https://developers.facebook.com/docs/sharing/webmasters/crawler)"
57.141.20.3 - - [13/Jun/2026:05:36:40 +0530] "GET /?products/15370682/ HTTP/2" 200 154862 "-" "meta-externalagent/1.1 (+https://developers.facebook.com/docs/sharing/webmasters/crawler)"
66.249.66.8 - - [13/Jun/2026:05:37:53 +0530] "GET /products/10672615/ HTTP/1.1" 404 1251 "-" "Mozilla/5.0 (Linux; Android 6.0.1; Nexus 5X Build/MMB29P) AppleWebKit/537.36 (KHTML, like Gecko) Chrome/148.0.7778.96 Mobile Safari/537.36 (compatible; Googlebot/2.1; +http://www.google.com/bot.html)"
88.122.151.196 - - [13/Jun/2026:05:38:43 +0530] "GET /shop/adventure/camera085030167.html HTTP/1.1" 404 1251 "-" "Mozilla/5.0 (Macintosh; Intel Mac OS X 12.2; rv:131.0) Gecko/20100101 Firefox/131.0"
66.249.76.169 - - [13/Jun/2026:05:39:08 +0530] "GET /products/19973548/ HTTP/1.1" 404 1251 "-" "Mozilla/5.0 (Linux; Android 6.0.1; Nexus 5X Build/MMB29P) AppleWebKit/537.36 (KHTML, like Gecko) Chrome/148.0.7778.96 Mobile Safari/537.36 (compatible; Googlebot/2.1; +http://www.google.com/bot.html)"
40.77.167.154 - - [13/Jun/2026:05:39:15 +0530] "GET /products/8033482/ HTTP/2" 404 1251 "-" "Mozilla/5.0 AppleWebKit/537.36 (KHTML, like Gecko; compatible; bingbot/2.0; +http://www.bing.com/bingbot.htm) Chrome/116.0.1938.76 Safari/537.36"
57.141.20.56 - - [13/Jun/2026:05:39:36 +0530] "GET /?products/22829226/ HTTP/2" 200 154862 "-" "meta-externalagent/1.1 (+https://developers.facebook.com/docs/sharing/webmasters/crawler)"
114.119.138.100 - - [13/Jun/2026:05:39:58 +0530] "GET /shop/responsible/others168042098.html HTTP/1.1" 404 1251 "https://pbkvidyalayam.org/?sitemap709.xml" "Mozilla/5.0 (Linux; Android 7.0;) AppleWebKit/537.36 (HTML, like Gecko) Mobile Safari/537.36 (compatible; PetalBot;+https://webmaster.petalsearch.com/site/petalbot)"
162.0.216.246 - - [13/Jun/2026:05:39:59 +0530] "POST //admin/uploads/banners/o2.php?mode9&nofuzz HTTP/2" 200 3624 "-" "-"
57.141.20.54 - - [13/Jun/2026:05:41:51 +0530] "GET /?products/20096371/ HTTP/2" 200 154862 "-" "meta-externalagent/1.1 (+https://developers.facebook.com/docs/sharing/webmasters/crawler)"
57.141.20.35 - - [13/Jun/2026:05:42:05 +0530] "GET /?products/9492448/ HTTP/2" 200 154862 "-" "meta-externalagent/1.1 (+https://developers.facebook.com/docs/sharing/webmasters/crawler)"
57.141.20.56 - - [13/Jun/2026:05:42:12 +0530] "GET /?products/17325326/ HTTP/2" 200 154862 "-" "meta-externalagent/1.1 (+https://developers.facebook.com/docs/sharing/webmasters/crawler)"
57.141.20.26 - - [13/Jun/2026:05:42:13 +0530] "GET /?products/13344748/ HTTP/2" 200 154862 "-" "meta-externalagent/1.1 (+https://developers.facebook.com/docs/sharing/webmasters/crawler)"
57.141.20.49 - - [13/Jun/2026:05:42:14 +0530] "GET /?sitemap361.xml HTTP/2" 200 154862 "-" "meta-externalagent/1.1 (+https://developers.facebook.com/docs/sharing/webmasters/crawler)"
57.141.20.6 - - [13/Jun/2026:05:42:38 +0530] "GET /?products/7698115/ HTTP/2" 200 154862 "-" "meta-externalagent/1.1 (+https://developers.facebook.com/docs/sharing/webmasters/crawler)"
57.141.20.26 - - [13/Jun/2026:05:42:40 +0530] "GET /?products/22125348/ HTTP/2" 200 154862 "-" "meta-externalagent/1.1 (+https://developers.facebook.com/docs/sharing/webmasters/crawler)"
187.73.88.208 - - [13/Jun/2026:05:43:01 +0530] "GET /shop/aggression/drive268004000.html HTTP/1.1" 404 1251 "-" "Mozilla/5.0 (Macintosh; Intel Mac OS X 14_6_1) AppleWebKit/537.36 (KHTML, like Gecko) Chrome/131.0.6778.204 Safari/537.36"
57.141.20.3 - - [13/Jun/2026:05:43:02 +0530] "GET /?products/6560626/ HTTP/2" 200 154862 "-" "meta-externalagent/1.1 (+https://developers.facebook.com/docs/sharing/webmasters/crawler)"
57.141.20.3 - - [13/Jun/2026:05:43:22 +0530] "GET /?products/25877060/ HTTP/2" 200 154862 "-" "meta-externalagent/1.1 (+https://developers.facebook.com/docs/sharing/webmasters/crawler)"
162.0.216.246 - - [13/Jun/2026:05:43:23 +0530] "POST //admin/uploads/banners/o2.php?mode9&nofuzz HTTP/2" 200 3624 "-" "-"
57.141.20.13 - - [13/Jun/2026:05:43:40 +0530] "GET /?products/24991826/ HTTP/2" 200 154862 "-" "meta-externalagent/1.1 (+https://developers.facebook.com/docs/sharing/webmasters/crawler)"
57.141.20.62 - - [13/Jun/2026:05:44:05 +0530] "GET /?products/14157337/ HTTP/2" 200 154862 "-" "meta-externalagent/1.1 (+https://developers.facebook.com/docs/sharing/webmasters/crawler)"
66.249.76.167 - - [13/Jun/2026:05:37:39 +0530] "GET /products/3234882/ HTTP/1.1" 404 1251 "-" "Mozilla/5.0 (Linux; Android 6.0.1; Nexus 5X Build/MMB29P) AppleWebKit/537.36 (KHTML, like Gecko) Chrome/148.0.7778.96 Mobile Safari/537.36 (compatible; Googlebot/2.1; +http://www.google.com/bot.html)"
66.249.66.167 - - [13/Jun/2026:05:37:42 +0530] "GET /products/25619260/ HTTP/1.1" 404 1251 "-" "Mozilla/5.0 (Linux; Android 6.0.1; Nexus 5X Build/MMB29P) AppleWebKit/537.36 (KHTML, like Gecko) Chrome/148.0.7778.96 Mobile Safari/537.36 (compatible; Googlebot/2.1; +http://www.google.com/bot.html)"
66.249.76.167 - - [13/Jun/2026:05:37:43 +0530] "GET /products/7095026/ HTTP/1.1" 404 1251 "-" "Mozilla/5.0 (Linux; Android 6.0.1; Nexus 5X Build/MMB29P) AppleWebKit/537.36 (KHTML, like Gecko) Chrome/148.0.7778.96 Mobile Safari/537.36 (compatible; Googlebot/2.1; +http://www.google.com/bot.html)"
66.249.66.167 - - [13/Jun/2026:05:38:08 +0530] "GET /products/24155971/ HTTP/1.1" 404 1251 "-" "Mozilla/5.0 (Linux; Android 6.0.1; Nexus 5X Build/MMB29P) AppleWebKit/537.36 (KHTML, like Gecko) Chrome/148.0.7778.96 Mobile Safari/537.36 (compatible; Googlebot/2.1; +http://www.google.com/bot.html)"
57.141.20.53 - - [13/Jun/2026:05:38:50 +0530] "GET /?products/14501437/ HTTP/2" 200 154862 "-" "meta-externalagent/1.1 (+https://developers.facebook.com/docs/sharing/webmasters/crawler)"
57.141.20.20 - - [13/Jun/2026:05:39:00 +0530] "GET /?products/14239293/ HTTP/2" 200 12842 "-" "meta-externalagent/1.1 (+https://developers.facebook.com/docs/sharing/webmasters/crawler)"
162.0.216.246 - - [13/Jun/2026:05:39:53 +0530] "POST //admin/uploads/banners/o2.php?mode9&nofuzz HTTP/2" 200 3624 "-" "-"
57.141.20.38 - - [13/Jun/2026:05:39:55 +0530] "GET /?products/4363215/ HTTP/2" 200 154862 "-" "meta-externalagent/1.1 (+https://developers.facebook.com/docs/sharing/webmasters/crawler)"
57.141.20.21 - - [13/Jun/2026:05:39:59 +0530] "GET /?products/2059015/ HTTP/2" 200 154862 "-" "meta-externalagent/1.1 (+https://developers.facebook.com/docs/sharing/webmasters/crawler)"
162.0.216.246 - - [13/Jun/2026:05:40:00 +0530] "POST //admin/uploads/banners/o2.php?mode9&nofuzz HTTP/2" 200 4447 "-" "-"
57.141.20.2 - - [13/Jun/2026:05:41:13 +0530] "GET /?products/8274282/ HTTP/2" 200 154862 "-" "meta-externalagent/1.1 (+https://developers.facebook.com/docs/sharing/webmasters/crawler)"
114.119.159.109 - - [13/Jun/2026:05:41:21 +0530] "GET /shop/relief/notion157031723.html HTTP/1.1" 404 1251 "https://pbkvidyalayam.org/?sitemap709.xml" "Mozilla/5.0 (Linux; Android 7.0;) AppleWebKit/537.36 (HTML, like Gecko) Mobile Safari/537.36 (compatible; PetalBot;+https://webmaster.petalsearch.com/site/petalbot)"
57.141.20.3 - - [13/Jun/2026:05:41:37 +0530] "GET /?products/15420360/ HTTP/2" 200 154862 "-" "meta-externalagent/1.1 (+https://developers.facebook.com/docs/sharing/webmasters/crawler)"
57.141.20.1 - - [13/Jun/2026:05:42:04 +0530] "GET /?products/17033348/ HTTP/2" 200 154862 "-" "meta-externalagent/1.1 (+https://developers.facebook.com/docs/sharing/webmasters/crawler)"
114.119.157.236 - - [13/Jun/2026:05:42:45 +0530] "GET /shop/release/Irish041048703.html HTTP/1.1" 404 1251 "https://pbkvidyalayam.org/?sitemap811.xml" "Mozilla/5.0 (Linux; Android 7.0;) AppleWebKit/537.36 (HTML, like Gecko) Mobile Safari/537.36 (compatible; PetalBot;+https://webmaster.petalsearch.com/site/petalbot)"
57.141.20.29 - - [13/Jun/2026:05:42:56 +0530] "GET /?products/22742393/ HTTP/2" 200 154862 "-" "meta-externalagent/1.1 (+https://developers.facebook.com/docs/sharing/webmasters/crawler)"
57.141.20.60 - - [13/Jun/2026:05:43:20 +0530] "GET /?products/4635993/ HTTP/2" 200 154862 "-" "meta-externalagent/1.1 (+https://developers.facebook.com/docs/sharing/webmasters/crawler)"
57.141.20.35 - - [13/Jun/2026:05:43:25 +0530] "GET /?products/5528737/ HTTP/2" 200 154862 "-" "meta-externalagent/1.1 (+https://developers.facebook.com/docs/sharing/webmasters/crawler)"
66.249.66.167 - - [13/Jun/2026:05:37:35 +0530] "GET /products/17544726/ HTTP/1.1" 404 1251 "-" "Mozilla/5.0 (Linux; Android 6.0.1; Nexus 5X Build/MMB29P) AppleWebKit/537.36 (KHTML, like Gecko) Chrome/148.0.7778.96 Mobile Safari/537.36 (compatible; Googlebot/2.1; +http://www.google.com/bot.html)"
66.249.66.71 - - [13/Jun/2026:05:37:38 +0530] "GET /products/22858737/ HTTP/1.1" 404 1251 "-" "Mozilla/5.0 (Linux; Android 6.0.1; Nexus 5X Build/MMB29P) AppleWebKit/537.36 (KHTML, like Gecko) Chrome/148.0.7778.96 Mobile Safari/537.36 (compatible; Googlebot/2.1; +http://www.google.com/bot.html)"
57.141.20.39 - - [13/Jun/2026:05:38:29 +0530] "GET /?products/15208760/ HTTP/2" 200 12842 "-" "meta-externalagent/1.1 (+https://developers.facebook.com/docs/sharing/webmasters/crawler)"
57.141.20.52 - - [13/Jun/2026:05:38:30 +0530] "GET /?products/22910882/ HTTP/2" 200 154862 "-" "meta-externalagent/1.1 (+https://developers.facebook.com/docs/sharing/webmasters/crawler)"
57.141.20.49 - - [13/Jun/2026:05:38:44 +0530] "GET /?products/7006148/ HTTP/2" 200 154862 "-" "meta-externalagent/1.1 (+https://developers.facebook.com/docs/sharing/webmasters/crawler)"
57.141.20.60 - - [13/Jun/2026:05:39:10 +0530] "GET /?products/11677048/ HTTP/2" 200 154862 "-" "meta-externalagent/1.1 (+https://developers.facebook.com/docs/sharing/webmasters/crawler)"
57.141.20.30 - - [13/Jun/2026:05:39:38 +0530] "GET /?products/22487682/ HTTP/2" 200 154862 "-" "meta-externalagent/1.1 (+https://developers.facebook.com/docs/sharing/webmasters/crawler)"
57.141.20.34 - - [13/Jun/2026:05:39:59 +0530] "GET /?products/22431882/ HTTP/2" 200 154862 "-" "meta-externalagent/1.1 (+https://developers.facebook.com/docs/sharing/webmasters/crawler)"
57.141.20.26 - - [13/Jun/2026:05:41:29 +0530] "GET /?products/6095471/ HTTP/2" 200 154862 "-" "meta-externalagent/1.1 (+https://developers.facebook.com/docs/sharing/webmasters/crawler)"
57.141.20.3 - - [13/Jun/2026:05:41:58 +0530] "GET /?products/8324937/ HTTP/2" 200 154862 "-" "meta-externalagent/1.1 (+https://developers.facebook.com/docs/sharing/webmasters/crawler)"
66.249.76.168 - - [13/Jun/2026:05:42:00 +0530] "GET /products/13712504/ HTTP/1.1" 404 1251 "-" "Mozilla/5.0 (Linux; Android 6.0.1; Nexus 5X Build/MMB29P) AppleWebKit/537.36 (KHTML, like Gecko) Chrome/148.0.7778.96 Mobile Safari/537.36 (compatible; Googlebot/2.1; +http://www.google.com/bot.html)"
57.141.20.42 - - [13/Jun/2026:05:42:19 +0530] "GET /?products/1021860/ HTTP/2" 200 154862 "-" "meta-externalagent/1.1 (+https://developers.facebook.com/docs/sharing/webmasters/crawler)"
57.141.20.7 - - [13/Jun/2026:05:42:46 +0530] "GET /?products/10737582/ HTTP/2" 200 154862 "-" "meta-externalagent/1.1 (+https://developers.facebook.com/docs/sharing/webmasters/crawler)"
162.0.216.246 - - [13/Jun/2026:05:43:24 +0530] "POST //admin/uploads/banners/o2.php?mode9&nofuzz HTTP/2" 200 4453 "-" "-"
57.141.20.68 - - [13/Jun/2026:05:43:31 +0530] "GET /?products/10023004/ HTTP/2" 200 154862 "-" "meta-externalagent/1.1 (+https://developers.facebook.com/docs/sharing/webmasters/crawler)"
57.141.20.26 - - [13/Jun/2026:05:43:36 +0530] "GET /?products/8380226/ HTTP/2" 200 154862 "-" "meta-externalagent/1.1 (+https://developers.facebook.com/docs/sharing/webmasters/crawler)"
57.141.20.3 - - [13/Jun/2026:05:43:42 +0530] "GET /?products/12708259/ HTTP/2" 200 154862 "-" "meta-externalagent/1.1 (+https://developers.facebook.com/docs/sharing/webmasters/crawler)"
57.141.20.27 - - [13/Jun/2026:05:44:20 +0530] "GET /?products/6762448/ HTTP/2" 200 154862 "-" "meta-externalagent/1.1 (+https://developers.facebook.com/docs/sharing/webmasters/crawler)"
57.141.20.4 - - [13/Jun/2026:05:44:40 +0530] "GET /?products/13162848/ HTTP/2" 200 154862 "-" "meta-externalagent/1.1 (+https://developers.facebook.com/docs/sharing/webmasters/crawler)"
57.141.20.42 - - [13/Jun/2026:05:44:48 +0530] "GET /?products/3084937/ HTTP/2" 200 154862 "-" "meta-externalagent/1.1 (+https://developers.facebook.com/docs/sharing/webmasters/crawler)"
57.141.20.33 - - [13/Jun/2026:05:37:21 +0530] "GET /?products/13533248/ HTTP/2" 200 154862 "-" "meta-externalagent/1.1 (+https://developers.facebook.com/docs/sharing/webmasters/crawler)"
66.249.76.168 - - [13/Jun/2026:05:37:30 +0530] "GET /products/6490059/ HTTP/1.1" 404 1251 "-" "Mozilla/5.0 (Linux; Android 6.0.1; Nexus 5X Build/MMB29P) AppleWebKit/537.36 (KHTML, like Gecko) Chrome/148.0.7778.96 Mobile Safari/537.36 (compatible; Googlebot/2.1; +http://www.google.com/bot.html)"
57.141.20.47 - - [13/Jun/2026:05:37:49 +0530] "GET /?products/5887771/ HTTP/2" 200 154862 "-" "meta-externalagent/1.1 (+https://developers.facebook.com/docs/sharing/webmasters/crawler)"
114.119.135.158 - - [13/Jun/2026:05:38:34 +0530] "GET /shop/retired/tunnel120006562.html HTTP/1.1" 404 1251 "https://pbkvidyalayam.org/?sitemap866.xml" "Mozilla/5.0 (Linux; Android 7.0;) AppleWebKit/537.36 (HTML, like Gecko) Mobile Safari/537.36 (compatible; PetalBot;+https://webmaster.petalsearch.com/site/petalbot)"
57.141.20.59 - - [13/Jun/2026:05:39:16 +0530] "GET /?products/4759960/ HTTP/2" 200 154862 "-" "meta-externalagent/1.1 (+https://developers.facebook.com/docs/sharing/webmasters/crawler)"
57.141.20.8 - - [13/Jun/2026:05:39:53 +0530] "GET /?products/5016637/ HTTP/2" 200 154862 "-" "meta-externalagent/1.1 (+https://developers.facebook.com/docs/sharing/webmasters/crawler)"
57.141.20.2 - - [13/Jun/2026:05:40:06 +0530] "GET /?products/1633171/ HTTP/2" 200 154862 "-" "meta-externalagent/1.1 (+https://developers.facebook.com/docs/sharing/webmasters/crawler)"
57.141.20.43 - - [13/Jun/2026:05:40:31 +0530] "GET /?products/19812759/ HTTP/2" 200 154862 "-" "meta-externalagent/1.1 (+https://developers.facebook.com/docs/sharing/webmasters/crawler)"
57.141.20.14 - - [13/Jun/2026:05:40:34 +0530] "GET /?products/9386115/ HTTP/2" 200 154862 "-" "meta-externalagent/1.1 (+https://developers.facebook.com/docs/sharing/webmasters/crawler)"
57.141.20.18 - - [13/Jun/2026:05:41:16 +0530] "GET /?products/24962693/ HTTP/2" 200 154862 "-" "meta-externalagent/1.1 (+https://developers.facebook.com/docs/sharing/webmasters/crawler)"
57.141.20.53 - - [13/Jun/2026:05:41:58 +0530] "GET /?products/17492804/ HTTP/2" 200 154862 "-" "meta-externalagent/1.1 (+https://developers.facebook.com/docs/sharing/webmasters/crawler)"
57.141.20.5 - - [13/Jun/2026:05:42:04 +0530] "GET /?products/17747226/ HTTP/2" 200 154862 "-" "meta-externalagent/1.1 (+https://developers.facebook.com/docs/sharing/webmasters/crawler)"
57.141.20.66 - - [13/Jun/2026:05:42:14 +0530] "GET /?products/19128693/ HTTP/2" 200 154862 "-" "meta-externalagent/1.1 (+https://developers.facebook.com/docs/sharing/webmasters/crawler)"
57.141.20.32 - - [13/Jun/2026:05:42:38 +0530] "GET /?products/15267626/ HTTP/2" 200 154862 "-" "meta-externalagent/1.1 (+https://developers.facebook.com/docs/sharing/webmasters/crawler)"
162.0.216.246 - - [13/Jun/2026:05:43:16 +0530] "POST //admin/uploads/banners/o2.php?mode9&nofuzz HTTP/2" 200 3624 "-" "-"
57.141.20.16 - - [13/Jun/2026:05:43:46 +0530] "GET /?products/12251237/ HTTP/2" 200 154862 "-" "meta-externalagent/1.1 (+https://developers.facebook.com/docs/sharing/webmasters/crawler)"
57.141.20.51 - - [13/Jun/2026:05:43:50 +0530] "GET /?products/11087382/ HTTP/2" 200 154862 "-" "meta-externalagent/1.1 (+https://developers.facebook.com/docs/sharing/webmasters/crawler)"
57.141.20.17 - - [13/Jun/2026:05:45:02 +0530] "GET /?products/4935593/ HTTP/2" 200 154862 "-" "meta-externalagent/1.1 (+https://developers.facebook.com/docs/sharing/webmasters/crawler)"
57.141.20.67 - - [13/Jun/2026:05:45:16 +0530] "GET /?products/8983282/ HTTP/2" 200 154862 "-" "meta-externalagent/1.1 (+https://developers.facebook.com/docs/sharing/webmasters/crawler)"
57.141.20.6 - - [13/Jun/2026:05:45:22 +0530] "GET /?products/8922715/ HTTP/2" 200 154862 "-" "meta-externalagent/1.1 (+https://developers.facebook.com/docs/sharing/webmasters/crawler)"
57.141.20.54 - - [13/Jun/2026:05:45:31 +0530] "GET /?products/17907304/ HTTP/2" 200 154862 "-" "meta-externalagent/1.1 (+https://developers.facebook.com/docs/sharing/webmasters/crawler)"
57.141.20.17 - - [13/Jun/2026:05:44:36 +0530] "GET /?products/2676237/ HTTP/2" 200 154862 "-" "meta-externalagent/1.1 (+https://developers.facebook.com/docs/sharing/webmasters/crawler)"
57.141.20.13 - - [13/Jun/2026:05:44:58 +0530] "GET /?products/13804404/ HTTP/2" 200 154862 "-" "meta-externalagent/1.1 (+https://developers.facebook.com/docs/sharing/webmasters/crawler)"
57.141.20.21 - - [13/Jun/2026:05:45:00 +0530] "GET /?products/9035693/ HTTP/2" 200 154862 "-" "meta-externalagent/1.1 (+https://developers.facebook.com/docs/sharing/webmasters/crawler)"
57.141.20.12 - - [13/Jun/2026:05:45:15 +0530] "GET /?products/18685348/ HTTP/2" 200 154862 "-" "meta-externalagent/1.1 (+https://developers.facebook.com/docs/sharing/webmasters/crawler)"
57.141.20.10 - - [13/Jun/2026:05:45:44 +0530] "GET /?products/15401848/ HTTP/2" 200 154862 "-" "meta-externalagent/1.1 (+https://developers.facebook.com/docs/sharing/webmasters/crawler)"
57.141.20.2 - - [13/Jun/2026:05:45:55 +0530] "GET /?products/6501626/ HTTP/2" 200 154862 "-" "meta-externalagent/1.1 (+https://developers.facebook.com/docs/sharing/webmasters/crawler)"
57.141.20.60 - - [13/Jun/2026:05:45:58 +0530] "GET /?products/5024126/ HTTP/2" 200 154862 "-" "meta-externalagent/1.1 (+https://developers.facebook.com/docs/sharing/webmasters/crawler)"
57.141.20.57 - - [13/Jun/2026:05:45:59 +0530] "GET /?products/23165304/ HTTP/2" 200 154862 "-" "meta-externalagent/1.1 (+https://developers.facebook.com/docs/sharing/webmasters/crawler)"
162.0.216.246 - - [13/Jun/2026:05:46:34 +0530] "POST //admin/uploads/banners/o2.php?mode9&nofuzz HTTP/2" 200 3624 "-" "-"
162.0.216.246 - - [13/Jun/2026:05:46:44 +0530] "POST //admin/uploads/banners/o2.php?mode9&nofuzz HTTP/2" 200 4471 "-" "-"
57.141.20.9 - - [13/Jun/2026:05:47:14 +0530] "GET /?products/3702915/ HTTP/2" 200 154862 "-" "meta-externalagent/1.1 (+https://developers.facebook.com/docs/sharing/webmasters/crawler)"
57.141.20.27 - - [13/Jun/2026:05:47:21 +0530] "GET /?products/3184826/ HTTP/2" 200 154862 "-" "meta-externalagent/1.1 (+https://developers.facebook.com/docs/sharing/webmasters/crawler)"
57.141.20.7 - - [13/Jun/2026:05:47:48 +0530] "GET /?products/13144415/ HTTP/2" 200 154862 "-" "meta-externalagent/1.1 (+https://developers.facebook.com/docs/sharing/webmasters/crawler)"
114.119.158.142 - - [13/Jun/2026:05:44:24 +0530] "GET /shop/regulate/pride136001626.html HTTP/1.1" 404 1251 "https://pbkvidyalayam.org/?sitemap502.xml" "Mozilla/5.0 (Linux; Android 7.0;) AppleWebKit/537.36 (HTML, like Gecko) Mobile Safari/537.36 (compatible; PetalBot;+https://webmaster.petalsearch.com/site/petalbot)"
57.141.20.13 - - [13/Jun/2026:05:45:14 +0530] "GET /?products/8987504/ HTTP/2" 200 154862 "-" "meta-externalagent/1.1 (+https://developers.facebook.com/docs/sharing/webmasters/crawler)"
57.141.20.13 - - [13/Jun/2026:05:45:27 +0530] "GET /?products/23906393/ HTTP/2" 200 154862 "-" "meta-externalagent/1.1 (+https://developers.facebook.com/docs/sharing/webmasters/crawler)"
57.141.20.60 - - [13/Jun/2026:05:46:32 +0530] "GET /?products/24403737/ HTTP/2" 200 154862 "-" "meta-externalagent/1.1 (+https://developers.facebook.com/docs/sharing/webmasters/crawler)"
162.0.216.246 - - [13/Jun/2026:05:46:42 +0530] "POST //admin/uploads/banners/o2.php?mode9&nofuzz HTTP/2" 200 3624 "-" "-"
57.141.20.6 - - [13/Jun/2026:05:46:52 +0530] "GET /?products/15348948/ HTTP/2" 200 154862 "-" "meta-externalagent/1.1 (+https://developers.facebook.com/docs/sharing/webmasters/crawler)"
114.119.138.100 - - [13/Jun/2026:05:46:55 +0530] "GET /shop/red/gift298027796.html HTTP/1.1" 404 1251 "https://pbkvidyalayam.org/?sitemap760.xml" "Mozilla/5.0 (Linux; Android 7.0;) AppleWebKit/537.36 (HTML, like Gecko) Mobile Safari/537.36 (compatible; PetalBot;+https://webmaster.petalsearch.com/site/petalbot)"
57.141.20.1 - - [13/Jun/2026:05:46:55 +0530] "GET /?products/15382971/ HTTP/2" 200 154862 "-" "meta-externalagent/1.1 (+https://developers.facebook.com/docs/sharing/webmasters/crawler)"
57.141.20.54 - - [13/Jun/2026:05:46:57 +0530] "GET /?products/1146671/ HTTP/2" 200 154862 "-" "meta-externalagent/1.1 (+https://developers.facebook.com/docs/sharing/webmasters/crawler)"
113.173.48.250 - - [13/Jun/2026:05:47:17 +0530] "GET /shop/artistic/setting192029486.html HTTP/1.1" 404 1251 "-" "Mozilla/5.0 (Macintosh; Intel Mac OS X 13.5; rv:136.0) Gecko/20100101 Firefox/136.0"
57.141.20.26 - - [13/Jun/2026:05:47:30 +0530] "GET /?products/11380104/ HTTP/2" 200 154862 "-" "meta-externalagent/1.1 (+https://developers.facebook.com/docs/sharing/webmasters/crawler)"
57.141.20.32 - - [13/Jun/2026:05:47:56 +0530] "GET /?sitemap797.xml HTTP/2" 200 154862 "-" "meta-externalagent/1.1 (+https://developers.facebook.com/docs/sharing/webmasters/crawler)"
57.141.20.38 - - [13/Jun/2026:05:49:03 +0530] "GET /?products/3289193/ HTTP/2" 200 154862 "-" "meta-externalagent/1.1 (+https://developers.facebook.com/docs/sharing/webmasters/crawler)"
57.141.20.54 - - [13/Jun/2026:05:49:04 +0530] "GET /?products/1512171/ HTTP/2" 200 154862 "-" "meta-externalagent/1.1 (+https://developers.facebook.com/docs/sharing/webmasters/crawler)"
162.0.216.246 - - [13/Jun/2026:05:49:56 +0530] "POST //admin/uploads/banners/o2.php?mode9&nofuzz HTTP/2" 200 3624 "-" "-"
57.141.20.20 - - [13/Jun/2026:05:50:34 +0530] "GET /?products/9586871/ HTTP/2" 200 154862 "-" "meta-externalagent/1.1 (+https://developers.facebook.com/docs/sharing/webmasters/crawler)"
57.141.20.51 - - [13/Jun/2026:05:50:34 +0530] "GET /?products/17379959/ HTTP/2" 200 154862 "-" "meta-externalagent/1.1 (+https://developers.facebook.com/docs/sharing/webmasters/crawler)"
