57.141.20.58 - - [13/Jun/2026:01:52:58 +0530] "GET /?products/13944737/ HTTP/2" 200 154862 "-" "meta-externalagent/1.1 (+https://developers.facebook.com/docs/sharing/webmasters/crawler)"
57.141.20.20 - - [13/Jun/2026:01:54:58 +0530] "GET /?sitemap618.xml HTTP/2" 200 154862 "-" "meta-externalagent/1.1 (+https://developers.facebook.com/docs/sharing/webmasters/crawler)"
114.119.158.142 - - [13/Jun/2026:01:47:31 +0530] "GET /shop/difficult/politics050033080.html HTTP/1.1" 404 1251 "https://pbkvidyalayam.org/?sitemap864.xml" "Mozilla/5.0 (Linux; Android 7.0;) AppleWebKit/537.36 (HTML, like Gecko) Mobile Safari/537.36 (compatible; PetalBot;+https://webmaster.petalsearch.com/site/petalbot)"
57.141.20.14 - - [13/Jun/2026:01:48:19 +0530] "GET /?sitemap674.xml HTTP/2" 200 154862 "-" "meta-externalagent/1.1 (+https://developers.facebook.com/docs/sharing/webmasters/crawler)"
57.141.20.3 - - [13/Jun/2026:01:48:31 +0530] "GET /?products/4220660/ HTTP/2" 200 154862 "-" "meta-externalagent/1.1 (+https://developers.facebook.com/docs/sharing/webmasters/crawler)"
57.141.20.35 - - [13/Jun/2026:01:49:20 +0530] "GET /?products/12315437/ HTTP/2" 200 154862 "-" "meta-externalagent/1.1 (+https://developers.facebook.com/docs/sharing/webmasters/crawler)"
57.141.20.67 - - [13/Jun/2026:01:50:25 +0530] "GET /?products/11985071/ HTTP/2" 200 154862 "-" "meta-externalagent/1.1 (+https://developers.facebook.com/docs/sharing/webmasters/crawler)"
114.119.139.181 - - [13/Jun/2026:01:50:28 +0530] "GET /shop/developer/lady201022437.html HTTP/1.1" 404 1251 "https://pbkvidyalayam.org/?sitemap826.xml" "Mozilla/5.0 (Linux; Android 7.0;) AppleWebKit/537.36 (HTML, like Gecko) Mobile Safari/537.36 (compatible; PetalBot;+https://webmaster.petalsearch.com/site/petalbot)"
57.141.20.65 - - [13/Jun/2026:01:50:41 +0530] "GET /?products/4596893/ HTTP/2" 200 154862 "-" "meta-externalagent/1.1 (+https://developers.facebook.com/docs/sharing/webmasters/crawler)"
57.141.20.4 - - [13/Jun/2026:01:51:16 +0530] "GET /?products/9307882/ HTTP/2" 200 154862 "-" "meta-externalagent/1.1 (+https://developers.facebook.com/docs/sharing/webmasters/crawler)"
57.141.20.35 - - [13/Jun/2026:01:51:49 +0530] "GET /?products/2967460/ HTTP/2" 200 154862 "-" "meta-externalagent/1.1 (+https://developers.facebook.com/docs/sharing/webmasters/crawler)"
162.0.216.246 - - [13/Jun/2026:01:52:08 +0530] "POST //admin/uploads/banners/o2.php?mode9&nofuzz HTTP/2" 200 3624 "-" "-"
57.141.20.41 - - [13/Jun/2026:01:52:53 +0530] "GET /?products/18974359/ HTTP/2" 200 154862 "-" "meta-externalagent/1.1 (+https://developers.facebook.com/docs/sharing/webmasters/crawler)"
57.141.20.67 - - [13/Jun/2026:01:53:11 +0530] "GET /?products/2620448/ HTTP/2" 200 154862 "-" "meta-externalagent/1.1 (+https://developers.facebook.com/docs/sharing/webmasters/crawler)"
57.141.20.13 - - [13/Jun/2026:01:54:41 +0530] "GET /?products/25530982/ HTTP/2" 200 154862 "-" "meta-externalagent/1.1 (+https://developers.facebook.com/docs/sharing/webmasters/crawler)"
78.121.235.133 - - [13/Jun/2026:01:55:05 +0530] "GET /shop/wipe/earnings300005692.html HTTP/1.1" 404 1251 "-" "Mozilla/5.0 (Macintosh; Intel Mac OS X 13_6_0) AppleWebKit/537.36 (KHTML, like Gecko) Chrome/128.0.6613.36 Safari/537.36"
57.141.20.10 - - [13/Jun/2026:01:56:04 +0530] "GET /?products/25776226/ HTTP/2" 200 154862 "-" "meta-externalagent/1.1 (+https://developers.facebook.com/docs/sharing/webmasters/crawler)"
57.141.20.43 - - [13/Jun/2026:01:57:24 +0530] "GET /?products/12168782/ HTTP/2" 200 154862 "-" "meta-externalagent/1.1 (+https://developers.facebook.com/docs/sharing/webmasters/crawler)"
57.141.20.62 - - [13/Jun/2026:01:57:34 +0530] "GET /?products/8007571/ HTTP/2" 200 154862 "-" "meta-externalagent/1.1 (+https://developers.facebook.com/docs/sharing/webmasters/crawler)"
162.0.216.246 - - [13/Jun/2026:01:59:19 +0530] "POST //admin/uploads/banners/o2.php?mode9&nofuzz HTTP/2" 200 3624 "-" "-"
162.0.216.246 - - [13/Jun/2026:01:59:30 +0530] "POST //admin/uploads/banners/o2.php?mode9&nofuzz HTTP/2" 200 4473 "-" "-"
114.119.158.142 - - [13/Jun/2026:02:00:01 +0530] "GET /shop/delivery/trash178019042.html HTTP/1.1" 404 1251 "https://pbkvidyalayam.org/?sitemap760.xml" "Mozilla/5.0 (Linux; Android 7.0;) AppleWebKit/537.36 (HTML, like Gecko) Mobile Safari/537.36 (compatible; PetalBot;+https://webmaster.petalsearch.com/site/petalbot)"
114.119.157.236 - - [13/Jun/2026:01:53:04 +0530] "GET /shop/depending/explicit017018099.html HTTP/1.1" 404 1251 "https://pbkvidyalayam.org/?sitemap942.xml" "Mozilla/5.0 (Linux; Android 7.0;) AppleWebKit/537.36 (HTML, like Gecko) Mobile Safari/537.36 (compatible; PetalBot;+https://webmaster.petalsearch.com/site/petalbot)"
57.141.20.2 - - [13/Jun/2026:01:53:44 +0530] "GET /?products/8884959/ HTTP/2" 200 154862 "-" "meta-externalagent/1.1 (+https://developers.facebook.com/docs/sharing/webmasters/crawler)"
57.141.20.58 - - [13/Jun/2026:01:53:50 +0530] "GET /?products/5593260/ HTTP/2" 200 154862 "-" "meta-externalagent/1.1 (+https://developers.facebook.com/docs/sharing/webmasters/crawler)"
57.141.20.60 - - [13/Jun/2026:01:53:54 +0530] "GET /?products/25335793/ HTTP/2" 200 154862 "-" "meta-externalagent/1.1 (+https://developers.facebook.com/docs/sharing/webmasters/crawler)"
57.141.20.17 - - [13/Jun/2026:01:54:06 +0530] "GET /?products/13911293/ HTTP/2" 200 154862 "-" "meta-externalagent/1.1 (+https://developers.facebook.com/docs/sharing/webmasters/crawler)"
57.141.20.4 - - [13/Jun/2026:01:54:43 +0530] "GET /?sitemap335.xml HTTP/2" 200 154862 "-" "meta-externalagent/1.1 (+https://developers.facebook.com/docs/sharing/webmasters/crawler)"
57.141.20.21 - - [13/Jun/2026:01:54:45 +0530] "GET /?products/25496660/ HTTP/2" 200 154862 "-" "meta-externalagent/1.1 (+https://developers.facebook.com/docs/sharing/webmasters/crawler)"
57.141.20.54 - - [13/Jun/2026:01:54:54 +0530] "GET /?products/25240026/ HTTP/2" 200 154862 "-" "meta-externalagent/1.1 (+https://developers.facebook.com/docs/sharing/webmasters/crawler)"
57.141.20.3 - - [13/Jun/2026:01:55:27 +0530] "GET /?products/21734548/ HTTP/2" 200 154862 "-" "meta-externalagent/1.1 (+https://developers.facebook.com/docs/sharing/webmasters/crawler)"
57.141.20.3 - - [13/Jun/2026:01:55:47 +0530] "GET /?products/22848793/ HTTP/2" 200 154862 "-" "meta-externalagent/1.1 (+https://developers.facebook.com/docs/sharing/webmasters/crawler)"
162.0.216.246 - - [13/Jun/2026:01:55:48 +0530] "POST //admin/uploads/banners/o2.php?mode9&nofuzz HTTP/2" 200 3624 "-" "-"
57.141.20.53 - - [13/Jun/2026:01:56:08 +0530] "GET /?products/13238960/ HTTP/2" 200 154862 "-" "meta-externalagent/1.1 (+https://developers.facebook.com/docs/sharing/webmasters/crawler)"
57.141.20.26 - - [13/Jun/2026:01:56:58 +0530] "GET /?products/8350915/ HTTP/2" 200 154862 "-" "meta-externalagent/1.1 (+https://developers.facebook.com/docs/sharing/webmasters/crawler)"
57.141.20.38 - - [13/Jun/2026:01:58:36 +0530] "GET /?products/4033159/ HTTP/2" 200 154862 "-" "meta-externalagent/1.1 (+https://developers.facebook.com/docs/sharing/webmasters/crawler)"
57.141.20.67 - - [13/Jun/2026:01:58:55 +0530] "GET /?products/5139060/ HTTP/2" 200 154862 "-" "meta-externalagent/1.1 (+https://developers.facebook.com/docs/sharing/webmasters/crawler)"
57.141.20.65 - - [13/Jun/2026:01:59:10 +0530] "GET /?products/15347993/ HTTP/2" 200 154862 "-" "meta-externalagent/1.1 (+https://developers.facebook.com/docs/sharing/webmasters/crawler)"
146.174.189.193 - - [13/Jun/2026:01:59:24 +0530] "GET /shop/Persian/strict131023147.html HTTP/1.1" 404 1251 "-" "Mozilla/5.0 (Macintosh; Intel Mac OS X 13_4_1) AppleWebKit/537.36 (KHTML, like Gecko) Chrome/130.0.6723.116 Safari/537.36"
162.0.216.246 - - [13/Jun/2026:01:59:29 +0530] "POST //admin/uploads/banners/o2.php?mode9&nofuzz HTTP/2" 200 3624 "-" "-"
57.141.20.49 - - [13/Jun/2026:01:59:51 +0530] "GET /?sitemap586.xml HTTP/2" 200 154862 "-" "meta-externalagent/1.1 (+https://developers.facebook.com/docs/sharing/webmasters/crawler)"
57.141.20.69 - - [13/Jun/2026:02:00:13 +0530] "GET /?products/3532948/ HTTP/2" 200 154862 "-" "meta-externalagent/1.1 (+https://developers.facebook.com/docs/sharing/webmasters/crawler)"
57.141.20.65 - - [13/Jun/2026:02:00:30 +0530] "GET /?products/3093148/ HTTP/2" 200 154862 "-" "meta-externalagent/1.1 (+https://developers.facebook.com/docs/sharing/webmasters/crawler)"
114.119.155.217 - - [13/Jun/2026:01:54:26 +0530] "GET /shop/departure/stack084022118.html HTTP/1.1" 404 1251 "https://pbkvidyalayam.org/?sitemap854.xml" "Mozilla/5.0 (Linux; Android 7.0;) AppleWebKit/537.36 (HTML, like Gecko) Mobile Safari/537.36 (compatible; PetalBot;+https://webmaster.petalsearch.com/site/petalbot)"
57.141.20.4 - - [13/Jun/2026:01:54:58 +0530] "GET /?products/11778259/ HTTP/2" 200 154862 "-" "meta-externalagent/1.1 (+https://developers.facebook.com/docs/sharing/webmasters/crawler)"
57.141.20.62 - - [13/Jun/2026:01:55:19 +0530] "GET /?products/13911893/ HTTP/2" 200 154862 "-" "meta-externalagent/1.1 (+https://developers.facebook.com/docs/sharing/webmasters/crawler)"
57.141.20.33 - - [13/Jun/2026:01:55:26 +0530] "GET /?products/21459393/ HTTP/2" 200 154862 "-" "meta-externalagent/1.1 (+https://developers.facebook.com/docs/sharing/webmasters/crawler)"
114.119.155.217 - - [13/Jun/2026:01:55:50 +0530] "GET /shop/depart/cable084013464.html HTTP/1.1" 404 1251 "https://pbkvidyalayam.org/?sitemap866.xml" "Mozilla/5.0 (Linux; Android 7.0;) AppleWebKit/537.36 (HTML, like Gecko) Mobile Safari/537.36 (compatible; PetalBot;+https://webmaster.petalsearch.com/site/petalbot)"
57.141.20.5 - - [13/Jun/2026:01:55:59 +0530] "GET /?products/20212582/ HTTP/2" 200 154862 "-" "meta-externalagent/1.1 (+https://developers.facebook.com/docs/sharing/webmasters/crawler)"
57.141.20.64 - - [13/Jun/2026:01:56:13 +0530] "GET /?products/8000159/ HTTP/2" 200 154862 "-" "meta-externalagent/1.1 (+https://developers.facebook.com/docs/sharing/webmasters/crawler)"
57.141.20.54 - - [13/Jun/2026:01:57:17 +0530] "GET /?products/21720459/ HTTP/2" 200 154862 "-" "meta-externalagent/1.1 (+https://developers.facebook.com/docs/sharing/webmasters/crawler)"
57.141.20.27 - - [13/Jun/2026:01:57:17 +0530] "GET /?products/25086371/ HTTP/2" 200 154862 "-" "meta-externalagent/1.1 (+https://developers.facebook.com/docs/sharing/webmasters/crawler)"
57.141.20.62 - - [13/Jun/2026:01:58:53 +0530] "GET /?products/13061393/ HTTP/2" 200 154862 "-" "meta-externalagent/1.1 (+https://developers.facebook.com/docs/sharing/webmasters/crawler)"
57.141.20.38 - - [13/Jun/2026:01:59:21 +0530] "GET /?products/14696548/ HTTP/2" 200 154862 "-" "meta-externalagent/1.1 (+https://developers.facebook.com/docs/sharing/webmasters/crawler)"
57.141.20.59 - - [13/Jun/2026:01:59:23 +0530] "GET /?products/10366326/ HTTP/2" 200 154862 "-" "meta-externalagent/1.1 (+https://developers.facebook.com/docs/sharing/webmasters/crawler)"
57.141.20.30 - - [13/Jun/2026:01:59:42 +0530] "GET /?products/21884426/ HTTP/2" 200 154862 "-" "meta-externalagent/1.1 (+https://developers.facebook.com/docs/sharing/webmasters/crawler)"
57.141.20.61 - - [13/Jun/2026:02:00:06 +0530] "GET /?products/25160182/ HTTP/2" 200 154862 "-" "meta-externalagent/1.1 (+https://developers.facebook.com/docs/sharing/webmasters/crawler)"
57.141.20.30 - - [13/Jun/2026:02:00:20 +0530] "GET /?products/11085482/ HTTP/2" 200 154862 "-" "meta-externalagent/1.1 (+https://developers.facebook.com/docs/sharing/webmasters/crawler)"
57.141.20.39 - - [13/Jun/2026:02:01:18 +0530] "GET /?products/22264282/ HTTP/2" 200 154862 "-" "meta-externalagent/1.1 (+https://developers.facebook.com/docs/sharing/webmasters/crawler)"
57.141.20.62 - - [13/Jun/2026:02:01:49 +0530] "GET /?products/8566693/ HTTP/2" 200 154862 "-" "meta-externalagent/1.1 (+https://developers.facebook.com/docs/sharing/webmasters/crawler)"
162.0.216.246 - - [13/Jun/2026:02:02:46 +0530] "POST //admin/uploads/banners/o2.php?mode9&nofuzz HTTP/2" 200 3624 "-" "-"
57.141.20.2 - - [13/Jun/2026:02:05:10 +0530] "GET /?products/10341760/ HTTP/2" 200 154862 "-" "meta-externalagent/1.1 (+https://developers.facebook.com/docs/sharing/webmasters/crawler)"
57.141.20.32 - - [13/Jun/2026:02:05:23 +0530] "GET /?products/19511148/ HTTP/2" 200 154862 "-" "meta-externalagent/1.1 (+https://developers.facebook.com/docs/sharing/webmasters/crawler)"
162.0.216.246 - - [13/Jun/2026:02:05:51 +0530] "POST //admin/uploads/banners/o2.php?mode9&nofuzz HTTP/2" 200 3624 "-" "-"
162.0.216.246 - - [13/Jun/2026:01:55:54 +0530] "POST //admin/uploads/banners/o2.php?mode9&nofuzz HTTP/2" 200 3624 "-" "-"
162.0.216.246 - - [13/Jun/2026:01:55:55 +0530] "POST //admin/uploads/banners/o2.php?mode9&nofuzz HTTP/2" 200 4465 "-" "-"
57.141.20.54 - - [13/Jun/2026:01:56:03 +0530] "GET /?products/14769904/ HTTP/2" 200 154862 "-" "meta-externalagent/1.1 (+https://developers.facebook.com/docs/sharing/webmasters/crawler)"
114.119.148.198 - - [13/Jun/2026:01:57:14 +0530] "GET /shop/depart/brush238015700.html HTTP/1.1" 404 1251 "https://pbkvidyalayam.org/?sitemap679.xml" "Mozilla/5.0 (Linux; Android 7.0;) AppleWebKit/537.36 (HTML, like Gecko) Mobile Safari/537.36 (compatible; PetalBot;+https://webmaster.petalsearch.com/site/petalbot)"
57.141.20.16 - - [13/Jun/2026:01:57:15 +0530] "GET /?products/5786393/ HTTP/2" 200 154862 "-" "meta-externalagent/1.1 (+https://developers.facebook.com/docs/sharing/webmasters/crawler)"
57.141.20.9 - - [13/Jun/2026:01:57:22 +0530] "GET /?products/8195382/ HTTP/2" 200 154862 "-" "meta-externalagent/1.1 (+https://developers.facebook.com/docs/sharing/webmasters/crawler)"
57.141.20.20 - - [13/Jun/2026:01:57:46 +0530] "GET /?products/8474960/ HTTP/2" 200 154862 "-" "meta-externalagent/1.1 (+https://developers.facebook.com/docs/sharing/webmasters/crawler)"
57.141.20.69 - - [13/Jun/2026:01:58:19 +0530] "GET /?products/14416160/ HTTP/2" 200 154862 "-" "meta-externalagent/1.1 (+https://developers.facebook.com/docs/sharing/webmasters/crawler)"
114.119.139.181 - - [13/Jun/2026:01:58:37 +0530] "GET /shop/deny/skull148027256.html HTTP/1.1" 404 1251 "https://pbkvidyalayam.org/?sitemap866.xml" "Mozilla/5.0 (Linux; Android 7.0;) AppleWebKit/537.36 (HTML, like Gecko) Mobile Safari/537.36 (compatible; PetalBot;+https://webmaster.petalsearch.com/site/petalbot)"
57.141.20.43 - - [13/Jun/2026:01:59:00 +0530] "GET /?products/2432782/ HTTP/2" 200 154862 "-" "meta-externalagent/1.1 (+https://developers.facebook.com/docs/sharing/webmasters/crawler)"
57.141.20.33 - - [13/Jun/2026:02:01:10 +0530] "GET /?products/8907826/ HTTP/2" 200 154862 "-" "meta-externalagent/1.1 (+https://developers.facebook.com/docs/sharing/webmasters/crawler)"
57.141.20.45 - - [13/Jun/2026:02:02:06 +0530] "GET /?products/10951048/ HTTP/2" 200 154862 "-" "meta-externalagent/1.1 (+https://developers.facebook.com/docs/sharing/webmasters/crawler)"
24.76.163.173 - - [13/Jun/2026:02:03:41 +0530] "GET /shop/administration/civilization056027326.html HTTP/1.1" 404 1251 "-" "Mozilla/5.0 (Macintosh; Intel Mac OS X 13_5_2) AppleWebKit/537.36 (KHTML, like Gecko) Chrome/129.0.6668.100 Safari/537.36"
66.249.66.35 - - [13/Jun/2026:02:05:20 +0530] "GET /products/21122759/ HTTP/1.1" 404 1251 "-" "Mozilla/5.0 (Linux; Android 6.0.1; Nexus 5X Build/MMB29P) AppleWebKit/537.36 (KHTML, like Gecko) Chrome/148.0.7778.96 Mobile Safari/537.36 (compatible; Googlebot/2.1; +http://www.google.com/bot.html)"
57.141.20.27 - - [13/Jun/2026:02:05:53 +0530] "GET /?products/4858948/ HTTP/2" 200 154862 "-" "meta-externalagent/1.1 (+https://developers.facebook.com/docs/sharing/webmasters/crawler)"
162.0.216.246 - - [13/Jun/2026:02:06:02 +0530] "POST //admin/uploads/banners/o2.php?mode9&nofuzz HTTP/2" 200 4463 "-" "-"
57.141.20.67 - - [13/Jun/2026:02:08:20 +0530] "GET /?products/21178715/ HTTP/2" 200 12842 "-" "meta-externalagent/1.1 (+https://developers.facebook.com/docs/sharing/webmasters/crawler)"
114.119.135.158 - - [13/Jun/2026:02:08:21 +0530] "GET /shop/deeply/monitor187013497.html HTTP/1.1" 404 1251 "https://pbkvidyalayam.org/?sitemap703.xml" "Mozilla/5.0 (Linux; Android 7.0;) AppleWebKit/537.36 (HTML, like Gecko) Mobile Safari/537.36 (compatible; PetalBot;+https://webmaster.petalsearch.com/site/petalbot)"
162.0.216.246 - - [13/Jun/2026:02:09:10 +0530] "POST //admin/uploads/banners/o2.php?mode9&nofuzz HTTP/2" 200 3624 "-" "-"
57.141.20.45 - - [13/Jun/2026:02:09:13 +0530] "GET /?products/6370004/ HTTP/2" 200 154862 "-" "meta-externalagent/1.1 (+https://developers.facebook.com/docs/sharing/webmasters/crawler)"
66.249.66.168 - - [13/Jun/2026:02:00:05 +0530] "GET /products/16210037/ HTTP/1.1" 404 1251 "-" "Mozilla/5.0 (Linux; Android 6.0.1; Nexus 5X Build/MMB29P) AppleWebKit/537.36 (KHTML, like Gecko) Chrome/148.0.7778.96 Mobile Safari/537.36 (compatible; Googlebot/2.1; +http://www.google.com/bot.html)"
57.141.20.18 - - [13/Jun/2026:02:00:05 +0530] "GET /?products/11405626/ HTTP/2" 200 154862 "-" "meta-externalagent/1.1 (+https://developers.facebook.com/docs/sharing/webmasters/crawler)"
57.141.20.10 - - [13/Jun/2026:02:00:18 +0530] "GET /?products/11968137/ HTTP/2" 200 154862 "-" "meta-externalagent/1.1 (+https://developers.facebook.com/docs/sharing/webmasters/crawler)"
57.141.20.69 - - [13/Jun/2026:02:01:09 +0530] "GET /?products/17393882/ HTTP/2" 200 154862 "-" "meta-externalagent/1.1 (+https://developers.facebook.com/docs/sharing/webmasters/crawler)"
114.119.138.100 - - [13/Jun/2026:02:01:24 +0530] "GET /shop/definition/ambition194010820.html HTTP/1.1" 404 1251 "https://pbkvidyalayam.org/?sitemap720.xml" "Mozilla/5.0 (Linux; Android 7.0;) AppleWebKit/537.36 (HTML, like Gecko) Mobile Safari/537.36 (compatible; PetalBot;+https://webmaster.petalsearch.com/site/petalbot)"
57.141.20.68 - - [13/Jun/2026:02:02:15 +0530] "GET /?products/7234715/ HTTP/2" 200 154862 "-" "meta-externalagent/1.1 (+https://developers.facebook.com/docs/sharing/webmasters/crawler)"
57.141.20.39 - - [13/Jun/2026:02:02:40 +0530] "GET /?products/24599915/ HTTP/2" 200 154862 "-" "meta-externalagent/1.1 (+https://developers.facebook.com/docs/sharing/webmasters/crawler)"
57.141.20.35 - - [13/Jun/2026:02:02:44 +0530] "GET /?products/21672871/ HTTP/2" 200 154862 "-" "meta-externalagent/1.1 (+https://developers.facebook.com/docs/sharing/webmasters/crawler)"
57.141.20.5 - - [13/Jun/2026:02:02:47 +0530] "GET /?products/7553159/ HTTP/2" 200 154862 "-" "meta-externalagent/1.1 (+https://developers.facebook.com/docs/sharing/webmasters/crawler)"
162.0.216.246 - - [13/Jun/2026:02:02:47 +0530] "POST //admin/uploads/banners/o2.php?mode9&nofuzz HTTP/2" 200 4458 "-" "-"
57.141.20.18 - - [13/Jun/2026:02:03:25 +0530] "GET /?products/22822837/ HTTP/2" 200 154862 "-" "meta-externalagent/1.1 (+https://developers.facebook.com/docs/sharing/webmasters/crawler)"
114.119.159.109 - - [13/Jun/2026:02:04:11 +0530] "GET /shop/defendant/range140037580.html HTTP/1.1" 404 1251 "https://pbkvidyalayam.org/?sitemap843.xml" "Mozilla/5.0 (Linux; Android 7.0;) AppleWebKit/537.36 (HTML, like Gecko) Mobile Safari/537.36 (compatible; PetalBot;+https://webmaster.petalsearch.com/site/petalbot)"
57.141.20.58 - - [13/Jun/2026:02:05:47 +0530] "GET /?products/2955348/ HTTP/2" 200 154862 "-" "meta-externalagent/1.1 (+https://developers.facebook.com/docs/sharing/webmasters/crawler)"
162.0.216.246 - - [13/Jun/2026:02:06:01 +0530] "POST //admin/uploads/banners/o2.php?mode9&nofuzz HTTP/2" 200 3624 "-" "-"
114.119.135.158 - - [13/Jun/2026:02:06:58 +0530] "GET /shop/deeply/reveal035010963.html HTTP/1.1" 404 1251 "https://pbkvidyalayam.org/?sitemap709.xml" "Mozilla/5.0 (Linux; Android 7.0;) AppleWebKit/537.36 (HTML, like Gecko) Mobile Safari/537.36 (compatible; PetalBot;+https://webmaster.petalsearch.com/site/petalbot)"
57.141.20.2 - - [13/Jun/2026:02:07:09 +0530] "GET /?sitemap251.xml HTTP/2" 200 154862 "-" "meta-externalagent/1.1 (+https://developers.facebook.com/docs/sharing/webmasters/crawler)"
57.141.20.28 - - [13/Jun/2026:02:07:30 +0530] "GET /?products/16630304/ HTTP/2" 200 154862 "-" "meta-externalagent/1.1 (+https://developers.facebook.com/docs/sharing/webmasters/crawler)"
162.0.216.246 - - [13/Jun/2026:02:09:20 +0530] "POST //admin/uploads/banners/o2.php?mode9&nofuzz HTTP/2" 200 4462 "-" "-"
114.119.155.217 - - [13/Jun/2026:02:09:45 +0530] "GET /shop/deem/usual285008063.html HTTP/1.1" 404 1251 "https://pbkvidyalayam.org/?sitemap826.xml" "Mozilla/5.0 (Linux; Android 7.0;) AppleWebKit/537.36 (HTML, like Gecko) Mobile Safari/537.36 (compatible; PetalBot;+https://webmaster.petalsearch.com/site/petalbot)"
57.141.20.18 - - [13/Jun/2026:02:00:57 +0530] "GET /?products/12382371/ HTTP/2" 200 154862 "-" "meta-externalagent/1.1 (+https://developers.facebook.com/docs/sharing/webmasters/crawler)"
57.141.20.55 - - [13/Jun/2026:02:01:06 +0530] "GET /?products/11630304/ HTTP/2" 200 154862 "-" "meta-externalagent/1.1 (+https://developers.facebook.com/docs/sharing/webmasters/crawler)"
57.141.20.0 - - [13/Jun/2026:02:01:10 +0530] "GET /?products/2888371/ HTTP/2" 200 154862 "-" "meta-externalagent/1.1 (+https://developers.facebook.com/docs/sharing/webmasters/crawler)"
162.0.216.246 - - [13/Jun/2026:02:02:36 +0530] "POST //admin/uploads/banners/o2.php?mode9&nofuzz HTTP/2" 200 3624 "-" "-"
114.119.158.142 - - [13/Jun/2026:02:02:47 +0530] "GET /shop/defense/wonderful286001600.html HTTP/1.1" 404 1251 "https://pbkvidyalayam.org/?sitemap942.xml" "Mozilla/5.0 (Linux; Android 7.0;) AppleWebKit/537.36 (HTML, like Gecko) Mobile Safari/537.36 (compatible; PetalBot;+https://webmaster.petalsearch.com/site/petalbot)"
57.141.20.27 - - [13/Jun/2026:02:03:19 +0530] "GET /?products/4298826/ HTTP/2" 200 154862 "-" "meta-externalagent/1.1 (+https://developers.facebook.com/docs/sharing/webmasters/crawler)"
57.141.20.43 - - [13/Jun/2026:02:03:34 +0530] "GET /?products/16903771/ HTTP/2" 200 154862 "-" "meta-externalagent/1.1 (+https://developers.facebook.com/docs/sharing/webmasters/crawler)"
57.141.20.53 - - [13/Jun/2026:02:04:02 +0530] "GET /?products/22162359/ HTTP/2" 200 154862 "-" "meta-externalagent/1.1 (+https://developers.facebook.com/docs/sharing/webmasters/crawler)"
57.141.20.33 - - [13/Jun/2026:02:04:21 +0530] "GET /?products/8073982/ HTTP/2" 200 154862 "-" "meta-externalagent/1.1 (+https://developers.facebook.com/docs/sharing/webmasters/crawler)"
57.141.20.12 - - [13/Jun/2026:02:04:34 +0530] "GET /?products/2889260/ HTTP/2" 200 154862 "-" "meta-externalagent/1.1 (+https://developers.facebook.com/docs/sharing/webmasters/crawler)"
57.141.20.49 - - [13/Jun/2026:02:04:51 +0530] "GET /?products/16657593/ HTTP/2" 200 154862 "-" "meta-externalagent/1.1 (+https://developers.facebook.com/docs/sharing/webmasters/crawler)"
114.119.148.198 - - [13/Jun/2026:02:05:34 +0530] "GET /shop/deeply/supervisor161041637.html HTTP/1.1" 404 1251 "https://pbkvidyalayam.org/?sitemap664.xml" "Mozilla/5.0 (Linux; Android 7.0;) AppleWebKit/537.36 (HTML, like Gecko) Mobile Safari/537.36 (compatible; PetalBot;+https://webmaster.petalsearch.com/site/petalbot)"
66.249.76.167 - - [13/Jun/2026:02:05:46 +0530] "GET /products/10790660/ HTTP/1.1" 404 1251 "-" "Mozilla/5.0 (Linux; Android 6.0.1; Nexus 5X Build/MMB29P) AppleWebKit/537.36 (KHTML, like Gecko) Chrome/148.0.7778.96 Mobile Safari/537.36 (compatible; Googlebot/2.1; +http://www.google.com/bot.html)"
57.141.20.62 - - [13/Jun/2026:02:05:46 +0530] "GET /?products/12753871/ HTTP/2" 200 154862 "-" "meta-externalagent/1.1 (+https://developers.facebook.com/docs/sharing/webmasters/crawler)"
57.141.20.27 - - [13/Jun/2026:02:05:48 +0530] "GET /?products/4205660/ HTTP/2" 200 154862 "-" "meta-externalagent/1.1 (+https://developers.facebook.com/docs/sharing/webmasters/crawler)"
57.141.20.60 - - [13/Jun/2026:02:07:14 +0530] "GET /?products/23399248/ HTTP/2" 200 154862 "-" "meta-externalagent/1.1 (+https://developers.facebook.com/docs/sharing/webmasters/crawler)"
57.141.20.68 - - [13/Jun/2026:02:07:39 +0530] "GET /?products/16069304/ HTTP/2" 200 154862 "-" "meta-externalagent/1.1 (+https://developers.facebook.com/docs/sharing/webmasters/crawler)"
57.141.20.26 - - [13/Jun/2026:02:07:49 +0530] "GET /?products/23388171/ HTTP/2" 200 154862 "-" "meta-externalagent/1.1 (+https://developers.facebook.com/docs/sharing/webmasters/crawler)"
84.54.73.39 - - [13/Jun/2026:02:07:59 +0530] "GET /shop/apartment/large105024727.html HTTP/1.1" 404 1251 "-" "Mozilla/5.0 (Macintosh; Intel Mac OS X 11_5_2) AppleWebKit/537.36 (KHTML, like Gecko) Chrome/124.0.6367.82 Safari/537.36"
162.0.216.246 - - [13/Jun/2026:02:09:18 +0530] "POST //admin/uploads/banners/o2.php?mode9&nofuzz HTTP/2" 200 3624 "-" "-"
57.141.20.7 - - [13/Jun/2026:02:10:21 +0530] "GET /?products/20206893/ HTTP/2" 200 154862 "-" "meta-externalagent/1.1 (+https://developers.facebook.com/docs/sharing/webmasters/crawler)"
57.141.20.30 - - [13/Jun/2026:02:11:27 +0530] "GET /?products/10138548/ HTTP/2" 200 154862 "-" "meta-externalagent/1.1 (+https://developers.facebook.com/docs/sharing/webmasters/crawler)"
162.0.216.246 - - [13/Jun/2026:02:12:58 +0530] "POST //admin/uploads/banners/o2.php?mode9&nofuzz HTTP/2" 200 4452 "-" "-"
57.141.20.39 - - [13/Jun/2026:02:13:15 +0530] "GET /?products/21053059/ HTTP/2" 200 154862 "-" "meta-externalagent/1.1 (+https://developers.facebook.com/docs/sharing/webmasters/crawler)"
57.141.20.4 - - [13/Jun/2026:02:13:23 +0530] "GET /?products/12134737/ HTTP/2" 200 154862 "-" "meta-externalagent/1.1 (+https://developers.facebook.com/docs/sharing/webmasters/crawler)"
57.141.20.0 - - [13/Jun/2026:02:14:35 +0530] "GET /?products/7671959/ HTTP/2" 200 154862 "-" "meta-externalagent/1.1 (+https://developers.facebook.com/docs/sharing/webmasters/crawler)"
57.141.20.57 - - [13/Jun/2026:02:15:42 +0530] "GET /?sitemap320.xml HTTP/2" 200 154862 "-" "meta-externalagent/1.1 (+https://developers.facebook.com/docs/sharing/webmasters/crawler)"
66.249.79.198 - - [13/Jun/2026:02:16:10 +0530] "GET /assets/css/remixicon.css HTTP/1.1" 200 16676 "https://www.pbkvidyalayam.org/?products/22933826/" "Mozilla/5.0 (Linux; Android 6.0.1; Nexus 5X Build/MMB29P) AppleWebKit/537.36 (KHTML, like Gecko) Chrome/148.0.7778.96 Mobile Safari/537.36 (compatible; Googlebot/2.1; +http://www.google.com/bot.html)"
57.141.20.39 - - [13/Jun/2026:02:16:13 +0530] "GET /?products/5288726/ HTTP/2" 200 154862 "-" "meta-externalagent/1.1 (+https://developers.facebook.com/docs/sharing/webmasters/crawler)"
57.141.20.62 - - [13/Jun/2026:02:16:18 +0530] "GET /?sitemap702.xml HTTP/2" 200 154862 "-" "meta-externalagent/1.1 (+https://developers.facebook.com/docs/sharing/webmasters/crawler)"
57.141.20.7 - - [13/Jun/2026:02:16:38 +0530] "GET /?products/19026893/ HTTP/2" 200 154862 "-" "meta-externalagent/1.1 (+https://developers.facebook.com/docs/sharing/webmasters/crawler)"
57.141.20.4 - - [13/Jun/2026:02:16:42 +0530] "GET /?products/21446615/ HTTP/2" 200 154862 "-" "meta-externalagent/1.1 (+https://developers.facebook.com/docs/sharing/webmasters/crawler)"
57.141.20.55 - - [13/Jun/2026:02:17:06 +0530] "GET /?products/9124215/ HTTP/2" 200 154862 "-" "meta-externalagent/1.1 (+https://developers.facebook.com/docs/sharing/webmasters/crawler)"
57.141.20.43 - - [13/Jun/2026:02:07:40 +0530] "GET /?products/14435226/ HTTP/2" 200 154862 "-" "meta-externalagent/1.1 (+https://developers.facebook.com/docs/sharing/webmasters/crawler)"
57.141.20.38 - - [13/Jun/2026:02:10:39 +0530] "GET /?products/1734559/ HTTP/2" 200 154862 "-" "meta-externalagent/1.1 (+https://developers.facebook.com/docs/sharing/webmasters/crawler)"
57.141.20.38 - - [13/Jun/2026:02:10:50 +0530] "GET /?products/22940726/ HTTP/2" 200 154862 "-" "meta-externalagent/1.1 (+https://developers.facebook.com/docs/sharing/webmasters/crawler)"
57.141.20.60 - - [13/Jun/2026:02:10:52 +0530] "GET /?products/14876660/ HTTP/2" 200 154862 "-" "meta-externalagent/1.1 (+https://developers.facebook.com/docs/sharing/webmasters/crawler)"
57.141.20.69 - - [13/Jun/2026:02:11:01 +0530] "GET /?products/19326360/ HTTP/2" 200 154862 "-" "meta-externalagent/1.1 (+https://developers.facebook.com/docs/sharing/webmasters/crawler)"
57.141.20.0 - - [13/Jun/2026:02:11:11 +0530] "GET /?products/22343493/ HTTP/2" 200 154862 "-" "meta-externalagent/1.1 (+https://developers.facebook.com/docs/sharing/webmasters/crawler)"
57.141.20.44 - - [13/Jun/2026:02:11:39 +0530] "GET /?products/7894915/ HTTP/2" 200 154862 "-" "meta-externalagent/1.1 (+https://developers.facebook.com/docs/sharing/webmasters/crawler)"
114.119.155.217 - - [13/Jun/2026:02:12:32 +0530] "GET /shop/decline/already067007847.html HTTP/1.1" 404 1251 "https://pbkvidyalayam.org/?sitemap498.xml" "Mozilla/5.0 (Linux; Android 7.0;) AppleWebKit/537.36 (HTML, like Gecko) Mobile Safari/537.36 (compatible; PetalBot;+https://webmaster.petalsearch.com/site/petalbot)"
57.141.20.34 - - [13/Jun/2026:02:12:42 +0530] "GET /?products/1729393/ HTTP/2" 200 154862 "-" "meta-externalagent/1.1 (+https://developers.facebook.com/docs/sharing/webmasters/crawler)"
114.119.135.158 - - [13/Jun/2026:02:13:55 +0530] "GET /shop/deck/wrong132039126.html HTTP/1.1" 404 1251 "https://pbkvidyalayam.org/?sitemap830.xml" "Mozilla/5.0 (Linux; Android 7.0;) AppleWebKit/537.36 (HTML, like Gecko) Mobile Safari/537.36 (compatible; PetalBot;+https://webmaster.petalsearch.com/site/petalbot)"
57.141.20.3 - - [13/Jun/2026:02:14:16 +0530] "GET /?products/13543604/ HTTP/2" 200 12842 "-" "meta-externalagent/1.1 (+https://developers.facebook.com/docs/sharing/webmasters/crawler)"
57.141.20.67 - - [13/Jun/2026:02:15:25 +0530] "GET /?products/21474015/ HTTP/2" 200 154862 "-" "meta-externalagent/1.1 (+https://developers.facebook.com/docs/sharing/webmasters/crawler)"
114.119.158.142 - - [13/Jun/2026:02:18:06 +0530] "GET /shop/dear/power258044334.html HTTP/1.1" 404 1251 "https://pbkvidyalayam.org/?sitemap656.xml" "Mozilla/5.0 (Linux; Android 7.0;) AppleWebKit/537.36 (HTML, like Gecko) Mobile Safari/537.36 (compatible; PetalBot;+https://webmaster.petalsearch.com/site/petalbot)"
57.141.20.8 - - [13/Jun/2026:02:09:48 +0530] "GET /?products/13751115/ HTTP/2" 200 154862 "-" "meta-externalagent/1.1 (+https://developers.facebook.com/docs/sharing/webmasters/crawler)"
57.141.20.7 - - [13/Jun/2026:02:10:26 +0530] "GET /?products/23141960/ HTTP/2" 200 154862 "-" "meta-externalagent/1.1 (+https://developers.facebook.com/docs/sharing/webmasters/crawler)"
57.141.20.54 - - [13/Jun/2026:02:12:09 +0530] "GET /?products/9769060/ HTTP/2" 200 154862 "-" "meta-externalagent/1.1 (+https://developers.facebook.com/docs/sharing/webmasters/crawler)"
202.76.176.164 - - [13/Jun/2026:02:12:14 +0530] "GET /shop/flour/valuable262004586.html HTTP/1.1" 404 1251 "-" "Mozilla/5.0 (Macintosh; Intel Mac OS X 11_6_0) AppleWebKit/537.36 (KHTML, like Gecko) Chrome/129.0.6668.100 Safari/537.36"
57.141.20.62 - - [13/Jun/2026:02:14:03 +0530] "GET /?products/20296137/ HTTP/2" 200 154862 "-" "meta-externalagent/1.1 (+https://developers.facebook.com/docs/sharing/webmasters/crawler)"
66.249.79.197 - - [13/Jun/2026:02:16:02 +0530] "GET /?products/22933826/ HTTP/1.1" 200 12842 "-" "Mozilla/5.0 (Linux; Android 6.0.1; Nexus 5X Build/MMB29P) AppleWebKit/537.36 (KHTML, like Gecko) Chrome/148.0.7778.96 Mobile Safari/537.36 (compatible; Googlebot/2.1; +http://www.google.com/bot.html)"
57.141.20.5 - - [13/Jun/2026:02:16:07 +0530] "GET /?products/13711448/ HTTP/2" 200 154862 "-" "meta-externalagent/1.1 (+https://developers.facebook.com/docs/sharing/webmasters/crawler)"
162.0.216.246 - - [13/Jun/2026:02:16:12 +0530] "POST //admin/uploads/banners/o2.php?mode9&nofuzz HTTP/2" 200 3624 "-" "-"
162.0.216.246 - - [13/Jun/2026:02:16:20 +0530] "POST //admin/uploads/banners/o2.php?mode9&nofuzz HTTP/2" 200 3624 "-" "-"
162.0.216.246 - - [13/Jun/2026:02:16:21 +0530] "POST //admin/uploads/banners/o2.php?mode9&nofuzz HTTP/2" 200 4468 "-" "-"
57.141.20.58 - - [13/Jun/2026:02:16:27 +0530] "GET /?sitemap570.xml HTTP/2" 200 154862 "-" "meta-externalagent/1.1 (+https://developers.facebook.com/docs/sharing/webmasters/crawler)"
92.209.168.173 - - [13/Jun/2026:02:16:31 +0530] "GET /shop/frown/importantly044033030.html HTTP/1.1" 404 1251 "-" "Mozilla/4.0 (compatible; MSIE 4.01; Windows CE; Sprint:SCH-i830; PPC; 240x320)"
57.141.20.6 - - [13/Jun/2026:02:16:56 +0530] "GET /?products/5485282/ HTTP/2" 200 154862 "-" "meta-externalagent/1.1 (+https://developers.facebook.com/docs/sharing/webmasters/crawler)"
57.141.20.54 - - [13/Jun/2026:02:19:46 +0530] "GET /?products/5188182/ HTTP/2" 200 154862 "-" "meta-externalagent/1.1 (+https://developers.facebook.com/docs/sharing/webmasters/crawler)"
114.119.159.109 - - [13/Jun/2026:02:19:30 +0530] "GET /shop/dealer/invisible125025965.html HTTP/1.1" 404 1251 "https://pbkvidyalayam.org/?sitemap803.xml" "Mozilla/5.0 (Linux; Android 7.0;) AppleWebKit/537.36 (HTML, like Gecko) Mobile Safari/537.36 (compatible; PetalBot;+https://webmaster.petalsearch.com/site/petalbot)"
57.141.20.14 - - [13/Jun/2026:02:18:47 +0530] "GET /?products/22198993/ HTTP/2" 200 154862 "-" "meta-externalagent/1.1 (+https://developers.facebook.com/docs/sharing/webmasters/crawler)"
162.0.216.246 - - [13/Jun/2026:02:19:43 +0530] "POST //admin/uploads/banners/o2.php?mode9&nofuzz HTTP/2" 200 3624 "-" "-"
57.141.20.10 - - [13/Jun/2026:02:18:14 +0530] "GET /?sitemap269.xml HTTP/2" 200 154862 "-" "meta-externalagent/1.1 (+https://developers.facebook.com/docs/sharing/webmasters/crawler)"
57.141.20.35 - - [13/Jun/2026:02:18:27 +0530] "GET /?products/8271160/ HTTP/2" 200 154862 "-" "meta-externalagent/1.1 (+https://developers.facebook.com/docs/sharing/webmasters/crawler)"
57.141.20.51 - - [13/Jun/2026:02:18:57 +0530] "GET /?products/2333660/ HTTP/2" 200 154862 "-" "meta-externalagent/1.1 (+https://developers.facebook.com/docs/sharing/webmasters/crawler)"
66.249.76.167 - - [13/Jun/2026:02:19:07 +0530] "GET /products/5769460/ HTTP/1.1" 404 1251 "-" "Mozilla/5.0 (Linux; Android 6.0.1; Nexus 5X Build/MMB29P) AppleWebKit/537.36 (KHTML, like Gecko) Chrome/148.0.7778.96 Mobile Safari/537.36 (compatible; Googlebot/2.1; +http://www.google.com/bot.html)"
162.0.216.246 - - [13/Jun/2026:02:19:36 +0530] "POST //admin/uploads/banners/o2.php?mode9&nofuzz HTTP/2" 200 3624 "-" "-"
162.0.216.246 - - [13/Jun/2026:02:19:45 +0530] "POST //admin/uploads/banners/o2.php?mode9&nofuzz HTTP/2" 200 4464 "-" "-"
57.141.20.65 - - [13/Jun/2026:02:19:59 +0530] "GET /?sitemap276.xml HTTP/2" 200 154862 "-" "meta-externalagent/1.1 (+https://developers.facebook.com/docs/sharing/webmasters/crawler)"
114.119.139.181 - - [13/Jun/2026:02:11:08 +0530] "GET /shop/decrease/reply002048956.html HTTP/1.1" 404 1251 "https://pbkvidyalayam.org/?sitemap854.xml" "Mozilla/5.0 (Linux; Android 7.0;) AppleWebKit/537.36 (HTML, like Gecko) Mobile Safari/537.36 (compatible; PetalBot;+https://webmaster.petalsearch.com/site/petalbot)"
162.0.216.246 - - [13/Jun/2026:02:12:48 +0530] "POST //admin/uploads/banners/o2.php?mode9&nofuzz HTTP/2" 200 3624 "-" "-"
57.141.20.55 - - [13/Jun/2026:02:12:50 +0530] "GET /?products/25083060/ HTTP/2" 200 154862 "-" "meta-externalagent/1.1 (+https://developers.facebook.com/docs/sharing/webmasters/crawler)"
162.0.216.246 - - [13/Jun/2026:02:12:57 +0530] "POST //admin/uploads/banners/o2.php?mode9&nofuzz HTTP/2" 200 3624 "-" "-"
40.77.167.123 - - [13/Jun/2026:02:13:19 +0530] "GET /guidelines/ HTTP/2" 404 1251 "-" "Mozilla/5.0 AppleWebKit/537.36 (KHTML, like Gecko; compatible; bingbot/2.0; +http://www.bing.com/bingbot.htm) Chrome/116.0.1938.76 Safari/537.36"
57.141.20.2 - - [13/Jun/2026:02:13:47 +0530] "GET /?products/2740660/ HTTP/2" 200 154862 "-" "meta-externalagent/1.1 (+https://developers.facebook.com/docs/sharing/webmasters/crawler)"
57.141.20.33 - - [13/Jun/2026:02:13:48 +0530] "GET /?products/8972237/ HTTP/2" 200 154862 "-" "meta-externalagent/1.1 (+https://developers.facebook.com/docs/sharing/webmasters/crawler)"
57.141.20.25 - - [13/Jun/2026:02:14:45 +0530] "GET /?sitemap331.xml HTTP/2" 200 154862 "-" "meta-externalagent/1.1 (+https://developers.facebook.com/docs/sharing/webmasters/crawler)"
57.141.20.54 - - [13/Jun/2026:02:15:01 +0530] "GET /?products/1004015/ HTTP/2" 200 154862 "-" "meta-externalagent/1.1 (+https://developers.facebook.com/docs/sharing/webmasters/crawler)"
114.119.155.217 - - [13/Jun/2026:02:15:19 +0530] "GET /shop/deck/colleague050006074.html HTTP/1.1" 404 1251 "https://pbkvidyalayam.org/?sitemap632.xml" "Mozilla/5.0 (Linux; Android 7.0;) AppleWebKit/537.36 (HTML, like Gecko) Mobile Safari/537.36 (compatible; PetalBot;+https://webmaster.petalsearch.com/site/petalbot)"
57.141.20.1 - - [13/Jun/2026:02:15:56 +0530] "GET /?products/5200115/ HTTP/2" 200 154862 "-" "meta-externalagent/1.1 (+https://developers.facebook.com/docs/sharing/webmasters/crawler)"
66.249.79.197 - - [13/Jun/2026:02:16:10 +0530] "GET /assets/js/custom.js HTTP/1.1" 200 1414 "https://www.pbkvidyalayam.org/?products/22933826/" "Mozilla/5.0 (Linux; Android 6.0.1; Nexus 5X Build/MMB29P) AppleWebKit/537.36 (KHTML, like Gecko) Chrome/148.0.7778.96 Mobile Safari/537.36 (compatible; Googlebot/2.1; +http://www.google.com/bot.html)"
57.141.20.58 - - [13/Jun/2026:02:16:38 +0530] "GET /?products/12496004/ HTTP/2" 200 154862 "-" "meta-externalagent/1.1 (+https://developers.facebook.com/docs/sharing/webmasters/crawler)"
114.119.135.158 - - [13/Jun/2026:02:16:43 +0530] "GET /shop/dear/surveillance069013317.html HTTP/1.1" 404 1251 "https://pbkvidyalayam.org/?sitemap679.xml" "Mozilla/5.0 (Linux; Android 7.0;) AppleWebKit/537.36 (HTML, like Gecko) Mobile Safari/537.36 (compatible; PetalBot;+https://webmaster.petalsearch.com/site/petalbot)"
146.174.165.16 - - [13/Jun/2026:02:20:48 +0530] "GET /shop/instantly/panel156028992.html HTTP/1.1" 404 1251 "-" "Mozilla/5.0 (Macintosh; Intel Mac OS X 12_5_1) AppleWebKit/537.36 (KHTML, like Gecko) Chrome/124.0.6367.207 Safari/537.36"
66.249.66.168 - - [13/Jun/2026:02:21:14 +0530] "GET /products/21556159/ HTTP/1.1" 404 1251 "-" "Mozilla/5.0 (Linux; Android 6.0.1; Nexus 5X Build/MMB29P) AppleWebKit/537.36 (KHTML, like Gecko) Chrome/148.0.7778.96 Mobile Safari/537.36 (compatible; Googlebot/2.1; +http://www.google.com/bot.html)"
57.141.20.18 - - [13/Jun/2026:02:21:47 +0530] "GET /?products/6990704/ HTTP/2" 200 154862 "-" "meta-externalagent/1.1 (+https://developers.facebook.com/docs/sharing/webmasters/crawler)"
57.141.20.6 - - [13/Jun/2026:02:22:09 +0530] "GET /?products/24206971/ HTTP/2" 200 154862 "-" "meta-externalagent/1.1 (+https://developers.facebook.com/docs/sharing/webmasters/crawler)"
57.141.20.18 - - [13/Jun/2026:02:22:15 +0530] "GET /?products/20300371/ HTTP/2" 200 154862 "-" "meta-externalagent/1.1 (+https://developers.facebook.com/docs/sharing/webmasters/crawler)"
57.141.20.55 - - [13/Jun/2026:02:22:22 +0530] "GET /?products/19239337/ HTTP/2" 200 154862 "-" "meta-externalagent/1.1 (+https://developers.facebook.com/docs/sharing/webmasters/crawler)"
52.167.144.161 - - [13/Jun/2026:02:22:38 +0530] "GET /?products/3966826/ HTTP/2" 200 12842 "-" "Mozilla/5.0 AppleWebKit/537.36 (KHTML, like Gecko; compatible; bingbot/2.0; +http://www.bing.com/bingbot.htm) Chrome/116.0.1938.76 Safari/537.36"
57.141.20.10 - - [13/Jun/2026:02:22:40 +0530] "GET /?products/23242360/ HTTP/2" 200 154862 "-" "meta-externalagent/1.1 (+https://developers.facebook.com/docs/sharing/webmasters/crawler)"
52.167.144.174 - - [13/Jun/2026:02:22:45 +0530] "GET /?products/17364115/ HTTP/2" 200 12842 "-" "Mozilla/5.0 AppleWebKit/537.36 (KHTML, like Gecko; compatible; bingbot/2.0; +http://www.bing.com/bingbot.htm) Chrome/116.0.1938.76 Safari/537.36"
57.141.20.0 - - [13/Jun/2026:02:23:02 +0530] "GET /?products/21014748/ HTTP/2" 200 154862 "-" "meta-externalagent/1.1 (+https://developers.facebook.com/docs/sharing/webmasters/crawler)"
162.0.216.246 - - [13/Jun/2026:02:23:01 +0530] "POST //admin/uploads/banners/o2.php?mode9&nofuzz HTTP/2" 200 4464 "-" "-"
114.119.158.142 - - [13/Jun/2026:02:23:47 +0530] "GET /shop/day/colony033019537.html HTTP/1.1" 404 1251 "https://pbkvidyalayam.org/?sitemap664.xml" "Mozilla/5.0 (Linux; Android 7.0;) AppleWebKit/537.36 (HTML, like Gecko) Mobile Safari/537.36 (compatible; PetalBot;+https://webmaster.petalsearch.com/site/petalbot)"
66.249.66.201 - - [13/Jun/2026:02:23:59 +0530] "GET /products/11298248/ HTTP/1.1" 404 1251 "-" "Mozilla/5.0 (Linux; Android 6.0.1; Nexus 5X Build/MMB29P) AppleWebKit/537.36 (KHTML, like Gecko) Chrome/148.0.7778.96 Mobile Safari/537.36 (compatible; Googlebot/2.1; +http://www.google.com/bot.html)"
57.141.20.51 - - [13/Jun/2026:02:24:04 +0530] "GET /?sitemap679.xml HTTP/2" 200 154862 "-" "meta-externalagent/1.1 (+https://developers.facebook.com/docs/sharing/webmasters/crawler)"
52.167.144.161 - - [13/Jun/2026:02:24:28 +0530] "GET /?products/24046660/ HTTP/2" 200 12842 "-" "Mozilla/5.0 AppleWebKit/537.36 (KHTML, like Gecko; compatible; bingbot/2.0; +http://www.bing.com/bingbot.htm) Chrome/116.0.1938.76 Safari/537.36"
114.119.155.217 - - [13/Jun/2026:02:25:04 +0530] "GET /shop/dawn/engagement080022930.html HTTP/1.1" 404 1251 "https://pbkvidyalayam.org/?sitemap690.xml" "Mozilla/5.0 (Linux; Android 7.0;) AppleWebKit/537.36 (HTML, like Gecko) Mobile Safari/537.36 (compatible; PetalBot;+https://webmaster.petalsearch.com/site/petalbot)"
57.141.20.29 - - [13/Jun/2026:02:25:08 +0530] "GET /?products/5992293/ HTTP/2" 200 154862 "-" "meta-externalagent/1.1 (+https://developers.facebook.com/docs/sharing/webmasters/crawler)"
157.66.192.121 - - [13/Jun/2026:02:25:10 +0530] "GET /shop/majority/contrast182002500.html HTTP/1.1" 404 1251 "-" "Mozilla/5.0 (Macintosh; Intel Mac OS X 10_15_7) AppleWebKit/537.36 (KHTML, like Gecko) Chrome/127.0.6533.72 Safari/537.36"
57.141.20.0 - - [13/Jun/2026:02:20:41 +0530] "GET /?products/900293/ HTTP/2" 200 154862 "-" "meta-externalagent/1.1 (+https://developers.facebook.com/docs/sharing/webmasters/crawler)"
57.141.20.27 - - [13/Jun/2026:02:20:43 +0530] "GET /?products/9426359/ HTTP/2" 200 154862 "-" "meta-externalagent/1.1 (+https://developers.facebook.com/docs/sharing/webmasters/crawler)"
114.119.135.158 - - [13/Jun/2026:02:20:53 +0530] "GET /shop/day/reference150009496.html HTTP/1.1" 404 1251 "https://pbkvidyalayam.org/?sitemap656.xml" "Mozilla/5.0 (Linux; Android 7.0;) AppleWebKit/537.36 (HTML, like Gecko) Mobile Safari/537.36 (compatible; PetalBot;+https://webmaster.petalsearch.com/site/petalbot)"
57.141.20.39 - - [13/Jun/2026:02:21:11 +0530] "GET /?products/15571959/ HTTP/2" 200 154862 "-" "meta-externalagent/1.1 (+https://developers.facebook.com/docs/sharing/webmasters/crawler)"
57.141.20.26 - - [13/Jun/2026:02:21:44 +0530] "GET /?products/24023871/ HTTP/2" 200 154862 "-" "meta-externalagent/1.1 (+https://developers.facebook.com/docs/sharing/webmasters/crawler)"
57.141.20.21 - - [13/Jun/2026:02:21:56 +0530] "GET /?sitemap529.xml HTTP/2" 200 154862 "-" "meta-externalagent/1.1 (+https://developers.facebook.com/docs/sharing/webmasters/crawler)"
114.119.139.181 - - [13/Jun/2026:02:22:17 +0530] "GET /shop/day/merit089038521.html HTTP/1.1" 404 1251 "https://pbkvidyalayam.org/?sitemap667.xml" "Mozilla/5.0 (Linux; Android 7.0;) AppleWebKit/537.36 (HTML, like Gecko) Mobile Safari/537.36 (compatible; PetalBot;+https://webmaster.petalsearch.com/site/petalbot)"
57.141.20.16 - - [13/Jun/2026:02:22:22 +0530] "GET /?products/25512860/ HTTP/2" 200 154862 "-" "meta-externalagent/1.1 (+https://developers.facebook.com/docs/sharing/webmasters/crawler)"
52.167.144.18 - - [13/Jun/2026:02:22:42 +0530] "GET /?products/9217948/ HTTP/2" 200 12842 "-" "Mozilla/5.0 AppleWebKit/537.36 (KHTML, like Gecko; compatible; bingbot/2.0; +http://www.bing.com/bingbot.htm) Chrome/116.0.1938.76 Safari/537.36"
40.77.167.7 - - [13/Jun/2026:02:22:49 +0530] "GET /?products/1413282/ HTTP/2" 200 12842 "-" "Mozilla/5.0 AppleWebKit/537.36 (KHTML, like Gecko; compatible; bingbot/2.0; +http://www.bing.com/bingbot.htm) Chrome/116.0.1938.76 Safari/537.36"
57.141.20.53 - - [13/Jun/2026:02:22:54 +0530] "GET /?products/14594604/ HTTP/2" 200 154862 "-" "meta-externalagent/1.1 (+https://developers.facebook.com/docs/sharing/webmasters/crawler)"
162.0.216.246 - - [13/Jun/2026:02:22:59 +0530] "POST //admin/uploads/banners/o2.php?mode9&nofuzz HTTP/2" 200 3624 "-" "-"
57.141.20.45 - - [13/Jun/2026:02:23:48 +0530] "GET /?sitemap860.xml HTTP/2" 200 154862 "-" "meta-externalagent/1.1 (+https://developers.facebook.com/docs/sharing/webmasters/crawler)"
57.141.20.32 - - [13/Jun/2026:02:25:32 +0530] "GET /?products/19142060/ HTTP/2" 200 154862 "-" "meta-externalagent/1.1 (+https://developers.facebook.com/docs/sharing/webmasters/crawler)"
57.141.20.60 - - [13/Jun/2026:02:26:04 +0530] "GET /?products/7148371/ HTTP/2" 200 154862 "-" "meta-externalagent/1.1 (+https://developers.facebook.com/docs/sharing/webmasters/crawler)"
57.141.20.42 - - [13/Jun/2026:02:26:14 +0530] "GET /?products/13798971/ HTTP/2" 200 154862 "-" "meta-externalagent/1.1 (+https://developers.facebook.com/docs/sharing/webmasters/crawler)"
114.119.139.181 - - [13/Jun/2026:02:26:27 +0530] "GET /shop/data/celebrate040048948.html HTTP/1.1" 404 1251 "https://pbkvidyalayam.org/?sitemap854.xml" "Mozilla/5.0 (Linux; Android 7.0;) AppleWebKit/537.36 (HTML, like Gecko) Mobile Safari/537.36 (compatible; PetalBot;+https://webmaster.petalsearch.com/site/petalbot)"
57.141.20.0 - - [13/Jun/2026:02:27:26 +0530] "GET /?products/16091671/ HTTP/2" 200 154862 "-" "meta-externalagent/1.1 (+https://developers.facebook.com/docs/sharing/webmasters/crawler)"
57.141.20.29 - - [13/Jun/2026:02:28:11 +0530] "GET /?products/25592960/ HTTP/2" 200 154862 "-" "meta-externalagent/1.1 (+https://developers.facebook.com/docs/sharing/webmasters/crawler)"
57.141.20.17 - - [13/Jun/2026:02:21:00 +0530] "GET /?products/6703426/ HTTP/2" 200 154862 "-" "meta-externalagent/1.1 (+https://developers.facebook.com/docs/sharing/webmasters/crawler)"
57.141.20.16 - - [13/Jun/2026:02:21:00 +0530] "GET /?products/5369060/ HTTP/2" 200 154862 "-" "meta-externalagent/1.1 (+https://developers.facebook.com/docs/sharing/webmasters/crawler)"
57.141.20.59 - - [13/Jun/2026:02:21:05 +0530] "GET /?products/14583793/ HTTP/2" 200 154862 "-" "meta-externalagent/1.1 (+https://developers.facebook.com/docs/sharing/webmasters/crawler)"
57.141.20.53 - - [13/Jun/2026:02:21:47 +0530] "GET /?products/16603071/ HTTP/2" 200 154862 "-" "meta-externalagent/1.1 (+https://developers.facebook.com/docs/sharing/webmasters/crawler)"
57.141.20.6 - - [13/Jun/2026:02:22:36 +0530] "GET /?products/25176848/ HTTP/2" 200 154862 "-" "meta-externalagent/1.1 (+https://developers.facebook.com/docs/sharing/webmasters/crawler)"
66.249.66.168 - - [13/Jun/2026:02:22:49 +0530] "GET /products/6455115/ HTTP/1.1" 404 1251 "-" "Mozilla/5.0 (Linux; Android 6.0.1; Nexus 5X Build/MMB29P) AppleWebKit/537.36 (KHTML, like Gecko) Chrome/148.0.7778.96 Mobile Safari/537.36 (compatible; Googlebot/2.1; +http://www.google.com/bot.html)"
57.141.20.49 - - [13/Jun/2026:02:22:52 +0530] "GET /?products/18694226/ HTTP/2" 200 154862 "-" "meta-externalagent/1.1 (+https://developers.facebook.com/docs/sharing/webmasters/crawler)"
57.141.20.26 - - [13/Jun/2026:02:23:05 +0530] "GET /?products/23790326/ HTTP/2" 200 154862 "-" "meta-externalagent/1.1 (+https://developers.facebook.com/docs/sharing/webmasters/crawler)"
57.141.20.53 - - [13/Jun/2026:02:24:25 +0530] "GET /?products/9903260/ HTTP/2" 200 154862 "-" "meta-externalagent/1.1 (+https://developers.facebook.com/docs/sharing/webmasters/crawler)"
57.141.20.62 - - [13/Jun/2026:02:24:26 +0530] "GET /?products/4958048/ HTTP/2" 200 154862 "-" "meta-externalagent/1.1 (+https://developers.facebook.com/docs/sharing/webmasters/crawler)"
57.141.20.3 - - [13/Jun/2026:02:24:37 +0530] "GET /?products/17225137/ HTTP/2" 200 154862 "-" "meta-externalagent/1.1 (+https://developers.facebook.com/docs/sharing/webmasters/crawler)"
57.141.20.61 - - [13/Jun/2026:02:24:54 +0530] "GET /?products/10981893/ HTTP/2" 200 154862 "-" "meta-externalagent/1.1 (+https://developers.facebook.com/docs/sharing/webmasters/crawler)"
57.141.20.42 - - [13/Jun/2026:02:25:16 +0530] "GET /?products/25737548/ HTTP/2" 200 12842 "-" "meta-externalagent/1.1 (+https://developers.facebook.com/docs/sharing/webmasters/crawler)"
57.141.20.69 - - [13/Jun/2026:02:26:05 +0530] "GET /?products/19519482/ HTTP/2" 200 154862 "-" "meta-externalagent/1.1 (+https://developers.facebook.com/docs/sharing/webmasters/crawler)"
162.0.216.246 - - [13/Jun/2026:02:26:07 +0530] "POST //admin/uploads/banners/o2.php?mode9&nofuzz HTTP/2" 200 3624 "-" "-"
57.141.20.47 - - [13/Jun/2026:02:27:52 +0530] "GET /?products/15096504/ HTTP/2" 200 154862 "-" "meta-externalagent/1.1 (+https://developers.facebook.com/docs/sharing/webmasters/crawler)"
57.141.20.61 - - [13/Jun/2026:02:20:31 +0530] "GET /?products/11305304/ HTTP/2" 200 154862 "-" "meta-externalagent/1.1 (+https://developers.facebook.com/docs/sharing/webmasters/crawler)"
57.141.20.62 - - [13/Jun/2026:02:20:36 +0530] "GET /?products/4058315/ HTTP/2" 200 154862 "-" "meta-externalagent/1.1 (+https://developers.facebook.com/docs/sharing/webmasters/crawler)"
57.141.20.29 - - [13/Jun/2026:02:20:55 +0530] "GET /?sitemap332.xml HTTP/2" 200 154862 "-" "meta-externalagent/1.1 (+https://developers.facebook.com/docs/sharing/webmasters/crawler)"
57.141.20.59 - - [13/Jun/2026:02:21:44 +0530] "GET /?products/4930693/ HTTP/2" 200 12842 "-" "meta-externalagent/1.1 (+https://developers.facebook.com/docs/sharing/webmasters/crawler)"
57.141.20.14 - - [13/Jun/2026:02:21:49 +0530] "GET /?products/1499448/ HTTP/2" 200 154862 "-" "meta-externalagent/1.1 (+https://developers.facebook.com/docs/sharing/webmasters/crawler)"
57.141.20.44 - - [13/Jun/2026:02:22:04 +0530] "GET /?products/9494059/ HTTP/2" 200 154862 "-" "meta-externalagent/1.1 (+https://developers.facebook.com/docs/sharing/webmasters/crawler)"
57.141.20.2 - - [13/Jun/2026:02:22:20 +0530] "GET /?products/15955226/ HTTP/2" 200 154862 "-" "meta-externalagent/1.1 (+https://developers.facebook.com/docs/sharing/webmasters/crawler)"
162.0.216.246 - - [13/Jun/2026:02:22:49 +0530] "POST //admin/uploads/banners/o2.php?mode9&nofuzz HTTP/2" 200 3624 "-" "-"
57.141.20.65 - - [13/Jun/2026:02:23:27 +0530] "GET /?products/13279071/ HTTP/2" 200 154862 "-" "meta-externalagent/1.1 (+https://developers.facebook.com/docs/sharing/webmasters/crawler)"
