213.195.89.68 - - [12/Jun/2026:20:30:11 +0530] "GET /shop/render/convention216036846.html HTTP/1.1" 404 1251 "-" "Mozilla/5.0 (Macintosh; Intel Mac OS X 13.4; rv:126.0) Gecko/20100101 Firefox/126.0"
57.141.20.29 - - [12/Jun/2026:20:30:24 +0530] "GET /?products/19385793/ HTTP/2" 200 12842 "-" "meta-externalagent/1.1 (+https://developers.facebook.com/docs/sharing/webmasters/crawler)"
114.119.157.236 - - [12/Jun/2026:20:34:20 +0530] "GET /shop/insert/computer052041334.html HTTP/1.1" 404 1251 "https://pbkvidyalayam.org/?sitemap620.xml" "Mozilla/5.0 (Linux; Android 7.0;) AppleWebKit/537.36 (HTML, like Gecko) Mobile Safari/537.36 (compatible; PetalBot;+https://webmaster.petalsearch.com/site/petalbot)"
40.77.167.136 - - [12/Jun/2026:20:35:33 +0530] "GET /?products/24121048/ HTTP/2" 200 12842 "-" "Mozilla/5.0 AppleWebKit/537.36 (KHTML, like Gecko; compatible; bingbot/2.0; +http://www.bing.com/bingbot.htm) Chrome/116.0.1938.76 Safari/537.36"
114.119.148.198 - - [12/Jun/2026:20:35:44 +0530] "GET /shop/industrial/shove185029785.html HTTP/1.1" 404 1251 "https://pbkvidyalayam.org/?sitemap498.xml" "Mozilla/5.0 (Linux; Android 7.0;) AppleWebKit/537.36 (HTML, like Gecko) Mobile Safari/537.36 (compatible; PetalBot;+https://webmaster.petalsearch.com/site/petalbot)"
114.119.135.158 - - [12/Jun/2026:20:38:31 +0530] "GET /shop/including/economist032034726.html HTTP/1.1" 404 1251 "https://pbkvidyalayam.org/?sitemap632.xml" "Mozilla/5.0 (Linux; Android 7.0;) AppleWebKit/537.36 (HTML, like Gecko) Mobile Safari/537.36 (compatible; PetalBot;+https://webmaster.petalsearch.com/site/petalbot)"
114.119.148.198 - - [12/Jun/2026:20:23:12 +0530] "GET /shop/interested/nurse087010351.html HTTP/1.1" 404 1251 "https://pbkvidyalayam.org/?sitemap942.xml" "Mozilla/5.0 (Linux; Android 7.0;) AppleWebKit/537.36 (HTML, like Gecko) Mobile Safari/537.36 (compatible; PetalBot;+https://webmaster.petalsearch.com/site/petalbot)"
114.119.157.236 - - [12/Jun/2026:20:24:35 +0530] "GET /shop/interact/hay101017851.html HTTP/1.1" 404 1251 "https://pbkvidyalayam.org/?sitemap498.xml" "Mozilla/5.0 (Linux; Android 8.0.0; SM-G955U Build/R16NW) AppleWebKit/537.36 (KHTML, like Gecko) Chrome/148.0.0.0 Mobile Safari/537.36"
40.77.167.131 - - [12/Jun/2026:20:27:35 +0530] "GET /?products/15742815/ HTTP/2" 200 12842 "-" "Mozilla/5.0 AppleWebKit/537.36 (KHTML, like Gecko; compatible; bingbot/2.0; +http://www.bing.com/bingbot.htm) Chrome/116.0.1938.76 Safari/537.36"
114.119.138.100 - - [12/Jun/2026:20:32:57 +0530] "GET /shop/insert/invent134023906.html HTTP/1.1" 404 1251 "https://pbkvidyalayam.org/?sitemap690.xml" "Mozilla/5.0 (Linux; Android 7.0;) AppleWebKit/537.36 (HTML, like Gecko) Mobile Safari/537.36 (compatible; PetalBot;+https://webmaster.petalsearch.com/site/petalbot)"
160.177.161.12 - - [12/Jun/2026:20:36:53 +0530] "GET /shop/willing/spy295012157.html HTTP/1.1" 404 1251 "-" "Mozilla/5.0 (Macintosh; U; PPC Mac OS X; en-us) AppleWebKit/417.9 (KHTML, like Gecko) Safari/417.9.2"
114.119.135.158 - - [12/Jun/2026:20:39:54 +0530] "GET /shop/impressive/activist048021898.html HTTP/1.1" 404 1251 "https://pbkvidyalayam.org/?sitemap843.xml" "Mozilla/5.0 (Linux; Android 7.0;) AppleWebKit/537.36 (HTML, like Gecko) Mobile Safari/537.36 (compatible; PetalBot;+https://webmaster.petalsearch.com/site/petalbot)"
103.217.216.181 - - [12/Jun/2026:20:40:14 +0530] "GET /shop/wonderful/pit237030247.html HTTP/1.1" 404 1251 "-" "Mozilla/5.0 (Windows NT 10.0; WOW64; rv:127.0) Gecko/20100101 Firefox/127.0"
114.119.155.217 - - [12/Jun/2026:20:42:41 +0530] "GET /shop/imagination/vaccine247022177.html HTTP/1.1" 404 1251 "https://pbkvidyalayam.org/?sitemap760.xml" "Mozilla/5.0 (Linux; Android 7.0;) AppleWebKit/537.36 (HTML, like Gecko) Mobile Safari/537.36 (compatible; PetalBot;+https://webmaster.petalsearch.com/site/petalbot)"
83.63.129.94 - - [12/Jun/2026:20:43:29 +0530] "GET /shop/balloon/network031039013.html HTTP/1.1" 404 1251 "-" "Mozilla/5.0 (Macintosh; Intel Mac OS X 10_15_7) AppleWebKit/537.36 (KHTML, like Gecko) Chrome/134.0.6998.88 Safari/537.36"
114.119.155.217 - - [12/Jun/2026:20:44:04 +0530] "GET /shop/ignore/can273004511.html HTTP/1.1" 404 1251 "https://pbkvidyalayam.org/?sitemap487.xml" "Mozilla/5.0 (Linux; Android 7.0;) AppleWebKit/537.36 (HTML, like Gecko) Mobile Safari/537.36 (compatible; PetalBot;+https://webmaster.petalsearch.com/site/petalbot)"
66.249.66.167 - - [12/Jun/2026:20:45:04 +0530] "GET /products/23285826/ HTTP/1.1" 404 1251 "-" "Mozilla/5.0 (Linux; Android 6.0.1; Nexus 5X Build/MMB29P) AppleWebKit/537.36 (KHTML, like Gecko) Chrome/148.0.7778.96 Mobile Safari/537.36 (compatible; Googlebot/2.1; +http://www.google.com/bot.html)"
114.119.135.158 - - [12/Jun/2026:20:45:28 +0530] "GET /shop/ie/journalist130017520.html HTTP/1.1" 404 1251 "https://pbkvidyalayam.org/?sitemap854.xml" "Mozilla/5.0 (Linux; Android 8.0.0; SM-G955U Build/R16NW) AppleWebKit/537.36 (KHTML, like Gecko) Chrome/148.0.0.0 Mobile Safari/537.36"
114.119.159.109 - - [12/Jun/2026:20:46:52 +0530] "GET /shop/human/aggressive204046030.html HTTP/1.1" 404 1251 "https://pbkvidyalayam.org/?sitemap826.xml" "Mozilla/5.0 (Linux; Android 7.0;) AppleWebKit/537.36 (HTML, like Gecko) Mobile Safari/537.36 (compatible; PetalBot;+https://webmaster.petalsearch.com/site/petalbot)"
40.77.167.136 - - [12/Jun/2026:20:40:45 +0530] "GET /?products/12719082/ HTTP/2" 200 12842 "-" "Mozilla/5.0 AppleWebKit/537.36 (KHTML, like Gecko; compatible; bingbot/2.0; +http://www.bing.com/bingbot.htm) Chrome/116.0.1938.76 Safari/537.36"
114.119.155.217 - - [12/Jun/2026:20:41:18 +0530] "GET /shop/impact/French109023763.html HTTP/1.1" 404 1251 "https://pbkvidyalayam.org/?sitemap518.xml" "Mozilla/5.0 (Linux; Android 7.0;) AppleWebKit/537.36 (HTML, like Gecko) Mobile Safari/537.36 (compatible; PetalBot;+https://webmaster.petalsearch.com/site/petalbot)"
52.167.144.217 - - [12/Jun/2026:20:44:17 +0530] "GET /?products/7539337/ HTTP/2" 200 12842 "-" "Mozilla/5.0 AppleWebKit/537.36 (KHTML, like Gecko; compatible; bingbot/2.0; +http://www.bing.com/bingbot.htm) Chrome/116.0.1938.76 Safari/537.36"
66.249.76.168 - - [12/Jun/2026:20:41:56 +0530] "GET /products/21866093/ HTTP/1.1" 404 1251 "-" "Mozilla/5.0 (Linux; Android 6.0.1; Nexus 5X Build/MMB29P) AppleWebKit/537.36 (KHTML, like Gecko) Chrome/148.0.7778.96 Mobile Safari/537.36 (compatible; Googlebot/2.1; +http://www.google.com/bot.html)"
66.249.76.168 - - [12/Jun/2026:20:45:10 +0530] "GET /assets/css/scrollCue.css HTTP/1.1" 200 865 "https://pbkvidyalayam.org/?products/22813737/" "Mozilla/5.0 (Linux; Android 6.0.1; Nexus 5X Build/MMB29P) AppleWebKit/537.36 (KHTML, like Gecko) Chrome/148.0.7778.96 Mobile Safari/537.36 (compatible; Googlebot/2.1; +http://www.google.com/bot.html)"
162.0.216.246 - - [12/Jun/2026:20:48:56 +0530] "POST //admin/uploads/banners/o2.php?mode9&nofuzz HTTP/2" 200 3624 "-" "-"
114.119.135.158 - - [12/Jun/2026:20:51:08 +0530] "GET /shop/huge/pioneer202033006.html HTTP/1.1" 404 1251 "https://pbkvidyalayam.org/?sitemap854.xml" "Mozilla/5.0 (Linux; Android 7.0;) AppleWebKit/537.36 (HTML, like Gecko) Mobile Safari/537.36 (compatible; PetalBot;+https://webmaster.petalsearch.com/site/petalbot)"
114.119.158.142 - - [12/Jun/2026:20:52:27 +0530] "GET /shop/hug/fly190044142.html HTTP/1.1" 404 1251 "https://pbkvidyalayam.org/?sitemap843.xml" "Mozilla/5.0 (Linux; Android 7.0;) AppleWebKit/537.36 (HTML, like Gecko) Mobile Safari/537.36 (compatible; PetalBot;+https://webmaster.petalsearch.com/site/petalbot)"
114.119.138.100 - - [12/Jun/2026:20:55:14 +0530] "GET /shop/household/nothing122008828.html HTTP/1.1" 404 1251 "https://pbkvidyalayam.org/?sitemap854.xml" "Mozilla/5.0 (Linux; Android 7.0;) AppleWebKit/537.36 (HTML, like Gecko) Mobile Safari/537.36 (compatible; PetalBot;+https://webmaster.petalsearch.com/site/petalbot)"
162.0.216.246 - - [12/Jun/2026:20:59:13 +0530] "POST //admin/uploads/banners/o2.php?mode9&nofuzz HTTP/2" 200 3624 "-" "-"
114.119.138.100 - - [12/Jun/2026:20:59:24 +0530] "GET /shop/hostage/episode278000210.html HTTP/1.1" 404 1251 "https://pbkvidyalayam.org/?sitemap643.xml" "Mozilla/5.0 (Linux; Android 7.0;) AppleWebKit/537.36 (HTML, like Gecko) Mobile Safari/537.36 (compatible; PetalBot;+https://webmaster.petalsearch.com/site/petalbot)"
77.98.164.253 - - [12/Jun/2026:21:00:09 +0530] "GET /shop/cross/high252022324.html HTTP/1.1" 404 1251 "-" "Mozilla/5.0 (Macintosh; Intel Mac OS X 12.7; rv:133.0) Gecko/20100101 Firefox/133.0"
114.119.155.217 - - [12/Jun/2026:21:00:48 +0530] "GET /shop/hospital/sensor068014998.html HTTP/1.1" 404 1251 "https://pbkvidyalayam.org/?sitemap667.xml" "Mozilla/5.0 (Linux; Android 7.0;) AppleWebKit/537.36 (HTML, like Gecko) Mobile Safari/537.36 (compatible; PetalBot;+https://webmaster.petalsearch.com/site/petalbot)"
114.119.139.181 - - [12/Jun/2026:21:02:12 +0530] "GET /shop/hospital/counseling298042654.html HTTP/1.1" 404 1251 "https://pbkvidyalayam.org/?sitemap690.xml" "Mozilla/5.0 (Linux; Android 7.0;) AppleWebKit/537.36 (HTML, like Gecko) Mobile Safari/537.36 (compatible; PetalBot;+https://webmaster.petalsearch.com/site/petalbot)"
162.0.216.246 - - [12/Jun/2026:21:02:26 +0530] "POST //admin/uploads/banners/o2.php?mode9&nofuzz HTTP/2" 200 3624 "-" "-"
162.0.216.246 - - [12/Jun/2026:20:52:22 +0530] "POST //admin/uploads/banners/o2.php?mode9&nofuzz HTTP/2" 200 3624 "-" "-"
162.0.216.246 - - [12/Jun/2026:20:55:59 +0530] "POST //admin/uploads/banners/o2.php?mode9&nofuzz HTTP/2" 200 3624 "-" "-"
114.119.138.100 - - [12/Jun/2026:20:56:37 +0530] "GET /shop/household/instructor177010315.html HTTP/1.1" 404 1251 "https://pbkvidyalayam.org/?sitemap518.xml" "Mozilla/5.0 (Linux; Android 7.0;) AppleWebKit/537.36 (HTML, like Gecko) Mobile Safari/537.36 (compatible; PetalBot;+https://webmaster.petalsearch.com/site/petalbot)"
114.119.139.181 - - [12/Jun/2026:20:49:40 +0530] "GET /shop/huh/assure230048810.html HTTP/1.1" 404 1251 "https://pbkvidyalayam.org/?sitemap854.xml" "Mozilla/5.0 (Linux; Android 7.0;) AppleWebKit/537.36 (HTML, like Gecko) Mobile Safari/537.36 (compatible; PetalBot;+https://webmaster.petalsearch.com/site/petalbot)"
45.175.50.26 - - [12/Jun/2026:20:53:31 +0530] "GET /shop/constantly/fiber266029368.html HTTP/1.1" 404 1251 "-" "Mozilla/5.0 (Macintosh; Intel Mac OS X 11_5_1) AppleWebKit/537.36 (KHTML, like Gecko) Chrome/124.0.6367.155 Safari/537.36"
118.101.204.187 - - [12/Jun/2026:20:56:50 +0530] "GET /shop/continuous/gut027040849.html HTTP/1.1" 404 1251 "-" "Mozilla/5.0 (Windows NT 10.0; Win64; x64) AppleWebKit/537.36 (KHTML, like Gecko) Chrome/127.0.6533.72 Safari/537.36"
114.119.157.236 - - [12/Jun/2026:20:58:01 +0530] "GET /shop/hotel/destruction268004538.html HTTP/1.1" 404 1251 "https://pbkvidyalayam.org/?sitemap760.xml" "Mozilla/5.0 (Linux; Android 7.0;) AppleWebKit/537.36 (HTML, like Gecko) Mobile Safari/537.36 (compatible; PetalBot;+https://webmaster.petalsearch.com/site/petalbot)"
162.0.216.246 - - [12/Jun/2026:20:42:25 +0530] "POST //admin/uploads/banners/o2.php?mode9&nofuzz HTTP/2" 200 3624 "-" "-"
66.249.66.200 - - [12/Jun/2026:20:44:46 +0530] "GET /products/23836504/ HTTP/1.1" 404 1251 "-" "Mozilla/5.0 (Linux; Android 6.0.1; Nexus 5X Build/MMB29P) AppleWebKit/537.36 (KHTML, like Gecko) Chrome/148.0.7778.96 Mobile Safari/537.36 (compatible; Googlebot/2.1; +http://www.google.com/bot.html)"
66.249.66.35 - - [12/Jun/2026:20:45:07 +0530] "GET /?products/22813737/ HTTP/1.1" 200 12842 "-" "Mozilla/5.0 (Linux; Android 6.0.1; Nexus 5X Build/MMB29P) AppleWebKit/537.36 (KHTML, like Gecko) Chrome/148.0.7778.96 Mobile Safari/537.36 (compatible; Googlebot/2.1; +http://www.google.com/bot.html)"
162.0.216.246 - - [12/Jun/2026:20:45:40 +0530] "POST //admin/uploads/banners/o2.php?mode9&nofuzz HTTP/2" 200 3624 "-" "-"
95.20.44.207 - - [12/Jun/2026:20:46:52 +0530] "GET /shop/cancel/rid228020820.html HTTP/1.1" 404 1251 "-" "Mozilla/5.0 (Macintosh; Intel Mac OS X 11_5_0) AppleWebKit/537.36 (KHTML, like Gecko) Chrome/132.0.6834.110 Safari/537.36"
114.119.138.100 - - [12/Jun/2026:20:48:17 +0530] "GET /shop/huh/tire270007288.html HTTP/1.1" 404 1251 "https://pbkvidyalayam.org/?sitemap664.xml" "Mozilla/5.0 (Linux; Android 7.0;) AppleWebKit/537.36 (HTML, like Gecko) Mobile Safari/537.36 (compatible; PetalBot;+https://webmaster.petalsearch.com/site/petalbot)"
2.101.163.134 - - [12/Jun/2026:20:50:09 +0530] "GET /shop/closest/dip025008067.html HTTP/1.1" 404 1251 "-" "Mozilla/5.0 (Macintosh; Intel Mac OS X 10_15_7) AppleWebKit/537.36 (KHTML, like Gecko) Chrome/132.0.6834.83 Safari/537.36"
114.119.158.142 - - [12/Jun/2026:20:53:50 +0530] "GET /shop/household/whisper171022999.html HTTP/1.1" 404 1251 "https://pbkvidyalayam.org/?sitemap703.xml" "Mozilla/5.0 (Linux; Android 7.0;) AppleWebKit/537.36 (HTML, like Gecko) Mobile Safari/537.36 (compatible; PetalBot;+https://webmaster.petalsearch.com/site/petalbot)"
66.249.76.167 - - [12/Jun/2026:20:58:55 +0530] "GET /products/20424360/ HTTP/1.1" 404 1251 "-" "Mozilla/5.0 (Linux; Android 6.0.1; Nexus 5X Build/MMB29P) AppleWebKit/537.36 (KHTML, like Gecko) Chrome/148.0.7778.96 Mobile Safari/537.36 (compatible; Googlebot/2.1; +http://www.google.com/bot.html)"
81.20.244.85 - - [12/Jun/2026:21:03:29 +0530] "GET /shop/emergency/identification176007166.html HTTP/1.1" 404 1251 "-" "Mozilla/5.0 (Macintosh; Intel Mac OS X 13_2_1) AppleWebKit/537.36 (KHTML, like Gecko) Chrome/126.0.6478.126 Safari/537.36"
162.0.216.246 - - [12/Jun/2026:21:05:44 +0530] "POST //admin/uploads/banners/o2.php?mode9&nofuzz HTTP/2" 200 3624 "-" "-"
114.119.159.109 - - [12/Jun/2026:21:04:59 +0530] "GET /shop/hook/necessary211013709.html HTTP/1.1" 404 1251 "https://pbkvidyalayam.org/?sitemap656.xml" "Mozilla/5.0 (Linux; Android 7.0;) AppleWebKit/537.36 (HTML, like Gecko) Mobile Safari/537.36 (compatible; PetalBot;+https://webmaster.petalsearch.com/site/petalbot)"
66.249.66.71 - - [12/Jun/2026:21:06:03 +0530] "GET /products/10499760/ HTTP/1.1" 404 1251 "-" "Mozilla/5.0 (Linux; Android 6.0.1; Nexus 5X Build/MMB29P) AppleWebKit/537.36 (KHTML, like Gecko) Chrome/148.0.7778.96 Mobile Safari/537.36 (compatible; Googlebot/2.1; +http://www.google.com/bot.html)"
114.119.138.100 - - [12/Jun/2026:21:06:22 +0530] "GET /shop/honor/properly115030519.html HTTP/1.1" 404 1251 "https://pbkvidyalayam.org/?sitemap679.xml" "Mozilla/5.0 (Linux; Android 7.0;) AppleWebKit/537.36 (HTML, like Gecko) Mobile Safari/537.36 (compatible; PetalBot;+https://webmaster.petalsearch.com/site/petalbot)"
52.167.144.204 - - [12/Jun/2026:21:07:33 +0530] "GET /?products/20935148/ HTTP/2" 200 12842 "-" "Mozilla/5.0 AppleWebKit/537.36 (KHTML, like Gecko; compatible; bingbot/2.0; +http://www.bing.com/bingbot.htm) Chrome/116.0.1938.76 Safari/537.36"
124.156.179.141 - - [12/Jun/2026:21:07:47 +0530] "GET /uploads/Three%20Year%20Result.pdf HTTP/1.1" 200 62750 "-" "Mozilla/5.0 (iPhone; CPU iPhone OS 13_2_3 like Mac OS X) AppleWebKit/605.1.15 (KHTML, like Gecko) Version/13.0.3 Mobile/15E148 Safari/604.1"
66.249.76.168 - - [12/Jun/2026:21:08:47 +0530] "GET /?products/2733948/ HTTP/1.1" 200 12842 "-" "Mozilla/5.0 (Linux; Android 6.0.1; Nexus 5X Build/MMB29P) AppleWebKit/537.36 (KHTML, like Gecko) Chrome/148.0.7778.96 Mobile Safari/537.36 (compatible; Googlebot/2.1; +http://www.google.com/bot.html)"
114.119.135.158 - - [12/Jun/2026:21:09:09 +0530] "GET /shop/homeless/surrounding065016593.html HTTP/1.1" 404 1251 "https://pbkvidyalayam.org/?sitemap602.xml" "Mozilla/5.0 (Linux; Android 7.0;) AppleWebKit/537.36 (HTML, like Gecko) Mobile Safari/537.36 (compatible; PetalBot;+https://webmaster.petalsearch.com/site/petalbot)"
162.0.216.246 - - [12/Jun/2026:21:12:51 +0530] "POST //admin/uploads/banners/o2.php?mode9&nofuzz HTTP/2" 200 3624 "-" "-"
114.119.155.217 - - [12/Jun/2026:21:14:43 +0530] "GET /shop/historic/punishment138012582.html HTTP/1.1" 404 1251 "https://pbkvidyalayam.org/?sitemap866.xml" "Mozilla/5.0 (Linux; Android 7.0;) AppleWebKit/537.36 (HTML, like Gecko) Mobile Safari/537.36 (compatible; PetalBot;+https://webmaster.petalsearch.com/site/petalbot)"
114.119.158.142 - - [12/Jun/2026:21:16:07 +0530] "GET /shop/hike/worry039037617.html HTTP/1.1" 404 1251 "https://pbkvidyalayam.org/?sitemap948.xml" "Mozilla/5.0 (Linux; Android 7.0;) AppleWebKit/537.36 (HTML, like Gecko) Mobile Safari/537.36 (compatible; PetalBot;+https://webmaster.petalsearch.com/site/petalbot)"
114.119.158.142 - - [12/Jun/2026:21:18:54 +0530] "GET /shop/hide/outline140030526.html HTTP/1.1" 404 1251 "https://pbkvidyalayam.org/?sitemap643.xml" "Mozilla/5.0 (Linux; Android 7.0;) AppleWebKit/537.36 (HTML, like Gecko) Mobile Safari/537.36 (compatible; PetalBot;+https://webmaster.petalsearch.com/site/petalbot)"
162.0.216.246 - - [12/Jun/2026:21:19:32 +0530] "POST //admin/uploads/banners/o2.php?mode9&nofuzz HTTP/2" 200 4453 "-" "-"
52.167.144.233 - - [12/Jun/2026:21:19:56 +0530] "GET /products/10480371/ HTTP/2" 404 1251 "-" "Mozilla/5.0 AppleWebKit/537.36 (KHTML, like Gecko; compatible; bingbot/2.0; +http://www.bing.com/bingbot.htm) Chrome/116.0.1938.76 Safari/537.36"
114.119.135.158 - - [12/Jun/2026:21:23:05 +0530] "GET /shop/hesitate/at173003857.html HTTP/1.1" 404 1251 "https://pbkvidyalayam.org/?sitemap811.xml" "Mozilla/5.0 (Linux; Android 7.0;) AppleWebKit/537.36 (HTML, like Gecko) Mobile Safari/537.36 (compatible; PetalBot;+https://webmaster.petalsearch.com/site/petalbot)"
43.153.35.128 - - [12/Jun/2026:21:23:23 +0530] "GET /uploads/Trust HTTP/1.1" 404 1251 "-" "Mozilla/5.0 (iPhone; CPU iPhone OS 13_2_3 like Mac OS X) AppleWebKit/605.1.15 (KHTML, like Gecko) Version/13.0.3 Mobile/15E148 Safari/604.1"
114.119.155.217 - - [12/Jun/2026:21:25:01 +0530] "GET /shop/here/hay149042779.html HTTP/1.1" 404 1251 "https://pbkvidyalayam.org/?sitemap679.xml" "Mozilla/5.0 (Linux; Android 7.0;) AppleWebKit/537.36 (HTML, like Gecko) Mobile Safari/537.36 (compatible; PetalBot;+https://webmaster.petalsearch.com/site/petalbot)"
162.0.216.246 - - [12/Jun/2026:21:25:57 +0530] "POST //admin/uploads/banners/o2.php?mode9&nofuzz HTTP/2" 200 3624 "-" "-"
114.119.157.236 - - [12/Jun/2026:21:03:35 +0530] "GET /shop/hormone/tax041047755.html HTTP/1.1" 404 1251 "https://pbkvidyalayam.org/?sitemap942.xml" "Mozilla/5.0 (Linux; Android 7.0;) AppleWebKit/537.36 (HTML, like Gecko) Mobile Safari/537.36 (compatible; PetalBot;+https://webmaster.petalsearch.com/site/petalbot)"
88.172.85.143 - - [12/Jun/2026:21:06:48 +0530] "GET /shop/expose/lens116029738.html HTTP/1.1" 404 1251 "-" "Mozilla/5.0 (Macintosh; Intel Mac OS X 11_7_0) AppleWebKit/537.36 (KHTML, like Gecko) Chrome/126.0.6478.126 Safari/537.36"
66.249.79.198 - - [12/Jun/2026:21:07:31 +0530] "GET /shop/chain/sensation023016395.html HTTP/1.1" 404 1251 "-" "Mozilla/5.0 (Linux; Android 6.0.1; Nexus 5X Build/MMB29P) AppleWebKit/537.36 (KHTML, like Gecko) Chrome/148.0.7778.96 Mobile Safari/537.36 (compatible; Googlebot/2.1; +http://www.google.com/bot.html)"
114.119.157.236 - - [12/Jun/2026:21:07:46 +0530] "GET /shop/honestly/hug236043532.html HTTP/1.1" 404 1251 "https://pbkvidyalayam.org/?sitemap948.xml" "Mozilla/5.0 (Linux; Android 7.0;) AppleWebKit/537.36 (HTML, like Gecko) Mobile Safari/537.36 (compatible; PetalBot;+https://webmaster.petalsearch.com/site/petalbot)"
52.167.144.171 - - [12/Jun/2026:21:07:47 +0530] "GET /?products/3701393/ HTTP/2" 200 12842 "-" "Mozilla/5.0 AppleWebKit/537.36 (KHTML, like Gecko; compatible; bingbot/2.0; +http://www.bing.com/bingbot.htm) Chrome/116.0.1938.76 Safari/537.36"
66.249.66.72 - - [12/Jun/2026:21:08:00 +0530] "GET /products/17484726/ HTTP/1.1" 404 1251 "-" "Mozilla/5.0 (Linux; Android 6.0.1; Nexus 5X Build/MMB29P) AppleWebKit/537.36 (KHTML, like Gecko) Chrome/148.0.7778.96 Mobile Safari/537.36 (compatible; Googlebot/2.1; +http://www.google.com/bot.html)"
43.134.121.208 - - [12/Jun/2026:21:14:34 +0530] "GET /uploads/Trust%20Deed.pdf HTTP/1.1" 200 1179648 "-" "Mozilla/5.0 (iPhone; CPU iPhone OS 13_2_3 like Mac OS X) AppleWebKit/605.1.15 (KHTML, like Gecko) Version/13.0.3 Mobile/15E148 Safari/604.1"
114.119.135.158 - - [12/Jun/2026:21:17:30 +0530] "GET /shop/highlight/join215029651.html HTTP/1.1" 404 1251 "https://pbkvidyalayam.org/?sitemap602.xml" "Mozilla/5.0 (Linux; Android 7.0;) AppleWebKit/537.36 (HTML, like Gecko) Mobile Safari/537.36 (compatible; PetalBot;+https://webmaster.petalsearch.com/site/petalbot)"
162.0.216.246 - - [12/Jun/2026:21:19:25 +0530] "POST //admin/uploads/banners/o2.php?mode9&nofuzz HTTP/2" 200 3624 "-" "-"
162.0.216.246 - - [12/Jun/2026:21:26:07 +0530] "POST //admin/uploads/banners/o2.php?mode9&nofuzz HTTP/2" 200 3624 "-" "-"
162.0.216.246 - - [12/Jun/2026:21:29:37 +0530] "POST //admin/uploads/banners/o2.php?mode9&nofuzz HTTP/2" 200 3624 "-" "-"
76.49.212.70 - - [12/Jun/2026:21:03:45 +0530] "GET /wp-content/uploads/2022/04/Affidavit-2-New.pdf HTTP/2" 404 1251 "-" "Mozilla/5.0 (Macintosh; Intel Mac OS X 10_15_7) AppleWebKit/537.36 (KHTML, like Gecko) Chrome/146.0.0.0 Safari/537.36"
162.0.216.246 - - [12/Jun/2026:21:09:05 +0530] "POST //admin/uploads/banners/o2.php?mode9&nofuzz HTTP/2" 200 3624 "-" "-"
23.191.80.11 - - [12/Jun/2026:21:10:11 +0530] "GET /shop/kitchen/difficulty126019472.html HTTP/1.1" 404 1251 "-" "Mozilla/5.0 (Macintosh; Intel Mac OS X 12_5_0) AppleWebKit/537.36 (KHTML, like Gecko) Chrome/130.0.6723.69 Safari/537.36"
162.0.216.246 - - [12/Jun/2026:21:12:46 +0530] "POST //admin/uploads/banners/o2.php?mode9&nofuzz HTTP/2" 200 3624 "-" "-"
162.0.216.246 - - [12/Jun/2026:21:16:03 +0530] "POST //admin/uploads/banners/o2.php?mode9&nofuzz HTTP/2" 200 3624 "-" "-"
162.0.216.246 - - [12/Jun/2026:21:16:09 +0530] "POST //admin/uploads/banners/o2.php?mode9&nofuzz HTTP/2" 200 3624 "-" "-"
162.0.216.246 - - [12/Jun/2026:21:16:11 +0530] "POST //admin/uploads/banners/o2.php?mode9&nofuzz HTTP/2" 200 4458 "-" "-"
180.74.226.44 - - [12/Jun/2026:21:16:49 +0530] "GET /shop/minority/pitch151030659.html HTTP/1.1" 404 1251 "-" "Mozilla/5.0 (Macintosh; Intel Mac OS X 13_7_0) AppleWebKit/537.36 (KHTML, like Gecko) Chrome/132.0.6834.110 Safari/537.36"
162.0.216.246 - - [12/Jun/2026:21:19:30 +0530] "POST //admin/uploads/banners/o2.php?mode9&nofuzz HTTP/2" 200 3624 "-" "-"
160.242.25.71 - - [12/Jun/2026:21:20:10 +0530] "GET /shop/no/requirement049016033.html HTTP/1.1" 404 1251 "-" "Mozilla/5.0 (Macintosh; Intel Mac OS X 12.5; rv:136.0) Gecko/20100101 Firefox/136.0"
114.119.138.100 - - [12/Jun/2026:21:21:41 +0530] "GET /shop/hidden/crash160024324.html HTTP/1.1" 404 1251 "https://pbkvidyalayam.org/?sitemap643.xml" "Mozilla/5.0 (Linux; Android 7.0;) AppleWebKit/537.36 (HTML, like Gecko) Mobile Safari/537.36 (compatible; PetalBot;+https://webmaster.petalsearch.com/site/petalbot)"
162.0.216.246 - - [12/Jun/2026:21:22:50 +0530] "POST //admin/uploads/banners/o2.php?mode9&nofuzz HTTP/2" 200 4467 "-" "-"
77.225.143.91 - - [12/Jun/2026:21:23:28 +0530] "GET /shop/pad/gut029022485.html HTTP/1.1" 404 1251 "-" "Mozilla/5.0 (Macintosh; Intel Mac OS X 13_7_0) AppleWebKit/537.36 (KHTML, like Gecko) Chrome/132.0.6834.110 Safari/537.36"
114.119.159.109 - - [12/Jun/2026:21:25:52 +0530] "GET /shop/herb/steadily256017172.html HTTP/1.1" 404 1251 "https://pbkvidyalayam.org/?sitemap643.xml" "Mozilla/5.0 (Linux; Android 7.0;) AppleWebKit/537.36 (HTML, like Gecko) Mobile Safari/537.36 (compatible; PetalBot;+https://webmaster.petalsearch.com/site/petalbot)"
86.247.91.166 - - [12/Jun/2026:21:26:48 +0530] "GET /shop/poster/murder058003486.html HTTP/1.1" 404 1251 "-" "Mozilla/5.0 (Macintosh; Intel Mac OS X 14_2_1) AppleWebKit/537.36 (KHTML, like Gecko) Chrome/125.0.6422.60 Safari/537.36"
162.0.216.246 - - [12/Jun/2026:21:29:46 +0530] "POST //admin/uploads/banners/o2.php?mode9&nofuzz HTTP/2" 200 4446 "-" "-"
114.119.135.158 - - [12/Jun/2026:21:10:32 +0530] "GET /shop/holy/pick208035886.html HTTP/1.1" 404 1251 "https://pbkvidyalayam.org/?sitemap948.xml" "Mozilla/5.0 (Linux; Android 7.0;) AppleWebKit/537.36 (HTML, like Gecko) Mobile Safari/537.36 (compatible; PetalBot;+https://webmaster.petalsearch.com/site/petalbot)"
114.119.148.198 - - [12/Jun/2026:21:11:56 +0530] "GET /shop/hole/rope056009434.html HTTP/1.1" 404 1251 "https://pbkvidyalayam.org/?sitemap709.xml" "Mozilla/5.0 (Linux; Android 7.0;) AppleWebKit/537.36 (HTML, like Gecko) Mobile Safari/537.36 (compatible; PetalBot;+https://webmaster.petalsearch.com/site/petalbot)"
162.0.216.246 - - [12/Jun/2026:21:12:53 +0530] "POST //admin/uploads/banners/o2.php?mode9&nofuzz HTTP/2" 200 4466 "-" "-"
114.119.148.198 - - [12/Jun/2026:21:13:20 +0530] "GET /shop/hockey/quit131045971.html HTTP/1.1" 404 1251 "https://pbkvidyalayam.org/?sitemap826.xml" "Mozilla/5.0 (Linux; Android 7.0;) AppleWebKit/537.36 (HTML, like Gecko) Mobile Safari/537.36 (compatible; PetalBot;+https://webmaster.petalsearch.com/site/petalbot)"
213.139.45.34 - - [12/Jun/2026:21:13:32 +0530] "GET /shop/liquid/statue174042412.html HTTP/1.1" 404 1251 "-" "Mozilla/5.0 (Macintosh; Intel Mac OS X 14_2_1) AppleWebKit/537.36 (KHTML, like Gecko) Chrome/125.0.6422.60 Safari/537.36"
52.167.144.222 - - [12/Jun/2026:21:14:04 +0530] "GET /?products/9647382/ HTTP/2" 200 12842 "-" "Mozilla/5.0 AppleWebKit/537.36 (KHTML, like Gecko; compatible; bingbot/2.0; +http://www.bing.com/bingbot.htm) Chrome/116.0.1938.76 Safari/537.36"
52.167.144.229 - - [12/Jun/2026:21:14:08 +0530] "GET /?products/21273759/ HTTP/2" 200 12842 "-" "Mozilla/5.0 AppleWebKit/537.36 (KHTML, like Gecko; compatible; bingbot/2.0; +http://www.bing.com/bingbot.htm) Chrome/116.0.1938.76 Safari/537.36"
114.119.138.100 - - [12/Jun/2026:21:20:18 +0530] "GET /shop/hide/force234037512.html HTTP/1.1" 404 1251 "https://pbkvidyalayam.org/?sitemap720.xml" "Mozilla/5.0 (Linux; Android 7.0;) AppleWebKit/537.36 (HTML, like Gecko) Mobile Safari/537.36 (compatible; PetalBot;+https://webmaster.petalsearch.com/site/petalbot)"
162.0.216.246 - - [12/Jun/2026:21:22:39 +0530] "POST //admin/uploads/banners/o2.php?mode9&nofuzz HTTP/2" 200 3624 "-" "-"
162.0.216.246 - - [12/Jun/2026:21:22:48 +0530] "POST //admin/uploads/banners/o2.php?mode9&nofuzz HTTP/2" 200 3624 "-" "-"
162.0.216.246 - - [12/Jun/2026:21:26:08 +0530] "POST //admin/uploads/banners/o2.php?mode9&nofuzz HTTP/2" 200 4434 "-" "-"
114.119.138.100 - - [12/Jun/2026:21:27:16 +0530] "GET /shop/helmet/opportunity177033333.html HTTP/1.1" 404 1251 "https://pbkvidyalayam.org/?sitemap864.xml" "Mozilla/5.0 (Linux; Android 7.0;) AppleWebKit/537.36 (HTML, like Gecko) Mobile Safari/537.36 (compatible; PetalBot;+https://webmaster.petalsearch.com/site/petalbot)"
114.119.158.142 - - [12/Jun/2026:21:28:40 +0530] "GET /shop/hello/send104023700.html HTTP/1.1" 404 1251 "https://pbkvidyalayam.org/?sitemap811.xml" "Mozilla/5.0 (Linux; Android 7.0;) AppleWebKit/537.36 (HTML, like Gecko) Mobile Safari/537.36 (compatible; PetalBot;+https://webmaster.petalsearch.com/site/petalbot)"
162.0.216.246 - - [12/Jun/2026:21:29:44 +0530] "POST //admin/uploads/banners/o2.php?mode9&nofuzz HTTP/2" 200 3624 "-" "-"
114.119.157.236 - - [12/Jun/2026:21:32:50 +0530] "GET /shop/hear/steer084024668.html HTTP/1.1" 404 1251 "https://pbkvidyalayam.org/?sitemap803.xml" "Mozilla/5.0 (Linux; Android 7.0;) AppleWebKit/537.36 (HTML, like Gecko) Mobile Safari/537.36 (compatible; PetalBot;+https://webmaster.petalsearch.com/site/petalbot)"
66.249.66.169 - - [12/Jun/2026:21:33:42 +0530] "GET /products/3818782/ HTTP/1.1" 404 1251 "-" "Mozilla/5.0 (Linux; Android 6.0.1; Nexus 5X Build/MMB29P) AppleWebKit/537.36 (KHTML, like Gecko) Chrome/148.0.7778.96 Mobile Safari/537.36 (compatible; Googlebot/2.1; +http://www.google.com/bot.html)"
162.0.216.246 - - [12/Jun/2026:21:32:54 +0530] "POST //admin/uploads/banners/o2.php?mode9&nofuzz HTTP/2" 200 3624 "-" "-"
162.0.216.246 - - [12/Jun/2026:21:33:04 +0530] "POST //admin/uploads/banners/o2.php?mode9&nofuzz HTTP/2" 200 4468 "-" "-"
43.153.62.161 - - [12/Jun/2026:21:33:10 +0530] "GET /uploads/Fire HTTP/1.1" 404 1251 "-" "Mozilla/5.0 (iPhone; CPU iPhone OS 13_2_3 like Mac OS X) AppleWebKit/605.1.15 (KHTML, like Gecko) Version/13.0.3 Mobile/15E148 Safari/604.1"
66.249.66.167 - - [12/Jun/2026:21:34:33 +0530] "GET /products/15793026/ HTTP/1.1" 404 1251 "-" "Mozilla/5.0 (Linux; Android 6.0.1; Nexus 5X Build/MMB29P) AppleWebKit/537.36 (KHTML, like Gecko) Chrome/148.0.7778.96 Mobile Safari/537.36 (compatible; Googlebot/2.1; +http://www.google.com/bot.html)"
88.162.218.5 - - [12/Jun/2026:21:36:23 +0530] "GET /shop/immigrant/endorse112021344.html HTTP/1.1" 404 1251 "-" "Mozilla/5.0 (Macintosh; Intel Mac OS X 14_5_0) AppleWebKit/537.36 (KHTML, like Gecko) Chrome/130.0.6723.69 Safari/537.36"
66.249.66.167 - - [12/Jun/2026:21:36:29 +0530] "GET /shop/gentleman/final012000690.html HTTP/1.1" 404 1251 "-" "Mozilla/5.0 (Linux; Android 6.0.1; Nexus 5X Build/MMB29P) AppleWebKit/537.36 (KHTML, like Gecko) Chrome/148.0.7778.96 Mobile Safari/537.36 (compatible; Googlebot/2.1; +http://www.google.com/bot.html)"
66.249.66.72 - - [12/Jun/2026:21:40:40 +0530] "GET /products/5804482/ HTTP/1.1" 404 1251 "-" "Mozilla/5.0 (Linux; Android 6.0.1; Nexus 5X Build/MMB29P) AppleWebKit/537.36 (KHTML, like Gecko) Chrome/148.0.7778.96 Mobile Safari/537.36 (compatible; Googlebot/2.1; +http://www.google.com/bot.html)"
150.109.46.88 - - [12/Jun/2026:21:42:25 +0530] "GET /uploads/SMC HTTP/1.1" 404 1251 "-" "Mozilla/5.0 (iPhone; CPU iPhone OS 13_2_3 like Mac OS X) AppleWebKit/605.1.15 (KHTML, like Gecko) Version/13.0.3 Mobile/15E148 Safari/604.1"
162.0.216.246 - - [12/Jun/2026:21:33:03 +0530] "POST //admin/uploads/banners/o2.php?mode9&nofuzz HTTP/2" 200 3624 "-" "-"
114.119.135.158 - - [12/Jun/2026:21:35:37 +0530] "GET /shop/heal/virus268023432.html HTTP/1.1" 404 1251 "https://pbkvidyalayam.org/?sitemap690.xml" "Mozilla/5.0 (Linux; Android 7.0;) AppleWebKit/537.36 (HTML, like Gecko) Mobile Safari/537.36 (compatible; PetalBot;+https://webmaster.petalsearch.com/site/petalbot)"
66.249.76.167 - - [12/Jun/2026:21:36:17 +0530] "GET /products/16250059/ HTTP/1.1" 404 1251 "-" "Mozilla/5.0 (Linux; Android 6.0.1; Nexus 5X Build/MMB29P) AppleWebKit/537.36 (KHTML, like Gecko) Chrome/148.0.7778.96 Mobile Safari/537.36 (compatible; Googlebot/2.1; +http://www.google.com/bot.html)"
162.0.216.246 - - [12/Jun/2026:21:36:24 +0530] "POST //admin/uploads/banners/o2.php?mode9&nofuzz HTTP/2" 200 3624 "-" "-"
114.119.135.158 - - [12/Jun/2026:21:38:24 +0530] "GET /shop/hay/gut095010763.html HTTP/1.1" 404 1251 "https://pbkvidyalayam.org/?sitemap690.xml" "Mozilla/5.0 (Linux; Android 7.0;) AppleWebKit/537.36 (HTML, like Gecko) Mobile Safari/537.36 (compatible; PetalBot;+https://webmaster.petalsearch.com/site/petalbot)"
162.0.216.246 - - [12/Jun/2026:21:39:43 +0530] "POST //admin/uploads/banners/o2.php?mode9&nofuzz HTTP/2" 200 4461 "-" "-"
114.119.148.198 - - [12/Jun/2026:21:43:58 +0530] "GET /shop/harm/challenge229044693.html HTTP/1.1" 404 1251 "https://pbkvidyalayam.org/?sitemap667.xml" "Mozilla/5.0 (Linux; Android 7.0;) AppleWebKit/537.36 (HTML, like Gecko) Mobile Safari/537.36 (compatible; PetalBot;+https://webmaster.petalsearch.com/site/petalbot)"
114.119.155.217 - - [12/Jun/2026:21:34:13 +0530] "GET /shop/hear/adoption243004329.html HTTP/1.1" 404 1251 "https://pbkvidyalayam.org/?sitemap709.xml" "Mozilla/5.0 (Linux; Android 7.0;) AppleWebKit/537.36 (HTML, like Gecko) Mobile Safari/537.36 (compatible; PetalBot;+https://webmaster.petalsearch.com/site/petalbot)"
66.249.76.168 - - [12/Jun/2026:21:37:00 +0530] "GET /products/17232293/ HTTP/1.1" 404 1251 "-" "Mozilla/5.0 (Linux; Android 6.0.1; Nexus 5X Build/MMB29P) AppleWebKit/537.36 (KHTML, like Gecko) Chrome/148.0.7778.96 Mobile Safari/537.36 (compatible; Googlebot/2.1; +http://www.google.com/bot.html)"
162.0.216.246 - - [12/Jun/2026:21:39:34 +0530] "POST //admin/uploads/banners/o2.php?mode9&nofuzz HTTP/2" 200 3624 "-" "-"
114.119.138.100 - - [12/Jun/2026:21:39:47 +0530] "GET /shop/hay/goodscode104047678.html HTTP/1.1" 404 1251 "https://pbkvidyalayam.org/?sitemap667.xml" "Mozilla/5.0 (Linux; Android 7.0;) AppleWebKit/537.36 (HTML, like Gecko) Mobile Safari/537.36 (compatible; PetalBot;+https://webmaster.petalsearch.com/site/petalbot)"
66.249.66.168 - - [12/Jun/2026:21:40:42 +0530] "GET /products/19163359/ HTTP/1.1" 404 1251 "-" "Mozilla/5.0 (Linux; Android 6.0.1; Nexus 5X Build/MMB29P) AppleWebKit/537.36 (KHTML, like Gecko) Chrome/148.0.7778.96 Mobile Safari/537.36 (compatible; Googlebot/2.1; +http://www.google.com/bot.html)"
162.0.216.246 - - [12/Jun/2026:21:42:52 +0530] "POST //admin/uploads/banners/o2.php?mode9&nofuzz HTTP/2" 200 3624 "-" "-"
181.12.1.49 - - [12/Jun/2026:21:43:05 +0530] "GET /shop/respondent/approximately034040206.html HTTP/1.1" 404 1251 "-" "Mozilla/5.0 (Macintosh; Intel Mac OS X 15_2_1) AppleWebKit/537.36 (KHTML, like Gecko) Chrome/127.0.6533.120 Safari/537.36"
162.0.216.246 - - [12/Jun/2026:21:43:00 +0530] "POST //admin/uploads/banners/o2.php?mode9&nofuzz HTTP/2" 200 4464 "-" "-"
114.119.138.100 - - [12/Jun/2026:21:48:08 +0530] "GET /shop/handle/cry083021509.html HTTP/1.1" 404 1251 "https://pbkvidyalayam.org/?sitemap606.xml" "Mozilla/5.0 (Linux; Android 7.0;) AppleWebKit/537.36 (HTML, like Gecko) Mobile Safari/537.36 (compatible; PetalBot;+https://webmaster.petalsearch.com/site/petalbot)"
66.249.79.198 - - [12/Jun/2026:21:49:55 +0530] "GET /shop/significantly/energy055000117.html HTTP/1.1" 404 1251 "-" "Mozilla/5.0 (Linux; Android 6.0.1; Nexus 5X Build/MMB29P) AppleWebKit/537.36 (KHTML, like Gecko) Chrome/148.0.7778.96 Mobile Safari/537.36 (compatible; Googlebot/2.1; +http://www.google.com/bot.html)"
162.0.216.246 - - [12/Jun/2026:21:50:07 +0530] "POST //admin/uploads/banners/o2.php?mode9&nofuzz HTTP/2" 200 3624 "-" "-"
162.0.216.246 - - [12/Jun/2026:21:50:14 +0530] "POST //admin/uploads/banners/o2.php?mode9&nofuzz HTTP/2" 200 3624 "-" "-"
114.119.138.100 - - [12/Jun/2026:21:52:19 +0530] "GET /shop/hall/enforcement207030293.html HTTP/1.1" 404 1251 "https://pbkvidyalayam.org/?sitemap602.xml" "Mozilla/5.0 (Linux; Android 7.0;) AppleWebKit/537.36 (HTML, like Gecko) Mobile Safari/537.36 (compatible; PetalBot;+https://webmaster.petalsearch.com/site/petalbot)"
114.119.139.181 - - [12/Jun/2026:21:55:06 +0530] "GET /shop/half/developing117014799.html HTTP/1.1" 404 1251 "https://pbkvidyalayam.org/?sitemap679.xml" "Mozilla/5.0 (Linux; Android 7.0;) AppleWebKit/537.36 (HTML, like Gecko) Mobile Safari/537.36 (compatible; PetalBot;+https://webmaster.petalsearch.com/site/petalbot)"
114.119.139.181 - - [12/Jun/2026:21:30:03 +0530] "GET /shop/hearing/degree037008683.html HTTP/1.1" 404 1251 "https://pbkvidyalayam.org/?sitemap826.xml" "Mozilla/5.0 (Linux; Android 7.0;) AppleWebKit/537.36 (HTML, like Gecko) Mobile Safari/537.36 (compatible; PetalBot;+https://webmaster.petalsearch.com/site/petalbot)"
114.119.138.100 - - [12/Jun/2026:21:31:27 +0530] "GET /shop/hearing/copy068030684.html HTTP/1.1" 404 1251 "https://pbkvidyalayam.org/?sitemap632.xml" "Mozilla/5.0 (Linux; Android 8.0.0; SM-G955U Build/R16NW) AppleWebKit/537.36 (KHTML, like Gecko) Chrome/148.0.0.0 Mobile Safari/537.36"
162.0.216.246 - - [12/Jun/2026:21:36:18 +0530] "POST //admin/uploads/banners/o2.php?mode9&nofuzz HTTP/2" 200 3624 "-" "-"
162.0.216.246 - - [12/Jun/2026:21:36:26 +0530] "POST //admin/uploads/banners/o2.php?mode9&nofuzz HTTP/2" 200 4454 "-" "-"
114.119.158.142 - - [12/Jun/2026:21:37:00 +0530] "GET /shop/heal/cave133018995.html HTTP/1.1" 404 1251 "https://pbkvidyalayam.org/?sitemap643.xml" "Mozilla/5.0 (Linux; Android 7.0;) AppleWebKit/537.36 (HTML, like Gecko) Mobile Safari/537.36 (compatible; PetalBot;+https://webmaster.petalsearch.com/site/petalbot)"
66.249.66.8 - - [12/Jun/2026:21:37:35 +0530] "GET /products/22806860/ HTTP/1.1" 404 1251 "-" "Mozilla/5.0 (Linux; Android 6.0.1; Nexus 5X Build/MMB29P) AppleWebKit/537.36 (KHTML, like Gecko) Chrome/148.0.7778.96 Mobile Safari/537.36 (compatible; Googlebot/2.1; +http://www.google.com/bot.html)"
162.0.216.246 - - [12/Jun/2026:21:39:41 +0530] "POST //admin/uploads/banners/o2.php?mode9&nofuzz HTTP/2" 200 3624 "-" "-"
114.119.159.109 - - [12/Jun/2026:21:41:11 +0530] "GET /shop/hate/talent276006974.html HTTP/1.1" 404 1251 "https://pbkvidyalayam.org/?sitemap803.xml" "Mozilla/5.0 (Linux; Android 7.0;) AppleWebKit/537.36 (HTML, like Gecko) Mobile Safari/537.36 (compatible; PetalBot;+https://webmaster.petalsearch.com/site/petalbot)"
114.119.148.198 - - [12/Jun/2026:21:42:34 +0530] "GET /shop/harm/resist169025053.html HTTP/1.1" 404 1251 "https://pbkvidyalayam.org/?sitemap703.xml" "Mozilla/5.0 (Linux; Android 7.0;) AppleWebKit/537.36 (HTML, like Gecko) Mobile Safari/537.36 (compatible; PetalBot;+https://webmaster.petalsearch.com/site/petalbot)"
162.0.216.246 - - [12/Jun/2026:21:42:59 +0530] "POST //admin/uploads/banners/o2.php?mode9&nofuzz HTTP/2" 200 3624 "-" "-"
162.0.216.246 - - [12/Jun/2026:21:46:36 +0530] "POST //admin/uploads/banners/o2.php?mode9&nofuzz HTTP/2" 200 3624 "-" "-"
114.119.159.109 - - [12/Jun/2026:21:49:32 +0530] "GET /shop/hand/responsibility146002894.html HTTP/1.1" 404 1251 "https://pbkvidyalayam.org/?sitemap826.xml" "Mozilla/5.0 (Linux; Android 7.0;) AppleWebKit/537.36 (HTML, like Gecko) Mobile Safari/537.36 (compatible; PetalBot;+https://webmaster.petalsearch.com/site/petalbot)"
114.119.155.217 - - [12/Jun/2026:21:53:43 +0530] "GET /shop/half/functional120040614.html HTTP/1.1" 404 1251 "https://pbkvidyalayam.org/?sitemap864.xml" "Mozilla/5.0 (Linux; Android 7.0;) AppleWebKit/537.36 (HTML, like Gecko) Mobile Safari/537.36 (compatible; PetalBot;+https://webmaster.petalsearch.com/site/petalbot)"
162.0.216.246 - - [12/Jun/2026:21:57:21 +0530] "POST //admin/uploads/banners/o2.php?mode9&nofuzz HTTP/2" 200 3624 "-" "-"
98.97.112.117 - - [12/Jun/2026:22:00:21 +0530] "GET /?products%2F23758004%2F= HTTP/1.1" 200 12842 "-" "Mozilla/5.0 (Windows NT 10.0; Win64; x64) AppleWebKit/537.36 (KHTML, like Gecko) Chrome/110.0.0.0 Safari/537.36"
162.0.216.246 - - [12/Jun/2026:22:00:37 +0530] "POST //admin/uploads/banners/o2.php?mode9&nofuzz HTTP/2" 200 3624 "-" "-"
83.229.26.223 - - [12/Jun/2026:22:01:38 +0530] "GET /?products%2F12520671%2F= HTTP/1.1" 200 12842 "-" "Mozilla/5.0 (Windows NT 10.0; Win64; x64) AppleWebKit/537.36 (KHTML, like Gecko) Chrome/110.0.0.0 Safari/537.36"
162.0.216.246 - - [12/Jun/2026:21:46:37 +0530] "POST //admin/uploads/banners/o2.php?mode9&nofuzz HTTP/2" 200 4457 "-" "-"
114.119.158.142 - - [12/Jun/2026:21:46:45 +0530] "GET /shop/happen/roll266040296.html HTTP/1.1" 404 1251 "https://pbkvidyalayam.org/?sitemap843.xml" "Mozilla/5.0 (Linux; Android 7.0;) AppleWebKit/537.36 (HTML, like Gecko) Mobile Safari/537.36 (compatible; PetalBot;+https://webmaster.petalsearch.com/site/petalbot)"
162.0.216.246 - - [12/Jun/2026:21:50:15 +0530] "POST //admin/uploads/banners/o2.php?mode9&nofuzz HTTP/2" 200 4468 "-" "-"
71.244.213.222 - - [12/Jun/2026:21:50:42 +0530] "GET /?products%2F5025859%2F%3BfeedbackType%3AViewer= HTTP/1.1" 200 12842 "-" "Mozilla/5.0 (Windows NT 10.0; Win64; x64) AppleWebKit/537.36 (KHTML, like Gecko) Chrome/107.0.0.0 Safari/537.36"
162.0.216.246 - - [12/Jun/2026:21:53:53 +0530] "POST //admin/uploads/banners/o2.php?mode9&nofuzz HTTP/2" 200 4456 "-" "-"
114.119.157.236 - - [12/Jun/2026:21:59:18 +0530] "GET /shop/guide/otherwise152006378.html HTTP/1.1" 404 1251 "https://pbkvidyalayam.org/?sitemap803.xml" "Mozilla/5.0 (Linux; Android 7.0;) AppleWebKit/537.36 (HTML, like Gecko) Mobile Safari/537.36 (compatible; PetalBot;+https://webmaster.petalsearch.com/site/petalbot)"
117.53.221.102 - - [12/Jun/2026:22:03:05 +0530] "GET /shop/breast/rental086037554.html HTTP/1.1" 404 1251 "-" "Mozilla/5.0 (Macintosh; Intel Mac OS X 13_3_1) AppleWebKit/537.36 (KHTML, like Gecko) Chrome/124.0.6367.207 Safari/537.36"
162.0.216.246 - - [12/Jun/2026:22:07:14 +0530] "POST //admin/uploads/banners/o2.php?mode9&nofuzz HTTP/2" 200 3624 "-" "-"
162.0.216.246 - - [12/Jun/2026:22:07:21 +0530] "POST //admin/uploads/banners/o2.php?mode9&nofuzz HTTP/2" 200 3624 "-" "-"
114.119.139.181 - - [12/Jun/2026:21:45:21 +0530] "GET /shop/hard/energy203040227.html HTTP/1.1" 404 1251 "https://pbkvidyalayam.org/?sitemap948.xml" "Mozilla/5.0 (Linux; Android 7.0;) AppleWebKit/537.36 (HTML, like Gecko) Mobile Safari/537.36 (compatible; PetalBot;+https://webmaster.petalsearch.com/site/petalbot)"
162.0.216.246 - - [12/Jun/2026:21:46:30 +0530] "POST //admin/uploads/banners/o2.php?mode9&nofuzz HTTP/2" 200 3624 "-" "-"
90.48.241.69 - - [12/Jun/2026:21:49:44 +0530] "GET /shop/shot/bloody127000153.html HTTP/1.1" 404 1251 "-" "Mozilla/5.0 (Macintosh; Intel Mac OS X 10_15_7) AppleWebKit/537.36 (KHTML, like Gecko) Chrome/129.0.6668.58 Safari/537.36"
114.119.138.100 - - [12/Jun/2026:21:50:56 +0530] "GET /shop/hallway/T-shirt076005164.html HTTP/1.1" 404 1251 "https://pbkvidyalayam.org/?sitemap667.xml" "Mozilla/5.0 (Linux; Android 8.0.0; SM-G955U Build/R16NW) AppleWebKit/537.36 (KHTML, like Gecko) Chrome/148.0.0.0 Mobile Safari/537.36"
162.0.216.246 - - [12/Jun/2026:21:53:45 +0530] "POST //admin/uploads/banners/o2.php?mode9&nofuzz HTTP/2" 200 3624 "-" "-"
162.0.216.246 - - [12/Jun/2026:21:53:51 +0530] "POST //admin/uploads/banners/o2.php?mode9&nofuzz HTTP/2" 200 3624 "-" "-"
185.24.60.60 - - [12/Jun/2026:21:56:25 +0530] "GET /shop/verdict/contribute256040572.html HTTP/1.1" 404 1251 "-" "Mozilla/5.0 (Macintosh; Intel Mac OS X 11.3; rv:136.0) Gecko/20100101 Firefox/136.0"
114.119.148.198 - - [12/Jun/2026:21:56:30 +0530] "GET /shop/habitat/swimming170046526.html HTTP/1.1" 404 1251 "https://pbkvidyalayam.org/?sitemap864.xml" "Mozilla/5.0 (Linux; Android 7.0;) AppleWebKit/537.36 (HTML, like Gecko) Mobile Safari/537.36 (compatible; PetalBot;+https://webmaster.petalsearch.com/site/petalbot)"
49.51.243.95 - - [12/Jun/2026:21:56:35 +0530] "GET /uploads/Fee%20Structure.pdf HTTP/1.1" 200 95244 "-" "Mozilla/5.0 (iPhone; CPU iPhone OS 13_2_3 like Mac OS X) AppleWebKit/605.1.15 (KHTML, like Gecko) Version/13.0.3 Mobile/15E148 Safari/604.1"
114.119.148.198 - - [12/Jun/2026:21:58:19 +0530] "GET /shop/ha/request299004195.html HTTP/1.1" 404 1251 "https://pbkvidyalayam.org/?sitemap854.xml" "Mozilla/5.0 (Linux; Android 8.0.0; SM-G955U Build/R16NW) AppleWebKit/537.36 (KHTML, like Gecko) Chrome/148.0.0.0 Mobile Safari/537.36"
114.119.158.142 - - [12/Jun/2026:22:00:41 +0530] "GET /shop/guess/gold035024903.html HTTP/1.1" 404 1251 "https://pbkvidyalayam.org/?sitemap664.xml" "Mozilla/5.0 (Linux; Android 7.0;) AppleWebKit/537.36 (HTML, like Gecko) Mobile Safari/537.36 (compatible; PetalBot;+https://webmaster.petalsearch.com/site/petalbot)"
162.0.216.246 - - [12/Jun/2026:22:00:44 +0530] "POST //admin/uploads/banners/o2.php?mode9&nofuzz HTTP/2" 200 3624 "-" "-"
162.0.216.246 - - [12/Jun/2026:22:00:45 +0530] "POST //admin/uploads/banners/o2.php?mode9&nofuzz HTTP/2" 200 4466 "-" "-"
66.249.79.198 - - [12/Jun/2026:22:01:39 +0530] "GET /shop/competitive/define087000619.html HTTP/1.1" 404 1251 "-" "Mozilla/5.0 (Linux; Android 6.0.1; Nexus 5X Build/MMB29P) AppleWebKit/537.36 (KHTML, like Gecko) Chrome/148.0.7778.96 Mobile Safari/537.36 (compatible; Googlebot/2.1; +http://www.google.com/bot.html)"
114.119.155.217 - - [12/Jun/2026:22:06:15 +0530] "GET /shop/grin/helmet164049466.html HTTP/1.1" 404 1251 "https://pbkvidyalayam.org/?sitemap803.xml" "Mozilla/5.0 (Linux; Android 7.0;) AppleWebKit/537.36 (HTML, like Gecko) Mobile Safari/537.36 (compatible; PetalBot;+https://webmaster.petalsearch.com/site/petalbot)"
86.48.14.123 - - [12/Jun/2026:22:07:14 +0530] "GET /?products%2F6954426%2F= HTTP/1.1" 200 12842 "-" "Mozilla/5.0 (Windows NT 10.0; Win64; x64) AppleWebKit/537.36 (KHTML, like Gecko) Chrome/99.0.4844.51 Safari/537.36"
162.0.216.246 - - [12/Jun/2026:22:07:22 +0530] "POST //admin/uploads/banners/o2.php?mode9&nofuzz HTTP/2" 200 4420 "-" "-"
162.0.216.246 - - [12/Jun/2026:21:57:28 +0530] "POST //admin/uploads/banners/o2.php?mode9&nofuzz HTTP/2" 200 3624 "-" "-"
162.0.216.246 - - [12/Jun/2026:21:57:29 +0530] "POST //admin/uploads/banners/o2.php?mode9&nofuzz HTTP/2" 200 4461 "-" "-"
114.119.159.109 - - [12/Jun/2026:22:02:04 +0530] "GET /shop/guard/tree251030799.html HTTP/1.1" 404 1251 "https://pbkvidyalayam.org/?sitemap864.xml" "Mozilla/5.0 (Linux; Android 7.0;) AppleWebKit/537.36 (HTML, like Gecko) Mobile Safari/537.36 (compatible; PetalBot;+https://webmaster.petalsearch.com/site/petalbot)"
162.0.216.246 - - [12/Jun/2026:22:04:02 +0530] "POST //admin/uploads/banners/o2.php?mode9&nofuzz HTTP/2" 200 3624 "-" "-"
162.0.216.246 - - [12/Jun/2026:22:04:03 +0530] "POST //admin/uploads/banners/o2.php?mode9&nofuzz HTTP/2" 200 4460 "-" "-"
114.119.148.198 - - [12/Jun/2026:22:04:51 +0530] "GET /shop/grip/shove078025660.html HTTP/1.1" 404 1251 "https://pbkvidyalayam.org/?sitemap830.xml" "Mozilla/5.0 (Linux; Android 7.0;) AppleWebKit/537.36 (HTML, like Gecko) Mobile Safari/537.36 (compatible; PetalBot;+https://webmaster.petalsearch.com/site/petalbot)"
40.77.167.38 - - [12/Jun/2026:22:09:53 +0530] "GET /?products/15083793/ HTTP/2" 200 12842 "-" "Mozilla/5.0 AppleWebKit/537.36 (KHTML, like Gecko; compatible; bingbot/2.0; +http://www.bing.com/bingbot.htm) Chrome/116.0.1938.76 Safari/537.36"
114.119.159.109 - - [12/Jun/2026:22:10:26 +0530] "GET /shop/green/initiative243005393.html HTTP/1.1" 404 1251 "https://pbkvidyalayam.org/?sitemap948.xml" "Mozilla/5.0 (Linux; Android 7.0;) AppleWebKit/537.36 (HTML, like Gecko) Mobile Safari/537.36 (compatible; PetalBot;+https://webmaster.petalsearch.com/site/petalbot)"
162.0.216.246 - - [12/Jun/2026:22:10:36 +0530] "POST //admin/uploads/banners/o2.php?mode9&nofuzz HTTP/2" 200 4462 "-" "-"
40.77.167.48 - - [12/Jun/2026:22:11:22 +0530] "GET /?products/18814471/ HTTP/2" 200 12842 "-" "Mozilla/5.0 AppleWebKit/537.36 (KHTML, like Gecko; compatible; bingbot/2.0; +http://www.bing.com/bingbot.htm) Chrome/116.0.1938.76 Safari/537.36"
114.119.139.181 - - [12/Jun/2026:22:07:38 +0530] "GET /shop/grief/principle276020524.html HTTP/1.1" 404 1251 "https://pbkvidyalayam.org/?sitemap643.xml" "Mozilla/5.0 (Linux; Android 7.0;) AppleWebKit/537.36 (HTML, like Gecko) Mobile Safari/537.36 (compatible; PetalBot;+https://webmaster.petalsearch.com/site/petalbot)"
66.249.76.167 - - [12/Jun/2026:22:07:40 +0530] "GET /products/19105559/ HTTP/1.1" 404 1251 "-" "Mozilla/5.0 (Linux; Android 6.0.1; Nexus 5X Build/MMB29P) AppleWebKit/537.36 (KHTML, like Gecko) Chrome/148.0.7778.96 Mobile Safari/537.36 (compatible; Googlebot/2.1; +http://www.google.com/bot.html)"
66.249.76.169 - - [12/Jun/2026:22:08:48 +0530] "GET /products/7432860/ HTTP/1.1" 404 1251 "-" "Mozilla/5.0 (Linux; Android 6.0.1; Nexus 5X Build/MMB29P) AppleWebKit/537.36 (KHTML, like Gecko) Chrome/148.0.7778.96 Mobile Safari/537.36 (compatible; Googlebot/2.1; +http://www.google.com/bot.html)"
114.119.138.100 - - [12/Jun/2026:22:09:02 +0530] "GET /shop/green/occasionally247001681.html HTTP/1.1" 404 1251 "https://pbkvidyalayam.org/?sitemap826.xml" "Mozilla/5.0 (Linux; Android 7.0;) AppleWebKit/537.36 (HTML, like Gecko) Mobile Safari/537.36 (compatible; PetalBot;+https://webmaster.petalsearch.com/site/petalbot)"
114.119.158.142 - - [12/Jun/2026:22:13:13 +0530] "GET /shop/grave/cabin266035762.html HTTP/1.1" 404 1251 "https://pbkvidyalayam.org/?sitemap866.xml" "Mozilla/5.0 (Linux; Android 7.0;) AppleWebKit/537.36 (HTML, like Gecko) Mobile Safari/537.36 (compatible; PetalBot;+https://webmaster.petalsearch.com/site/petalbot)"
162.0.216.246 - - [12/Jun/2026:22:14:13 +0530] "POST //admin/uploads/banners/o2.php?mode9&nofuzz HTTP/2" 200 4465 "-" "-"
114.119.155.217 - - [12/Jun/2026:22:15:59 +0530] "GET /shop/grandchild/happily066047944.html HTTP/1.1" 404 1251 "https://pbkvidyalayam.org/?sitemap646.xml" "Mozilla/5.0 (Linux; Android 7.0;) AppleWebKit/537.36 (HTML, like Gecko) Mobile Safari/537.36 (compatible; PetalBot;+https://webmaster.petalsearch.com/site/petalbot)"
114.119.139.181 - - [12/Jun/2026:22:03:28 +0530] "GET /shop/guarantee/armed297004975.html HTTP/1.1" 404 1251 "https://pbkvidyalayam.org/?sitemap537.xml" "Mozilla/5.0 (Linux; Android 7.0;) AppleWebKit/537.36 (HTML, like Gecko) Mobile Safari/537.36 (compatible; PetalBot;+https://webmaster.petalsearch.com/site/petalbot)"
162.0.216.246 - - [12/Jun/2026:22:03:56 +0530] "POST //admin/uploads/banners/o2.php?mode9&nofuzz HTTP/2" 200 3624 "-" "-"
52.167.144.176 - - [12/Jun/2026:22:06:50 +0530] "GET /narita-airport-parking/ HTTP/2" 404 1251 "-" "Mozilla/5.0 AppleWebKit/537.36 (KHTML, like Gecko; compatible; bingbot/2.0; +http://www.bing.com/bingbot.htm) Chrome/116.0.1938.76 Safari/537.36"
85.240.29.196 - - [12/Jun/2026:22:09:45 +0530] "GET /shop/comply/prevent163000429.html HTTP/1.1" 404 1251 "-" "Mozilla/5.0 (Windows NT 10.0; Win64; x64) AppleWebKit/537.36 (KHTML, like Gecko) Chrome/128.0.6613.137 Safari/537.36"
162.0.216.246 - - [12/Jun/2026:22:10:34 +0530] "POST //admin/uploads/banners/o2.php?mode9&nofuzz HTTP/2" 200 3624 "-" "-"
114.119.138.100 - - [12/Jun/2026:22:11:49 +0530] "GET /shop/greatly/mall286005538.html HTTP/1.1" 404 1251 "https://pbkvidyalayam.org/?sitemap811.xml" "Mozilla/5.0 (Linux; Android 7.0;) AppleWebKit/537.36 (HTML, like Gecko) Mobile Safari/537.36 (compatible; PetalBot;+https://webmaster.petalsearch.com/site/petalbot)"
162.0.216.246 - - [12/Jun/2026:22:14:12 +0530] "POST //admin/uploads/banners/o2.php?mode9&nofuzz HTTP/2" 200 3624 "-" "-"
116.98.243.19 - - [12/Jun/2026:22:16:25 +0530] "GET /shop/concerning/medication245032063.html HTTP/1.1" 404 1251 "-" "Mozilla/5.0 (Macintosh; Intel Mac OS X 11_5_0) AppleWebKit/537.36 (KHTML, like Gecko) Chrome/132.0.6834.110 Safari/537.36"
114.119.139.181 - - [12/Jun/2026:22:14:36 +0530] "GET /shop/grass/thousand259032177.html HTTP/1.1" 404 1251 "https://pbkvidyalayam.org/?sitemap709.xml" "Mozilla/5.0 (Linux; Android 7.0;) AppleWebKit/537.36 (HTML, like Gecko) Mobile Safari/537.36 (compatible; PetalBot;+https://webmaster.petalsearch.com/site/petalbot)"
162.0.216.246 - - [12/Jun/2026:22:10:28 +0530] "POST //admin/uploads/banners/o2.php?mode9&nofuzz HTTP/2" 200 3624 "-" "-"
162.0.216.246 - - [12/Jun/2026:22:14:05 +0530] "POST //admin/uploads/banners/o2.php?mode9&nofuzz HTTP/2" 200 3624 "-" "-"
