57.141.20.0 - - [13/Jun/2026:03:42:14 +0530] "GET /?products/25789793/ HTTP/2" 200 154862 "-" "meta-externalagent/1.1 (+https://developers.facebook.com/docs/sharing/webmasters/crawler)"
57.141.20.67 - - [13/Jun/2026:03:42:19 +0530] "GET /?products/3125637/ HTTP/2" 200 154862 "-" "meta-externalagent/1.1 (+https://developers.facebook.com/docs/sharing/webmasters/crawler)"
162.0.216.246 - - [13/Jun/2026:03:42:20 +0530] "POST //admin/uploads/banners/o2.php?mode9&nofuzz HTTP/2" 200 3624 "-" "-"
57.141.20.61 - - [13/Jun/2026:03:44:11 +0530] "GET /?products/25450860/ HTTP/2" 200 154862 "-" "meta-externalagent/1.1 (+https://developers.facebook.com/docs/sharing/webmasters/crawler)"
57.141.20.20 - - [13/Jun/2026:03:44:16 +0530] "GET /?products/4137482/ HTTP/2" 200 154862 "-" "meta-externalagent/1.1 (+https://developers.facebook.com/docs/sharing/webmasters/crawler)"
57.141.20.33 - - [13/Jun/2026:03:44:20 +0530] "GET /?sitemap385.xml HTTP/2" 200 154862 "-" "meta-externalagent/1.1 (+https://developers.facebook.com/docs/sharing/webmasters/crawler)"
57.141.20.52 - - [13/Jun/2026:03:44:36 +0530] "GET /?products/14527637/ HTTP/2" 200 154862 "-" "meta-externalagent/1.1 (+https://developers.facebook.com/docs/sharing/webmasters/crawler)"
57.141.20.4 - - [13/Jun/2026:03:39:46 +0530] "GET /?products/20984482/ HTTP/2" 200 154862 "-" "meta-externalagent/1.1 (+https://developers.facebook.com/docs/sharing/webmasters/crawler)"
57.141.20.64 - - [13/Jun/2026:03:39:46 +0530] "GET /?products/21314348/ HTTP/2" 200 154862 "-" "meta-externalagent/1.1 (+https://developers.facebook.com/docs/sharing/webmasters/crawler)"
57.141.20.64 - - [13/Jun/2026:03:40:48 +0530] "GET /?products/4180382/ HTTP/2" 200 154862 "-" "meta-externalagent/1.1 (+https://developers.facebook.com/docs/sharing/webmasters/crawler)"
57.141.20.29 - - [13/Jun/2026:03:41:16 +0530] "GET /?products/10683026/ HTTP/2" 200 154862 "-" "meta-externalagent/1.1 (+https://developers.facebook.com/docs/sharing/webmasters/crawler)"
114.119.159.109 - - [13/Jun/2026:03:41:37 +0530] "GET /shop/continuous/marry196039180.html HTTP/1.1" 404 1251 "https://pbkvidyalayam.org/?sitemap709.xml" "Mozilla/5.0 (Linux; Android 7.0;) AppleWebKit/537.36 (HTML, like Gecko) Mobile Safari/537.36 (compatible; PetalBot;+https://webmaster.petalsearch.com/site/petalbot)"
57.141.20.57 - - [13/Jun/2026:03:41:40 +0530] "GET /?products/8350259/ HTTP/2" 200 154862 "-" "meta-externalagent/1.1 (+https://developers.facebook.com/docs/sharing/webmasters/crawler)"
57.141.20.16 - - [13/Jun/2026:03:41:44 +0530] "GET /?products/6583960/ HTTP/2" 200 154862 "-" "meta-externalagent/1.1 (+https://developers.facebook.com/docs/sharing/webmasters/crawler)"
57.141.20.39 - - [13/Jun/2026:03:42:02 +0530] "GET /?products/18236126/ HTTP/2" 200 154862 "-" "meta-externalagent/1.1 (+https://developers.facebook.com/docs/sharing/webmasters/crawler)"
57.141.20.2 - - [13/Jun/2026:03:42:14 +0530] "GET /?products/5472637/ HTTP/2" 200 154862 "-" "meta-externalagent/1.1 (+https://developers.facebook.com/docs/sharing/webmasters/crawler)"
162.0.216.246 - - [13/Jun/2026:03:42:27 +0530] "POST //admin/uploads/banners/o2.php?mode9&nofuzz HTTP/2" 200 3624 "-" "-"
162.0.216.246 - - [13/Jun/2026:03:42:28 +0530] "POST //admin/uploads/banners/o2.php?mode9&nofuzz HTTP/2" 200 4475 "-" "-"
57.141.20.3 - - [13/Jun/2026:03:42:51 +0530] "GET /?products/22339904/ HTTP/2" 200 154862 "-" "meta-externalagent/1.1 (+https://developers.facebook.com/docs/sharing/webmasters/crawler)"
57.141.20.28 - - [13/Jun/2026:03:43:20 +0530] "GET /?products/8837393/ HTTP/2" 200 154862 "-" "meta-externalagent/1.1 (+https://developers.facebook.com/docs/sharing/webmasters/crawler)"
8.231.211.207 - - [13/Jun/2026:03:43:20 +0530] "GET /wp-content/uploads/2022/04/WhatsApp-Image-2022-04-13-at-5.29.15-PM-1.jpeg HTTP/1.1" 404 1251 "-" "Mozilla/5.0 (X11; Linux x86_64) AppleWebKit/537.36 (KHTML, like Gecko) Chrome/91.0.4472.114 Safari/537.36"
57.141.20.62 - - [13/Jun/2026:03:43:20 +0530] "GET /?products/13749382/ HTTP/2" 200 154862 "-" "meta-externalagent/1.1 (+https://developers.facebook.com/docs/sharing/webmasters/crawler)"
57.141.20.34 - - [13/Jun/2026:03:43:45 +0530] "GET /?products/17241815/ HTTP/2" 200 154862 "-" "meta-externalagent/1.1 (+https://developers.facebook.com/docs/sharing/webmasters/crawler)"
57.141.20.1 - - [13/Jun/2026:03:43:53 +0530] "GET /?products/8839537/ HTTP/2" 200 154862 "-" "meta-externalagent/1.1 (+https://developers.facebook.com/docs/sharing/webmasters/crawler)"
57.141.20.18 - - [13/Jun/2026:03:44:07 +0530] "GET /?products/10336771/ HTTP/2" 200 154862 "-" "meta-externalagent/1.1 (+https://developers.facebook.com/docs/sharing/webmasters/crawler)"
57.141.20.52 - - [13/Jun/2026:03:44:09 +0530] "GET /?products/5812160/ HTTP/2" 200 154862 "-" "meta-externalagent/1.1 (+https://developers.facebook.com/docs/sharing/webmasters/crawler)"
57.141.20.16 - - [13/Jun/2026:03:44:43 +0530] "GET /?products/6718160/ HTTP/2" 200 154862 "-" "meta-externalagent/1.1 (+https://developers.facebook.com/docs/sharing/webmasters/crawler)"
57.141.20.51 - - [13/Jun/2026:03:45:18 +0530] "GET /?products/3645293/ HTTP/2" 200 154862 "-" "meta-externalagent/1.1 (+https://developers.facebook.com/docs/sharing/webmasters/crawler)"
114.119.139.181 - - [13/Jun/2026:03:45:47 +0530] "GET /shop/container/accelerate058034610.html HTTP/1.1" 404 1251 "https://pbkvidyalayam.org/?sitemap803.xml" "Mozilla/5.0 (Linux; Android 8.0.0; SM-G955U Build/R16NW) AppleWebKit/537.36 (KHTML, like Gecko) Chrome/148.0.0.0 Mobile Safari/537.36"
57.141.20.28 - - [13/Jun/2026:03:40:17 +0530] "GET /?products/10634348/ HTTP/2" 200 154862 "-" "meta-externalagent/1.1 (+https://developers.facebook.com/docs/sharing/webmasters/crawler)"
57.141.20.56 - - [13/Jun/2026:03:40:27 +0530] "GET /?products/24212359/ HTTP/2" 200 154862 "-" "meta-externalagent/1.1 (+https://developers.facebook.com/docs/sharing/webmasters/crawler)"
57.141.20.57 - - [13/Jun/2026:03:41:04 +0530] "GET /?products/16231404/ HTTP/2" 200 12842 "-" "meta-externalagent/1.1 (+https://developers.facebook.com/docs/sharing/webmasters/crawler)"
57.141.20.9 - - [13/Jun/2026:03:41:18 +0530] "GET /?products/15571459/ HTTP/2" 200 154862 "-" "meta-externalagent/1.1 (+https://developers.facebook.com/docs/sharing/webmasters/crawler)"
57.141.20.44 - - [13/Jun/2026:03:42:15 +0530] "GET /?products/11321160/ HTTP/2" 200 12842 "-" "meta-externalagent/1.1 (+https://developers.facebook.com/docs/sharing/webmasters/crawler)"
57.141.20.8 - - [13/Jun/2026:03:42:46 +0530] "GET /?products/17527248/ HTTP/2" 200 154862 "-" "meta-externalagent/1.1 (+https://developers.facebook.com/docs/sharing/webmasters/crawler)"
114.119.159.109 - - [13/Jun/2026:03:43:01 +0530] "GET /shop/continent/sudden073044389.html HTTP/1.1" 404 1251 "https://pbkvidyalayam.org/?sitemap602.xml" "Mozilla/5.0 (Linux; Android 7.0;) AppleWebKit/537.36 (HTML, like Gecko) Mobile Safari/537.36 (compatible; PetalBot;+https://webmaster.petalsearch.com/site/petalbot)"
57.141.20.58 - - [13/Jun/2026:03:43:09 +0530] "GET /?products/3093893/ HTTP/2" 200 154862 "-" "meta-externalagent/1.1 (+https://developers.facebook.com/docs/sharing/webmasters/crawler)"
57.141.20.54 - - [13/Jun/2026:03:43:43 +0530] "GET /?products/5888971/ HTTP/2" 200 154862 "-" "meta-externalagent/1.1 (+https://developers.facebook.com/docs/sharing/webmasters/crawler)"
57.141.20.38 - - [13/Jun/2026:03:43:47 +0530] "GET /?products/6167837/ HTTP/2" 200 154862 "-" "meta-externalagent/1.1 (+https://developers.facebook.com/docs/sharing/webmasters/crawler)"
57.141.20.20 - - [13/Jun/2026:03:43:54 +0530] "GET /?products/24280848/ HTTP/2" 200 154862 "-" "meta-externalagent/1.1 (+https://developers.facebook.com/docs/sharing/webmasters/crawler)"
114.119.158.142 - - [13/Jun/2026:03:44:25 +0530] "GET /shop/container/authentic212007232.html HTTP/1.1" 404 1251 "https://pbkvidyalayam.org/?sitemap830.xml" "Mozilla/5.0 (Linux; Android 7.0;) AppleWebKit/537.36 (HTML, like Gecko) Mobile Safari/537.36 (compatible; PetalBot;+https://webmaster.petalsearch.com/site/petalbot)"
57.141.20.3 - - [13/Jun/2026:03:44:29 +0530] "GET /?products/25342082/ HTTP/2" 200 154862 "-" "meta-externalagent/1.1 (+https://developers.facebook.com/docs/sharing/webmasters/crawler)"
57.141.20.27 - - [13/Jun/2026:03:44:32 +0530] "GET /?products/17254837/ HTTP/2" 200 154862 "-" "meta-externalagent/1.1 (+https://developers.facebook.com/docs/sharing/webmasters/crawler)"
57.141.20.45 - - [13/Jun/2026:03:44:48 +0530] "GET /?products/15283171/ HTTP/2" 200 154862 "-" "meta-externalagent/1.1 (+https://developers.facebook.com/docs/sharing/webmasters/crawler)"
57.141.20.2 - - [13/Jun/2026:03:44:49 +0530] "GET /?products/23638715/ HTTP/2" 200 154862 "-" "meta-externalagent/1.1 (+https://developers.facebook.com/docs/sharing/webmasters/crawler)"
57.141.20.26 - - [13/Jun/2026:03:44:58 +0530] "GET /?products/25818182/ HTTP/2" 200 154862 "-" "meta-externalagent/1.1 (+https://developers.facebook.com/docs/sharing/webmasters/crawler)"
57.141.20.49 - - [13/Jun/2026:03:45:07 +0530] "GET /?products/9702348/ HTTP/2" 200 154862 "-" "meta-externalagent/1.1 (+https://developers.facebook.com/docs/sharing/webmasters/crawler)"
57.141.20.9 - - [13/Jun/2026:03:45:09 +0530] "GET /?products/11208371/ HTTP/2" 200 154862 "-" "meta-externalagent/1.1 (+https://developers.facebook.com/docs/sharing/webmasters/crawler)"
57.141.20.18 - - [13/Jun/2026:03:45:13 +0530] "GET /?products/14119371/ HTTP/2" 200 154862 "-" "meta-externalagent/1.1 (+https://developers.facebook.com/docs/sharing/webmasters/crawler)"
57.141.20.49 - - [13/Jun/2026:03:45:16 +0530] "GET /?products/4486993/ HTTP/2" 200 154862 "-" "meta-externalagent/1.1 (+https://developers.facebook.com/docs/sharing/webmasters/crawler)"
66.249.66.199 - - [13/Jun/2026:03:41:07 +0530] "GET /shop/sneak/obtain018000662.html HTTP/1.1" 404 1251 "-" "Mozilla/5.0 (Linux; Android 6.0.1; Nexus 5X Build/MMB29P) AppleWebKit/537.36 (KHTML, like Gecko) Chrome/148.0.7778.96 Mobile Safari/537.36 (compatible; Googlebot/2.1; +http://www.google.com/bot.html)"
57.141.20.26 - - [13/Jun/2026:03:41:17 +0530] "GET /?products/4788915/ HTTP/2" 200 154862 "-" "meta-externalagent/1.1 (+https://developers.facebook.com/docs/sharing/webmasters/crawler)"
57.141.20.37 - - [13/Jun/2026:03:41:49 +0530] "GET /?products/21920482/ HTTP/2" 200 154862 "-" "meta-externalagent/1.1 (+https://developers.facebook.com/docs/sharing/webmasters/crawler)"
57.141.20.35 - - [13/Jun/2026:03:41:57 +0530] "GET /?products/9196404/ HTTP/2" 200 154862 "-" "meta-externalagent/1.1 (+https://developers.facebook.com/docs/sharing/webmasters/crawler)"
57.141.20.58 - - [13/Jun/2026:03:42:20 +0530] "GET /?products/1094015/ HTTP/2" 200 154862 "-" "meta-externalagent/1.1 (+https://developers.facebook.com/docs/sharing/webmasters/crawler)"
57.141.20.7 - - [13/Jun/2026:03:42:23 +0530] "GET /?products/11686237/ HTTP/2" 200 154862 "-" "meta-externalagent/1.1 (+https://developers.facebook.com/docs/sharing/webmasters/crawler)"
57.141.20.33 - - [13/Jun/2026:03:42:36 +0530] "GET /?item/v8166024301/ HTTP/2" 200 154862 "-" "meta-externalagent/1.1 (+https://developers.facebook.com/docs/sharing/webmasters/crawler)"
57.141.20.59 - - [13/Jun/2026:03:43:49 +0530] "GET /?products/10903548/ HTTP/2" 200 154862 "-" "meta-externalagent/1.1 (+https://developers.facebook.com/docs/sharing/webmasters/crawler)"
90.170.19.58 - - [13/Jun/2026:03:43:56 +0530] "GET /shop/half/vehicle116037742.html HTTP/1.1" 404 1251 "-" "Mozilla/5.0 (Macintosh; Intel Mac OS X 14.2; rv:132.0) Gecko/20100101 Firefox/132.0"
57.141.20.25 - - [13/Jun/2026:03:44:13 +0530] "GET /?products/10970704/ HTTP/2" 200 154862 "-" "meta-externalagent/1.1 (+https://developers.facebook.com/docs/sharing/webmasters/crawler)"
57.141.20.37 - - [13/Jun/2026:03:44:35 +0530] "GET /?products/10588026/ HTTP/2" 200 154862 "-" "meta-externalagent/1.1 (+https://developers.facebook.com/docs/sharing/webmasters/crawler)"
57.141.20.37 - - [13/Jun/2026:03:44:49 +0530] "GET /?products/5697504/ HTTP/2" 200 154862 "-" "meta-externalagent/1.1 (+https://developers.facebook.com/docs/sharing/webmasters/crawler)"
57.141.20.14 - - [13/Jun/2026:03:45:07 +0530] "GET /?products/23654893/ HTTP/2" 200 154862 "-" "meta-externalagent/1.1 (+https://developers.facebook.com/docs/sharing/webmasters/crawler)"
162.0.216.246 - - [13/Jun/2026:03:45:48 +0530] "POST //admin/uploads/banners/o2.php?mode9&nofuzz HTTP/2" 200 3624 "-" "-"
162.0.216.246 - - [13/Jun/2026:03:45:56 +0530] "POST //admin/uploads/banners/o2.php?mode9&nofuzz HTTP/2" 200 4458 "-" "-"
57.141.20.28 - - [13/Jun/2026:03:46:06 +0530] "GET /?products/23666726/ HTTP/2" 200 154862 "-" "meta-externalagent/1.1 (+https://developers.facebook.com/docs/sharing/webmasters/crawler)"
57.141.20.61 - - [13/Jun/2026:03:46:18 +0530] "GET /?products/9253004/ HTTP/2" 200 154862 "-" "meta-externalagent/1.1 (+https://developers.facebook.com/docs/sharing/webmasters/crawler)"
57.141.20.13 - - [13/Jun/2026:03:46:37 +0530] "GET /?products/17046837/ HTTP/2" 200 154862 "-" "meta-externalagent/1.1 (+https://developers.facebook.com/docs/sharing/webmasters/crawler)"
57.141.20.16 - - [13/Jun/2026:03:46:43 +0530] "GET /?products/12964859/ HTTP/2" 200 154862 "-" "meta-externalagent/1.1 (+https://developers.facebook.com/docs/sharing/webmasters/crawler)"
57.141.20.16 - - [13/Jun/2026:03:46:53 +0530] "GET /?products/5600959/ HTTP/2" 200 154862 "-" "meta-externalagent/1.1 (+https://developers.facebook.com/docs/sharing/webmasters/crawler)"
57.141.20.54 - - [13/Jun/2026:03:47:57 +0530] "GET /?products/9495737/ HTTP/2" 200 154862 "-" "meta-externalagent/1.1 (+https://developers.facebook.com/docs/sharing/webmasters/crawler)"
57.141.20.29 - - [13/Jun/2026:03:48:11 +0530] "GET /?products/17028048/ HTTP/2" 200 154862 "-" "meta-externalagent/1.1 (+https://developers.facebook.com/docs/sharing/webmasters/crawler)"
57.141.20.1 - - [13/Jun/2026:03:48:16 +0530] "GET /?products/19274759/ HTTP/2" 200 154862 "-" "meta-externalagent/1.1 (+https://developers.facebook.com/docs/sharing/webmasters/crawler)"
57.141.20.35 - - [13/Jun/2026:03:48:20 +0530] "GET /?products/3742982/ HTTP/2" 200 154862 "-" "meta-externalagent/1.1 (+https://developers.facebook.com/docs/sharing/webmasters/crawler)"
57.141.20.55 - - [13/Jun/2026:03:48:30 +0530] "GET /?products/13866482/ HTTP/2" 200 154862 "-" "meta-externalagent/1.1 (+https://developers.facebook.com/docs/sharing/webmasters/crawler)"
162.0.216.246 - - [13/Jun/2026:03:49:11 +0530] "POST //admin/uploads/banners/o2.php?mode9&nofuzz HTTP/2" 200 3624 "-" "-"
57.141.20.53 - - [13/Jun/2026:03:49:22 +0530] "GET /?products/5477660/ HTTP/2" 200 154862 "-" "meta-externalagent/1.1 (+https://developers.facebook.com/docs/sharing/webmasters/crawler)"
57.141.20.10 - - [13/Jun/2026:03:49:49 +0530] "GET /?products/2715637/ HTTP/2" 200 154862 "-" "meta-externalagent/1.1 (+https://developers.facebook.com/docs/sharing/webmasters/crawler)"
57.141.20.68 - - [13/Jun/2026:03:49:49 +0530] "GET /?products/7854926/ HTTP/2" 200 154862 "-" "meta-externalagent/1.1 (+https://developers.facebook.com/docs/sharing/webmasters/crawler)"
114.119.158.142 - - [13/Jun/2026:03:50:00 +0530] "GET /shop/consistent/telescope156026660.html HTTP/1.1" 404 1251 "https://pbkvidyalayam.org/?sitemap948.xml" "Mozilla/5.0 (Linux; Android 7.0;) AppleWebKit/537.36 (HTML, like Gecko) Mobile Safari/537.36 (compatible; PetalBot;+https://webmaster.petalsearch.com/site/petalbot)"
40.77.167.48 - - [13/Jun/2026:03:50:10 +0530] "GET /?products/6475693/ HTTP/2" 200 12842 "-" "Mozilla/5.0 AppleWebKit/537.36 (KHTML, like Gecko; compatible; bingbot/2.0; +http://www.bing.com/bingbot.htm) Chrome/116.0.1938.76 Safari/537.36"
57.141.20.6 - - [13/Jun/2026:03:50:17 +0530] "GET /?sitemap828.xml HTTP/2" 200 154862 "-" "meta-externalagent/1.1 (+https://developers.facebook.com/docs/sharing/webmasters/crawler)"
40.77.167.224 - - [13/Jun/2026:03:50:35 +0530] "GET /?products/10060526/ HTTP/2" 200 12842 "-" "Mozilla/5.0 AppleWebKit/537.36 (KHTML, like Gecko; compatible; bingbot/2.0; +http://www.bing.com/bingbot.htm) Chrome/116.0.1938.76 Safari/537.36"
57.141.20.17 - - [13/Jun/2026:03:50:38 +0530] "GET /?products/16780571/ HTTP/2" 200 154862 "-" "meta-externalagent/1.1 (+https://developers.facebook.com/docs/sharing/webmasters/crawler)"
57.141.20.17 - - [13/Jun/2026:03:45:50 +0530] "GET /?products/18610059/ HTTP/2" 200 154862 "-" "meta-externalagent/1.1 (+https://developers.facebook.com/docs/sharing/webmasters/crawler)"
162.0.216.246 - - [13/Jun/2026:03:45:55 +0530] "POST //admin/uploads/banners/o2.php?mode9&nofuzz HTTP/2" 200 3624 "-" "-"
57.141.20.18 - - [13/Jun/2026:03:46:33 +0530] "GET /?products/6349737/ HTTP/2" 200 154862 "-" "meta-externalagent/1.1 (+https://developers.facebook.com/docs/sharing/webmasters/crawler)"
57.141.20.54 - - [13/Jun/2026:03:47:13 +0530] "GET /?products/25420804/ HTTP/2" 200 154862 "-" "meta-externalagent/1.1 (+https://developers.facebook.com/docs/sharing/webmasters/crawler)"
57.141.20.56 - - [13/Jun/2026:03:48:10 +0530] "GET /?products/13648159/ HTTP/2" 200 154862 "-" "meta-externalagent/1.1 (+https://developers.facebook.com/docs/sharing/webmasters/crawler)"
114.119.157.236 - - [13/Jun/2026:03:48:37 +0530] "GET /shop/constitution/photograph011024473.html HTTP/1.1" 404 1251 "https://pbkvidyalayam.org/?sitemap948.xml" "Mozilla/5.0 (Linux; Android 7.0;) AppleWebKit/537.36 (HTML, like Gecko) Mobile Safari/537.36 (compatible; PetalBot;+https://webmaster.petalsearch.com/site/petalbot)"
57.141.20.7 - - [13/Jun/2026:03:48:51 +0530] "GET /?products/13225782/ HTTP/2" 200 154862 "-" "meta-externalagent/1.1 (+https://developers.facebook.com/docs/sharing/webmasters/crawler)"
57.141.20.12 - - [13/Jun/2026:03:49:13 +0530] "GET /?products/9053737/ HTTP/2" 200 154862 "-" "meta-externalagent/1.1 (+https://developers.facebook.com/docs/sharing/webmasters/crawler)"
162.0.216.246 - - [13/Jun/2026:03:49:20 +0530] "POST //admin/uploads/banners/o2.php?mode9&nofuzz HTTP/2" 200 4490 "-" "-"
57.141.20.44 - - [13/Jun/2026:03:49:38 +0530] "GET /?products/14291682/ HTTP/2" 200 154862 "-" "meta-externalagent/1.1 (+https://developers.facebook.com/docs/sharing/webmasters/crawler)"
57.141.20.21 - - [13/Jun/2026:03:49:42 +0530] "GET /?products/25409882/ HTTP/2" 200 154862 "-" "meta-externalagent/1.1 (+https://developers.facebook.com/docs/sharing/webmasters/crawler)"
57.141.20.20 - - [13/Jun/2026:03:50:03 +0530] "GET /?products/15078204/ HTTP/2" 200 154862 "-" "meta-externalagent/1.1 (+https://developers.facebook.com/docs/sharing/webmasters/crawler)"
57.141.20.33 - - [13/Jun/2026:03:50:14 +0530] "GET /?products/24338371/ HTTP/2" 200 154862 "-" "meta-externalagent/1.1 (+https://developers.facebook.com/docs/sharing/webmasters/crawler)"
57.141.20.25 - - [13/Jun/2026:03:50:23 +0530] "GET /?products/18927637/ HTTP/2" 200 154862 "-" "meta-externalagent/1.1 (+https://developers.facebook.com/docs/sharing/webmasters/crawler)"
57.141.20.20 - - [13/Jun/2026:03:50:37 +0530] "GET /?products/22509960/ HTTP/2" 200 154862 "-" "meta-externalagent/1.1 (+https://developers.facebook.com/docs/sharing/webmasters/crawler)"
57.141.20.30 - - [13/Jun/2026:03:50:51 +0530] "GET /?products/1191171/ HTTP/2" 200 154862 "-" "meta-externalagent/1.1 (+https://developers.facebook.com/docs/sharing/webmasters/crawler)"
57.141.20.21 - - [13/Jun/2026:03:51:00 +0530] "GET /?products/7861215/ HTTP/2" 200 154862 "-" "meta-externalagent/1.1 (+https://developers.facebook.com/docs/sharing/webmasters/crawler)"
116.179.32.142 - - [13/Jun/2026:03:51:02 +0530] "GET /mandatory-disclosure/ HTTP/2" 404 1251 "-" "Mozilla/5.0 (compatible; Baiduspider/2.0; +http://www.baidu.com/search/spider.html)"
57.141.20.59 - - [13/Jun/2026:03:51:07 +0530] "GET /?products/1917660/ HTTP/2" 200 154862 "-" "meta-externalagent/1.1 (+https://developers.facebook.com/docs/sharing/webmasters/crawler)"
114.119.157.236 - - [13/Jun/2026:03:51:23 +0530] "GET /shop/consistent/quite152016748.html HTTP/1.1" 404 1251 "https://pbkvidyalayam.org/?sitemap826.xml" "Mozilla/5.0 (Linux; Android 7.0;) AppleWebKit/537.36 (HTML, like Gecko) Mobile Safari/537.36 (compatible; PetalBot;+https://webmaster.petalsearch.com/site/petalbot)"
57.141.20.1 - - [13/Jun/2026:03:51:47 +0530] "GET /?products/11825204/ HTTP/2" 200 154862 "-" "meta-externalagent/1.1 (+https://developers.facebook.com/docs/sharing/webmasters/crawler)"
57.141.20.26 - - [13/Jun/2026:03:46:21 +0530] "GET /?products/15512815/ HTTP/2" 200 154862 "-" "meta-externalagent/1.1 (+https://developers.facebook.com/docs/sharing/webmasters/crawler)"
57.141.20.59 - - [13/Jun/2026:03:46:47 +0530] "GET /?products/25151493/ HTTP/2" 200 154862 "-" "meta-externalagent/1.1 (+https://developers.facebook.com/docs/sharing/webmasters/crawler)"
114.119.139.181 - - [13/Jun/2026:03:47:13 +0530] "GET /shop/consumer/green258002606.html HTTP/1.1" 404 1251 "https://pbkvidyalayam.org/?sitemap942.xml" "Mozilla/5.0 (Linux; Android 7.0;) AppleWebKit/537.36 (HTML, like Gecko) Mobile Safari/537.36 (compatible; PetalBot;+https://webmaster.petalsearch.com/site/petalbot)"
57.141.20.2 - - [13/Jun/2026:03:47:13 +0530] "GET /?products/3247460/ HTTP/2" 200 154862 "-" "meta-externalagent/1.1 (+https://developers.facebook.com/docs/sharing/webmasters/crawler)"
57.141.20.14 - - [13/Jun/2026:03:47:27 +0530] "GET /?products/8876537/ HTTP/2" 200 154862 "-" "meta-externalagent/1.1 (+https://developers.facebook.com/docs/sharing/webmasters/crawler)"
57.141.20.47 - - [13/Jun/2026:03:47:49 +0530] "GET /?products/3974337/ HTTP/2" 200 154862 "-" "meta-externalagent/1.1 (+https://developers.facebook.com/docs/sharing/webmasters/crawler)"
57.141.20.28 - - [13/Jun/2026:03:48:05 +0530] "GET /?products/22603615/ HTTP/2" 200 154862 "-" "meta-externalagent/1.1 (+https://developers.facebook.com/docs/sharing/webmasters/crawler)"
57.141.20.30 - - [13/Jun/2026:03:48:52 +0530] "GET /?products/24743948/ HTTP/2" 200 154862 "-" "meta-externalagent/1.1 (+https://developers.facebook.com/docs/sharing/webmasters/crawler)"
57.141.20.42 - - [13/Jun/2026:03:49:17 +0530] "GET /?products/22212160/ HTTP/2" 200 154862 "-" "meta-externalagent/1.1 (+https://developers.facebook.com/docs/sharing/webmasters/crawler)"
162.0.216.246 - - [13/Jun/2026:03:49:18 +0530] "POST //admin/uploads/banners/o2.php?mode9&nofuzz HTTP/2" 200 3624 "-" "-"
57.141.20.29 - - [13/Jun/2026:03:50:07 +0530] "GET /?products/18779715/ HTTP/2" 200 12842 "-" "meta-externalagent/1.1 (+https://developers.facebook.com/docs/sharing/webmasters/crawler)"
57.141.20.57 - - [13/Jun/2026:03:50:10 +0530] "GET /?products/9369926/ HTTP/2" 200 154862 "-" "meta-externalagent/1.1 (+https://developers.facebook.com/docs/sharing/webmasters/crawler)"
57.141.20.47 - - [13/Jun/2026:03:50:17 +0530] "GET /?products/13596437/ HTTP/2" 200 154862 "-" "meta-externalagent/1.1 (+https://developers.facebook.com/docs/sharing/webmasters/crawler)"
57.141.20.38 - - [13/Jun/2026:03:50:19 +0530] "GET /?products/6154171/ HTTP/2" 200 12842 "-" "meta-externalagent/1.1 (+https://developers.facebook.com/docs/sharing/webmasters/crawler)"
57.141.20.52 - - [13/Jun/2026:03:50:45 +0530] "GET /?products/16363304/ HTTP/2" 200 154862 "-" "meta-externalagent/1.1 (+https://developers.facebook.com/docs/sharing/webmasters/crawler)"
57.141.20.49 - - [13/Jun/2026:03:50:56 +0530] "GET /?products/7466159/ HTTP/2" 200 154862 "-" "meta-externalagent/1.1 (+https://developers.facebook.com/docs/sharing/webmasters/crawler)"
57.141.20.43 - - [13/Jun/2026:03:51:03 +0530] "GET /?sitemap775.xml HTTP/2" 200 154862 "-" "meta-externalagent/1.1 (+https://developers.facebook.com/docs/sharing/webmasters/crawler)"
57.141.20.30 - - [13/Jun/2026:03:51:15 +0530] "GET /?products/25494926/ HTTP/2" 200 154862 "-" "meta-externalagent/1.1 (+https://developers.facebook.com/docs/sharing/webmasters/crawler)"
57.141.20.35 - - [13/Jun/2026:03:51:41 +0530] "GET /?products/4946059/ HTTP/2" 200 154862 "-" "meta-externalagent/1.1 (+https://developers.facebook.com/docs/sharing/webmasters/crawler)"
57.141.20.35 - - [13/Jun/2026:03:51:41 +0530] "GET /?products/2878048/ HTTP/2" 200 154862 "-" "meta-externalagent/1.1 (+https://developers.facebook.com/docs/sharing/webmasters/crawler)"
162.0.216.246 - - [13/Jun/2026:03:52:42 +0530] "POST //admin/uploads/banners/o2.php?mode9&nofuzz HTTP/2" 200 4451 "-" "-"
57.141.20.4 - - [13/Jun/2026:03:45:53 +0530] "GET /?products/25772460/ HTTP/2" 200 154862 "-" "meta-externalagent/1.1 (+https://developers.facebook.com/docs/sharing/webmasters/crawler)"
57.141.20.9 - - [13/Jun/2026:03:46:01 +0530] "GET /?products/7385504/ HTTP/2" 200 154862 "-" "meta-externalagent/1.1 (+https://developers.facebook.com/docs/sharing/webmasters/crawler)"
57.141.20.3 - - [13/Jun/2026:03:46:17 +0530] "GET /?products/15200604/ HTTP/2" 200 154862 "-" "meta-externalagent/1.1 (+https://developers.facebook.com/docs/sharing/webmasters/crawler)"
57.141.20.53 - - [13/Jun/2026:03:46:26 +0530] "GET /?products/13505826/ HTTP/2" 200 154862 "-" "meta-externalagent/1.1 (+https://developers.facebook.com/docs/sharing/webmasters/crawler)"
57.141.20.4 - - [13/Jun/2026:03:46:35 +0530] "GET /?sitemap299.xml HTTP/2" 200 154862 "-" "meta-externalagent/1.1 (+https://developers.facebook.com/docs/sharing/webmasters/crawler)"
57.141.20.16 - - [13/Jun/2026:03:47:36 +0530] "GET /?products/14738248/ HTTP/2" 200 154862 "-" "meta-externalagent/1.1 (+https://developers.facebook.com/docs/sharing/webmasters/crawler)"
57.141.20.57 - - [13/Jun/2026:03:47:45 +0530] "GET /?products/16354137/ HTTP/2" 200 154862 "-" "meta-externalagent/1.1 (+https://developers.facebook.com/docs/sharing/webmasters/crawler)"
57.141.20.37 - - [13/Jun/2026:03:49:20 +0530] "GET /?products/12564082/ HTTP/2" 200 154862 "-" "meta-externalagent/1.1 (+https://developers.facebook.com/docs/sharing/webmasters/crawler)"
78.85.4.119 - - [13/Jun/2026:03:49:23 +0530] "GET /shop/hide/roll144027244.html HTTP/1.1" 404 1251 "-" "Mozilla/5.0 (Windows NT 10.0; WOW64; rv:135.0) Gecko/20100101 Firefox/135.0"
57.141.20.3 - - [13/Jun/2026:03:50:09 +0530] "GET /?products/3119315/ HTTP/2" 200 154862 "-" "meta-externalagent/1.1 (+https://developers.facebook.com/docs/sharing/webmasters/crawler)"
57.141.20.62 - - [13/Jun/2026:03:50:18 +0530] "GET /?products/9435837/ HTTP/2" 200 154862 "-" "meta-externalagent/1.1 (+https://developers.facebook.com/docs/sharing/webmasters/crawler)"
57.141.20.9 - - [13/Jun/2026:03:50:29 +0530] "GET /?products/14057304/ HTTP/2" 200 154862 "-" "meta-externalagent/1.1 (+https://developers.facebook.com/docs/sharing/webmasters/crawler)"
57.141.20.38 - - [13/Jun/2026:03:51:09 +0530] "GET /?products/4040982/ HTTP/2" 200 154862 "-" "meta-externalagent/1.1 (+https://developers.facebook.com/docs/sharing/webmasters/crawler)"
57.141.20.0 - - [13/Jun/2026:03:51:17 +0530] "GET /?products/23835937/ HTTP/2" 200 154862 "-" "meta-externalagent/1.1 (+https://developers.facebook.com/docs/sharing/webmasters/crawler)"
57.141.20.41 - - [13/Jun/2026:03:51:34 +0530] "GET /?products/14982104/ HTTP/2" 200 154862 "-" "meta-externalagent/1.1 (+https://developers.facebook.com/docs/sharing/webmasters/crawler)"
57.141.20.56 - - [13/Jun/2026:03:52:21 +0530] "GET /?products/13181182/ HTTP/2" 200 154862 "-" "meta-externalagent/1.1 (+https://developers.facebook.com/docs/sharing/webmasters/crawler)"
57.141.20.8 - - [13/Jun/2026:03:52:38 +0530] "GET /?products/4606159/ HTTP/2" 200 154862 "-" "meta-externalagent/1.1 (+https://developers.facebook.com/docs/sharing/webmasters/crawler)"
57.141.20.33 - - [13/Jun/2026:03:52:18 +0530] "GET /?products/20479126/ HTTP/2" 200 154862 "-" "meta-externalagent/1.1 (+https://developers.facebook.com/docs/sharing/webmasters/crawler)"
57.141.20.33 - - [13/Jun/2026:03:52:29 +0530] "GET /?products/11547104/ HTTP/2" 200 12842 "-" "meta-externalagent/1.1 (+https://developers.facebook.com/docs/sharing/webmasters/crawler)"
162.0.216.246 - - [13/Jun/2026:03:52:31 +0530] "POST //admin/uploads/banners/o2.php?mode9&nofuzz HTTP/2" 200 3624 "-" "-"
57.141.20.25 - - [13/Jun/2026:03:52:48 +0530] "GET /?products/17754393/ HTTP/2" 200 154862 "-" "meta-externalagent/1.1 (+https://developers.facebook.com/docs/sharing/webmasters/crawler)"
57.141.20.65 - - [13/Jun/2026:03:53:13 +0530] "GET /?products/5176426/ HTTP/2" 200 154862 "-" "meta-externalagent/1.1 (+https://developers.facebook.com/docs/sharing/webmasters/crawler)"
57.141.20.0 - - [13/Jun/2026:03:53:31 +0530] "GET /?products/13668304/ HTTP/2" 200 154862 "-" "meta-externalagent/1.1 (+https://developers.facebook.com/docs/sharing/webmasters/crawler)"
57.141.20.44 - - [13/Jun/2026:03:54:01 +0530] "GET /?products/7261226/ HTTP/2" 200 154862 "-" "meta-externalagent/1.1 (+https://developers.facebook.com/docs/sharing/webmasters/crawler)"
57.141.20.9 - - [13/Jun/2026:03:54:02 +0530] "GET /?products/5641226/ HTTP/2" 200 154862 "-" "meta-externalagent/1.1 (+https://developers.facebook.com/docs/sharing/webmasters/crawler)"
57.141.20.20 - - [13/Jun/2026:03:54:17 +0530] "GET /?products/8424026/ HTTP/2" 200 154862 "-" "meta-externalagent/1.1 (+https://developers.facebook.com/docs/sharing/webmasters/crawler)"
57.141.20.57 - - [13/Jun/2026:03:54:24 +0530] "GET /?products/8927071/ HTTP/2" 200 154862 "-" "meta-externalagent/1.1 (+https://developers.facebook.com/docs/sharing/webmasters/crawler)"
57.141.20.57 - - [13/Jun/2026:03:54:36 +0530] "GET /?products/20838204/ HTTP/2" 200 154862 "-" "meta-externalagent/1.1 (+https://developers.facebook.com/docs/sharing/webmasters/crawler)"
57.141.20.7 - - [13/Jun/2026:03:54:48 +0530] "GET /?products/4455737/ HTTP/2" 200 154862 "-" "meta-externalagent/1.1 (+https://developers.facebook.com/docs/sharing/webmasters/crawler)"
95.78.44.20 - - [13/Jun/2026:03:54:50 +0530] "GET /shop/necessary/issue117024085.html HTTP/1.1" 404 1251 "-" "Mozilla/5.0 (Macintosh; U; PPC Mac OS X; nb-no) AppleWebKit/418 (KHTML, like Gecko) Safari/417.9.3"
57.141.20.26 - - [13/Jun/2026:03:54:54 +0530] "GET /?products/15099260/ HTTP/2" 200 154862 "-" "meta-externalagent/1.1 (+https://developers.facebook.com/docs/sharing/webmasters/crawler)"
57.141.20.56 - - [13/Jun/2026:03:55:11 +0530] "GET /?products/11403971/ HTTP/2" 200 154862 "-" "meta-externalagent/1.1 (+https://developers.facebook.com/docs/sharing/webmasters/crawler)"
57.141.20.18 - - [13/Jun/2026:03:53:13 +0530] "GET /?products/12890637/ HTTP/2" 200 154862 "-" "meta-externalagent/1.1 (+https://developers.facebook.com/docs/sharing/webmasters/crawler)"
57.141.20.28 - - [13/Jun/2026:03:53:17 +0530] "GET /?products/22138659/ HTTP/2" 200 154862 "-" "meta-externalagent/1.1 (+https://developers.facebook.com/docs/sharing/webmasters/crawler)"
57.141.20.52 - - [13/Jun/2026:03:53:21 +0530] "GET /?products/16221148/ HTTP/2" 200 154862 "-" "meta-externalagent/1.1 (+https://developers.facebook.com/docs/sharing/webmasters/crawler)"
66.249.66.33 - - [13/Jun/2026:03:53:59 +0530] "GET /shop/scientific/grave300049142.html HTTP/1.1" 404 1251 "-" "Mozilla/5.0 (Linux; Android 6.0.1; Nexus 5X Build/MMB29P) AppleWebKit/537.36 (KHTML, like Gecko) Chrome/148.0.7778.96 Mobile Safari/537.36 (compatible; GoogleOther)"
57.141.20.7 - - [13/Jun/2026:03:54:08 +0530] "GET /?products/9622671/ HTTP/2" 200 154862 "-" "meta-externalagent/1.1 (+https://developers.facebook.com/docs/sharing/webmasters/crawler)"
57.141.20.47 - - [13/Jun/2026:03:54:46 +0530] "GET /?products/3887315/ HTTP/2" 200 154862 "-" "meta-externalagent/1.1 (+https://developers.facebook.com/docs/sharing/webmasters/crawler)"
57.141.20.66 - - [13/Jun/2026:03:54:53 +0530] "GET /?products/20633104/ HTTP/2" 200 154862 "-" "meta-externalagent/1.1 (+https://developers.facebook.com/docs/sharing/webmasters/crawler)"
57.141.20.3 - - [13/Jun/2026:03:54:59 +0530] "GET /?products/5026793/ HTTP/2" 200 154862 "-" "meta-externalagent/1.1 (+https://developers.facebook.com/docs/sharing/webmasters/crawler)"
57.141.20.8 - - [13/Jun/2026:03:55:07 +0530] "GET /?products/13180048/ HTTP/2" 200 154862 "-" "meta-externalagent/1.1 (+https://developers.facebook.com/docs/sharing/webmasters/crawler)"
57.141.20.27 - - [13/Jun/2026:03:51:21 +0530] "GET /?products/13018982/ HTTP/2" 200 154862 "-" "meta-externalagent/1.1 (+https://developers.facebook.com/docs/sharing/webmasters/crawler)"
57.141.20.16 - - [13/Jun/2026:03:51:23 +0530] "GET /?products/22495837/ HTTP/2" 200 154862 "-" "meta-externalagent/1.1 (+https://developers.facebook.com/docs/sharing/webmasters/crawler)"
57.141.20.44 - - [13/Jun/2026:03:51:57 +0530] "GET /?products/20548559/ HTTP/2" 200 154862 "-" "meta-externalagent/1.1 (+https://developers.facebook.com/docs/sharing/webmasters/crawler)"
57.141.20.38 - - [13/Jun/2026:03:52:14 +0530] "GET /?products/12592026/ HTTP/2" 200 154862 "-" "meta-externalagent/1.1 (+https://developers.facebook.com/docs/sharing/webmasters/crawler)"
57.141.20.16 - - [13/Jun/2026:03:52:20 +0530] "GET /?products/8673048/ HTTP/2" 200 154862 "-" "meta-externalagent/1.1 (+https://developers.facebook.com/docs/sharing/webmasters/crawler)"
57.141.20.8 - - [13/Jun/2026:03:52:35 +0530] "GET /?products/18548759/ HTTP/2" 200 154862 "-" "meta-externalagent/1.1 (+https://developers.facebook.com/docs/sharing/webmasters/crawler)"
162.0.216.246 - - [13/Jun/2026:03:52:41 +0530] "POST //admin/uploads/banners/o2.php?mode9&nofuzz HTTP/2" 200 3624 "-" "-"
57.141.20.58 - - [13/Jun/2026:03:52:45 +0530] "GET /?products/10792037/ HTTP/2" 200 154862 "-" "meta-externalagent/1.1 (+https://developers.facebook.com/docs/sharing/webmasters/crawler)"
57.141.20.45 - - [13/Jun/2026:03:52:57 +0530] "GET /?products/9041093/ HTTP/2" 200 154862 "-" "meta-externalagent/1.1 (+https://developers.facebook.com/docs/sharing/webmasters/crawler)"
57.141.20.14 - - [13/Jun/2026:03:53:36 +0530] "GET /?products/16652859/ HTTP/2" 200 154862 "-" "meta-externalagent/1.1 (+https://developers.facebook.com/docs/sharing/webmasters/crawler)"
57.141.20.39 - - [13/Jun/2026:03:53:37 +0530] "GET /?products/10886893/ HTTP/2" 200 154862 "-" "meta-externalagent/1.1 (+https://developers.facebook.com/docs/sharing/webmasters/crawler)"
114.119.157.236 - - [13/Jun/2026:03:54:10 +0530] "GET /shop/consider/punch270035654.html HTTP/1.1" 404 1251 "https://pbkvidyalayam.org/?sitemap826.xml" "Mozilla/5.0 (Linux; Android 7.0;) AppleWebKit/537.36 (HTML, like Gecko) Mobile Safari/537.36 (compatible; PetalBot;+https://webmaster.petalsearch.com/site/petalbot)"
57.141.20.21 - - [13/Jun/2026:03:54:26 +0530] "GET /?products/15937059/ HTTP/2" 200 154862 "-" "meta-externalagent/1.1 (+https://developers.facebook.com/docs/sharing/webmasters/crawler)"
57.141.20.44 - - [13/Jun/2026:03:54:30 +0530] "GET /?products/5563515/ HTTP/2" 200 154862 "-" "meta-externalagent/1.1 (+https://developers.facebook.com/docs/sharing/webmasters/crawler)"
57.141.20.60 - - [13/Jun/2026:03:54:45 +0530] "GET /?products/1335971/ HTTP/2" 200 154862 "-" "meta-externalagent/1.1 (+https://developers.facebook.com/docs/sharing/webmasters/crawler)"
57.141.20.10 - - [13/Jun/2026:03:55:00 +0530] "GET /?products/10538771/ HTTP/2" 200 12842 "-" "meta-externalagent/1.1 (+https://developers.facebook.com/docs/sharing/webmasters/crawler)"
114.119.148.198 - - [13/Jun/2026:03:52:46 +0530] "GET /shop/consideration/may265030587.html HTTP/1.1" 404 1251 "https://pbkvidyalayam.org/?sitemap620.xml" "Mozilla/5.0 (Linux; Android 7.0;) AppleWebKit/537.36 (HTML, like Gecko) Mobile Safari/537.36 (compatible; PetalBot;+https://webmaster.petalsearch.com/site/petalbot)"
57.141.20.56 - - [13/Jun/2026:03:53:23 +0530] "GET /?products/3088148/ HTTP/2" 200 154862 "-" "meta-externalagent/1.1 (+https://developers.facebook.com/docs/sharing/webmasters/crawler)"
57.141.20.18 - - [13/Jun/2026:03:53:36 +0530] "GET /?products/4326026/ HTTP/2" 200 154862 "-" "meta-externalagent/1.1 (+https://developers.facebook.com/docs/sharing/webmasters/crawler)"
57.141.20.21 - - [13/Jun/2026:03:54:31 +0530] "GET /?products/15805460/ HTTP/2" 200 154862 "-" "meta-externalagent/1.1 (+https://developers.facebook.com/docs/sharing/webmasters/crawler)"
57.141.20.20 - - [13/Jun/2026:03:54:31 +0530] "GET /?products/15700682/ HTTP/2" 200 154862 "-" "meta-externalagent/1.1 (+https://developers.facebook.com/docs/sharing/webmasters/crawler)"
57.141.20.37 - - [13/Jun/2026:03:54:51 +0530] "GET /?products/15742315/ HTTP/2" 200 154862 "-" "meta-externalagent/1.1 (+https://developers.facebook.com/docs/sharing/webmasters/crawler)"
57.141.20.59 - - [13/Jun/2026:03:55:22 +0530] "GET /?products/18620104/ HTTP/2" 200 154862 "-" "meta-externalagent/1.1 (+https://developers.facebook.com/docs/sharing/webmasters/crawler)"
57.141.20.56 - - [13/Jun/2026:03:55:18 +0530] "GET /?products/6748326/ HTTP/2" 200 154862 "-" "meta-externalagent/1.1 (+https://developers.facebook.com/docs/sharing/webmasters/crawler)"
57.141.20.14 - - [13/Jun/2026:03:55:35 +0530] "GET /?products/4013693/ HTTP/2" 200 154862 "-" "meta-externalagent/1.1 (+https://developers.facebook.com/docs/sharing/webmasters/crawler)"
114.119.159.109 - - [13/Jun/2026:03:55:34 +0530] "GET /shop/conscious/partnership231030371.html HTTP/1.1" 404 1251 "https://pbkvidyalayam.org/?sitemap664.xml" "Mozilla/5.0 (Linux; Android 7.0;) AppleWebKit/537.36 (HTML, like Gecko) Mobile Safari/537.36 (compatible; PetalBot;+https://webmaster.petalsearch.com/site/petalbot)"
57.141.20.21 - - [13/Jun/2026:03:55:38 +0530] "GET /?products/13350582/ HTTP/2" 200 154862 "-" "meta-externalagent/1.1 (+https://developers.facebook.com/docs/sharing/webmasters/crawler)"
57.141.20.62 - - [13/Jun/2026:03:55:35 +0530] "GET /?products/22439615/ HTTP/2" 200 154862 "-" "meta-externalagent/1.1 (+https://developers.facebook.com/docs/sharing/webmasters/crawler)"
57.141.20.20 - - [13/Jun/2026:03:55:36 +0530] "GET /?products/16281904/ HTTP/2" 200 154862 "-" "meta-externalagent/1.1 (+https://developers.facebook.com/docs/sharing/webmasters/crawler)"
57.141.20.54 - - [13/Jun/2026:03:56:28 +0530] "GET /?products/24223815/ HTTP/2" 200 154862 "-" "meta-externalagent/1.1 (+https://developers.facebook.com/docs/sharing/webmasters/crawler)"
57.141.20.3 - - [13/Jun/2026:03:56:41 +0530] "GET /?products/20028415/ HTTP/2" 200 154862 "-" "meta-externalagent/1.1 (+https://developers.facebook.com/docs/sharing/webmasters/crawler)"
57.141.20.34 - - [13/Jun/2026:03:57:27 +0530] "GET /?products/21593771/ HTTP/2" 200 154862 "-" "meta-externalagent/1.1 (+https://developers.facebook.com/docs/sharing/webmasters/crawler)"
57.141.20.57 - - [13/Jun/2026:03:57:53 +0530] "GET /?products/21365137/ HTTP/2" 200 154862 "-" "meta-externalagent/1.1 (+https://developers.facebook.com/docs/sharing/webmasters/crawler)"
57.141.20.30 - - [13/Jun/2026:03:58:11 +0530] "GET /?products/18243793/ HTTP/2" 200 12842 "-" "meta-externalagent/1.1 (+https://developers.facebook.com/docs/sharing/webmasters/crawler)"
114.119.158.142 - - [13/Jun/2026:03:58:21 +0530] "GET /shop/worker/bolt093039123.html HTTP/1.1" 404 1251 "https://pbkvidyalayam.org/?sitemap811.xml" "Mozilla/5.0 (Linux; Android 7.0;) AppleWebKit/537.36 (HTML, like Gecko) Mobile Safari/537.36 (compatible; PetalBot;+https://webmaster.petalsearch.com/site/petalbot)"
57.141.20.8 - - [13/Jun/2026:03:56:17 +0530] "GET /?products/4651626/ HTTP/2" 200 154862 "-" "meta-externalagent/1.1 (+https://developers.facebook.com/docs/sharing/webmasters/crawler)"
57.141.20.68 - - [13/Jun/2026:03:56:32 +0530] "GET /?products/4167893/ HTTP/2" 200 154862 "-" "meta-externalagent/1.1 (+https://developers.facebook.com/docs/sharing/webmasters/crawler)"
57.141.20.45 - - [13/Jun/2026:03:56:54 +0530] "GET /?products/18997715/ HTTP/2" 200 154862 "-" "meta-externalagent/1.1 (+https://developers.facebook.com/docs/sharing/webmasters/crawler)"
57.141.20.25 - - [13/Jun/2026:03:57:12 +0530] "GET /?products/15533904/ HTTP/2" 200 154862 "-" "meta-externalagent/1.1 (+https://developers.facebook.com/docs/sharing/webmasters/crawler)"
57.141.20.5 - - [13/Jun/2026:03:57:24 +0530] "GET /?products/12529826/ HTTP/2" 200 154862 "-" "meta-externalagent/1.1 (+https://developers.facebook.com/docs/sharing/webmasters/crawler)"
57.141.20.56 - - [13/Jun/2026:03:57:25 +0530] "GET /?products/8669748/ HTTP/2" 200 154862 "-" "meta-externalagent/1.1 (+https://developers.facebook.com/docs/sharing/webmasters/crawler)"
57.141.20.1 - - [13/Jun/2026:03:57:27 +0530] "GET /?products/1601282/ HTTP/2" 200 154862 "-" "meta-externalagent/1.1 (+https://developers.facebook.com/docs/sharing/webmasters/crawler)"
57.141.20.28 - - [13/Jun/2026:03:57:54 +0530] "GET /?products/5476337/ HTTP/2" 200 154862 "-" "meta-externalagent/1.1 (+https://developers.facebook.com/docs/sharing/webmasters/crawler)"
57.141.20.8 - - [13/Jun/2026:03:58:00 +0530] "GET /?products/10358026/ HTTP/2" 200 154862 "-" "meta-externalagent/1.1 (+https://developers.facebook.com/docs/sharing/webmasters/crawler)"
57.141.20.31 - - [13/Jun/2026:03:58:09 +0530] "GET /?products/22977460/ HTTP/2" 200 154862 "-" "meta-externalagent/1.1 (+https://developers.facebook.com/docs/sharing/webmasters/crawler)"
57.141.20.4 - - [13/Jun/2026:03:58:41 +0530] "GET /?products/21680059/ HTTP/2" 200 154862 "-" "meta-externalagent/1.1 (+https://developers.facebook.com/docs/sharing/webmasters/crawler)"
57.141.20.60 - - [13/Jun/2026:03:59:36 +0530] "GET /?products/14831626/ HTTP/2" 200 154862 "-" "meta-externalagent/1.1 (+https://developers.facebook.com/docs/sharing/webmasters/crawler)"
57.141.20.5 - - [13/Jun/2026:03:59:44 +0530] "GET /?products/2006771/ HTTP/2" 200 12842 "-" "meta-externalagent/1.1 (+https://developers.facebook.com/docs/sharing/webmasters/crawler)"
57.141.20.62 - - [13/Jun/2026:03:59:56 +0530] "GET /?products/24090371/ HTTP/2" 200 154862 "-" "meta-externalagent/1.1 (+https://developers.facebook.com/docs/sharing/webmasters/crawler)"
162.0.216.246 - - [13/Jun/2026:03:59:59 +0530] "POST //admin/uploads/banners/o2.php?mode9&nofuzz HTTP/2" 200 3624 "-" "-"
162.0.216.246 - - [13/Jun/2026:04:00:01 +0530] "POST //admin/uploads/banners/o2.php?mode9&nofuzz HTTP/2" 200 4450 "-" "-"
57.141.20.62 - - [13/Jun/2026:04:00:25 +0530] "GET /?products/21041759/ HTTP/2" 200 154862 "-" "meta-externalagent/1.1 (+https://developers.facebook.com/docs/sharing/webmasters/crawler)"
57.141.20.58 - - [13/Jun/2026:04:00:35 +0530] "GET /?products/11383815/ HTTP/2" 200 154862 "-" "meta-externalagent/1.1 (+https://developers.facebook.com/docs/sharing/webmasters/crawler)"
57.141.20.51 - - [13/Jun/2026:04:00:56 +0530] "GET /?products/20104837/ HTTP/2" 200 154862 "-" "meta-externalagent/1.1 (+https://developers.facebook.com/docs/sharing/webmasters/crawler)"
114.119.138.100 - - [13/Jun/2026:04:01:08 +0530] "GET /shop/wheel/vegetable198030682.html HTTP/1.1" 404 1251 "https://pbkvidyalayam.org/?sitemap843.xml" "Mozilla/5.0 (Linux; Android 7.0;) AppleWebKit/537.36 (HTML, like Gecko) Mobile Safari/537.36 (compatible; PetalBot;+https://webmaster.petalsearch.com/site/petalbot)"
57.141.20.27 - - [13/Jun/2026:04:01:26 +0530] "GET /?products/4955360/ HTTP/2" 200 12842 "-" "meta-externalagent/1.1 (+https://developers.facebook.com/docs/sharing/webmasters/crawler)"
57.141.20.0 - - [13/Jun/2026:03:56:11 +0530] "GET /?products/7289937/ HTTP/2" 200 154862 "-" "meta-externalagent/1.1 (+https://developers.facebook.com/docs/sharing/webmasters/crawler)"
57.141.20.30 - - [13/Jun/2026:03:56:12 +0530] "GET /?products/20970882/ HTTP/2" 200 154862 "-" "meta-externalagent/1.1 (+https://developers.facebook.com/docs/sharing/webmasters/crawler)"
162.0.216.246 - - [13/Jun/2026:03:56:11 +0530] "POST //admin/uploads/banners/o2.php?mode9&nofuzz HTTP/2" 200 3624 "-" "-"
162.0.216.246 - - [13/Jun/2026:03:56:22 +0530] "POST //admin/uploads/banners/o2.php?mode9&nofuzz HTTP/2" 200 3624 "-" "-"
57.141.20.38 - - [13/Jun/2026:03:56:35 +0530] "GET /?products/23507671/ HTTP/2" 200 154862 "-" "meta-externalagent/1.1 (+https://developers.facebook.com/docs/sharing/webmasters/crawler)"
57.141.20.0 - - [13/Jun/2026:03:56:41 +0530] "GET /?products/10586726/ HTTP/2" 200 154862 "-" "meta-externalagent/1.1 (+https://developers.facebook.com/docs/sharing/webmasters/crawler)"
57.141.20.44 - - [13/Jun/2026:03:56:45 +0530] "GET /?products/10334304/ HTTP/2" 200 154862 "-" "meta-externalagent/1.1 (+https://developers.facebook.com/docs/sharing/webmasters/crawler)"
57.141.20.25 - - [13/Jun/2026:03:56:55 +0530] "GET /?products/25858060/ HTTP/2" 200 154862 "-" "meta-externalagent/1.1 (+https://developers.facebook.com/docs/sharing/webmasters/crawler)"
57.141.20.9 - - [13/Jun/2026:03:57:13 +0530] "GET /?products/9827826/ HTTP/2" 200 154862 "-" "meta-externalagent/1.1 (+https://developers.facebook.com/docs/sharing/webmasters/crawler)"
57.141.20.55 - - [13/Jun/2026:03:57:49 +0530] "GET /?products/22409659/ HTTP/2" 200 154862 "-" "meta-externalagent/1.1 (+https://developers.facebook.com/docs/sharing/webmasters/crawler)"
57.141.20.26 - - [13/Jun/2026:03:58:21 +0530] "GET /?products/1869004/ HTTP/2" 200 154862 "-" "meta-externalagent/1.1 (+https://developers.facebook.com/docs/sharing/webmasters/crawler)"
57.141.20.26 - - [13/Jun/2026:03:58:21 +0530] "GET /?products/2777759/ HTTP/2" 200 154862 "-" "meta-externalagent/1.1 (+https://developers.facebook.com/docs/sharing/webmasters/crawler)"
57.141.20.65 - - [13/Jun/2026:03:58:48 +0530] "GET /?products/4859059/ HTTP/2" 200 154862 "-" "meta-externalagent/1.1 (+https://developers.facebook.com/docs/sharing/webmasters/crawler)"
57.141.20.44 - - [13/Jun/2026:03:59:08 +0530] "GET /?products/5656571/ HTTP/2" 200 154862 "-" "meta-externalagent/1.1 (+https://developers.facebook.com/docs/sharing/webmasters/crawler)"
114.119.139.181 - - [13/Jun/2026:03:59:44 +0530] "GET /shop/wheelchair/dispute182019574.html HTTP/1.1" 404 1251 "https://pbkvidyalayam.org/?sitemap866.xml" "Mozilla/5.0 (Linux; Android 7.0;) AppleWebKit/537.36 (HTML, like Gecko) Mobile Safari/537.36 (compatible; PetalBot;+https://webmaster.petalsearch.com/site/petalbot)"
57.141.20.41 - - [13/Jun/2026:03:59:52 +0530] "GET /?products/1811904/ HTTP/2" 200 154862 "-" "meta-externalagent/1.1 (+https://developers.facebook.com/docs/sharing/webmasters/crawler)"
57.141.20.16 - - [13/Jun/2026:03:59:59 +0530] "GET /?products/2421871/ HTTP/2" 200 154862 "-" "meta-externalagent/1.1 (+https://developers.facebook.com/docs/sharing/webmasters/crawler)"
57.141.20.55 - - [13/Jun/2026:04:00:24 +0530] "GET /?products/19720960/ HTTP/2" 200 154862 "-" "meta-externalagent/1.1 (+https://developers.facebook.com/docs/sharing/webmasters/crawler)"
57.141.20.5 - - [13/Jun/2026:04:00:26 +0530] "GET /?products/17520304/ HTTP/2" 200 154862 "-" "meta-externalagent/1.1 (+https://developers.facebook.com/docs/sharing/webmasters/crawler)"
57.141.20.68 - - [13/Jun/2026:04:00:33 +0530] "GET /?products/15891759/ HTTP/2" 200 154862 "-" "meta-externalagent/1.1 (+https://developers.facebook.com/docs/sharing/webmasters/crawler)"
57.141.20.13 - - [13/Jun/2026:04:00:39 +0530] "GET /?products/20977093/ HTTP/2" 200 154862 "-" "meta-externalagent/1.1 (+https://developers.facebook.com/docs/sharing/webmasters/crawler)"
57.141.20.55 - - [13/Jun/2026:03:56:05 +0530] "GET /?products/9019837/ HTTP/2" 200 154862 "-" "meta-externalagent/1.1 (+https://developers.facebook.com/docs/sharing/webmasters/crawler)"
162.0.216.246 - - [13/Jun/2026:03:56:24 +0530] "POST //admin/uploads/banners/o2.php?mode9&nofuzz HTTP/2" 200 4465 "-" "-"
57.141.20.47 - - [13/Jun/2026:03:56:50 +0530] "GET /?products/2027693/ HTTP/2" 200 154862 "-" "meta-externalagent/1.1 (+https://developers.facebook.com/docs/sharing/webmasters/crawler)"
57.141.20.51 - - [13/Jun/2026:03:56:56 +0530] "GET /?products/8784582/ HTTP/2" 200 154862 "-" "meta-externalagent/1.1 (+https://developers.facebook.com/docs/sharing/webmasters/crawler)"
114.119.138.100 - - [13/Jun/2026:03:56:57 +0530] "GET /shop/conclude/developing258020922.html HTTP/1.1" 404 1251 "https://pbkvidyalayam.org/?sitemap760.xml" "Mozilla/5.0 (Linux; Android 7.0;) AppleWebKit/537.36 (HTML, like Gecko) Mobile Safari/537.36 (compatible; PetalBot;+https://webmaster.petalsearch.com/site/petalbot)"
57.141.20.41 - - [13/Jun/2026:03:57:25 +0530] "GET /?products/11661982/ HTTP/2" 200 154862 "-" "meta-externalagent/1.1 (+https://developers.facebook.com/docs/sharing/webmasters/crawler)"
57.141.20.5 - - [13/Jun/2026:03:57:40 +0530] "GET /?products/23242059/ HTTP/2" 200 154862 "-" "meta-externalagent/1.1 (+https://developers.facebook.com/docs/sharing/webmasters/crawler)"
57.141.20.45 - - [13/Jun/2026:03:58:15 +0530] "GET /?products/1313659/ HTTP/2" 200 154862 "-" "meta-externalagent/1.1 (+https://developers.facebook.com/docs/sharing/webmasters/crawler)"
57.141.20.61 - - [13/Jun/2026:03:58:47 +0530] "GET /?products/12597960/ HTTP/2" 200 154862 "-" "meta-externalagent/1.1 (+https://developers.facebook.com/docs/sharing/webmasters/crawler)"
57.141.20.5 - - [13/Jun/2026:03:59:25 +0530] "GET /?products/18361848/ HTTP/2" 200 154862 "-" "meta-externalagent/1.1 (+https://developers.facebook.com/docs/sharing/webmasters/crawler)"
57.141.20.21 - - [13/Jun/2026:03:59:28 +0530] "GET /?products/19969315/ HTTP/2" 200 154862 "-" "meta-externalagent/1.1 (+https://developers.facebook.com/docs/sharing/webmasters/crawler)"
57.141.20.4 - - [13/Jun/2026:03:59:46 +0530] "GET /?products/5594959/ HTTP/2" 200 154862 "-" "meta-externalagent/1.1 (+https://developers.facebook.com/docs/sharing/webmasters/crawler)"
57.141.20.37 - - [13/Jun/2026:04:00:09 +0530] "GET /?products/21545104/ HTTP/2" 200 154862 "-" "meta-externalagent/1.1 (+https://developers.facebook.com/docs/sharing/webmasters/crawler)"
82.42.183.146 - - [13/Jun/2026:04:00:17 +0530] "GET /shop/shared/jurisdiction081004405.html HTTP/1.1" 404 1251 "-" "Mozilla/5.0 (Windows NT 10.0; WOW64; rv:131.0) Gecko/20100101 Firefox/131.0"
57.141.20.55 - - [13/Jun/2026:04:00:27 +0530] "GET /?products/21520382/ HTTP/2" 200 154862 "-" "meta-externalagent/1.1 (+https://developers.facebook.com/docs/sharing/webmasters/crawler)"
57.141.20.52 - - [13/Jun/2026:04:00:29 +0530] "GET /?products/5711004/ HTTP/2" 200 154862 "-" "meta-externalagent/1.1 (+https://developers.facebook.com/docs/sharing/webmasters/crawler)"
57.141.20.44 - - [13/Jun/2026:04:01:27 +0530] "GET /?products/9073893/ HTTP/2" 200 154862 "-" "meta-externalagent/1.1 (+https://developers.facebook.com/docs/sharing/webmasters/crawler)"
