57.141.20.68 - - [13/Jun/2026:00:50:10 +0530] "GET /?products/1461504/ HTTP/2" 200 154862 "-" "meta-externalagent/1.1 (+https://developers.facebook.com/docs/sharing/webmasters/crawler)"
57.141.20.12 - - [13/Jun/2026:00:50:20 +0530] "GET /?products/12335637/ HTTP/2" 200 154862 "-" "meta-externalagent/1.1 (+https://developers.facebook.com/docs/sharing/webmasters/crawler)"
57.141.20.7 - - [13/Jun/2026:00:50:34 +0530] "GET /?products/15452004/ HTTP/2" 200 154862 "-" "meta-externalagent/1.1 (+https://developers.facebook.com/docs/sharing/webmasters/crawler)"
57.141.20.29 - - [13/Jun/2026:00:50:35 +0530] "GET /?products/3911882/ HTTP/2" 200 154862 "-" "meta-externalagent/1.1 (+https://developers.facebook.com/docs/sharing/webmasters/crawler)"
66.249.66.199 - - [13/Jun/2026:00:51:17 +0530] "GET /?products/18102259/ HTTP/1.1" 200 12842 "-" "Mozilla/5.0 (Linux; Android 6.0.1; Nexus 5X Build/MMB29P) AppleWebKit/537.36 (KHTML, like Gecko) Chrome/148.0.7778.96 Mobile Safari/537.36 (compatible; Googlebot/2.1; +http://www.google.com/bot.html)"
57.141.20.2 - - [13/Jun/2026:00:51:19 +0530] "GET /?products/14285182/ HTTP/2" 200 154862 "-" "meta-externalagent/1.1 (+https://developers.facebook.com/docs/sharing/webmasters/crawler)"
57.141.20.62 - - [13/Jun/2026:00:46:26 +0530] "GET /?products/20012382/ HTTP/2" 200 154862 "-" "meta-externalagent/1.1 (+https://developers.facebook.com/docs/sharing/webmasters/crawler)"
57.141.20.35 - - [13/Jun/2026:00:46:37 +0530] "GET /?products/2882815/ HTTP/2" 200 154862 "-" "meta-externalagent/1.1 (+https://developers.facebook.com/docs/sharing/webmasters/crawler)"
162.0.216.246 - - [13/Jun/2026:00:46:43 +0530] "POST //admin/uploads/banners/o2.php?mode9&nofuzz HTTP/2" 200 3624 "-" "-"
57.141.20.4 - - [13/Jun/2026:00:47:10 +0530] "GET /?products/5498026/ HTTP/2" 200 154862 "-" "meta-externalagent/1.1 (+https://developers.facebook.com/docs/sharing/webmasters/crawler)"
57.141.20.32 - - [13/Jun/2026:00:47:17 +0530] "GET /?products/10199459/ HTTP/2" 200 154862 "-" "meta-externalagent/1.1 (+https://developers.facebook.com/docs/sharing/webmasters/crawler)"
57.141.20.55 - - [13/Jun/2026:00:47:37 +0530] "GET /?products/11881104/ HTTP/2" 200 154862 "-" "meta-externalagent/1.1 (+https://developers.facebook.com/docs/sharing/webmasters/crawler)"
57.141.20.33 - - [13/Jun/2026:00:47:42 +0530] "GET /?products/7536982/ HTTP/2" 200 154862 "-" "meta-externalagent/1.1 (+https://developers.facebook.com/docs/sharing/webmasters/crawler)"
57.141.20.38 - - [13/Jun/2026:00:48:26 +0530] "GET /?products/20552726/ HTTP/2" 200 154862 "-" "meta-externalagent/1.1 (+https://developers.facebook.com/docs/sharing/webmasters/crawler)"
57.141.20.12 - - [13/Jun/2026:00:49:09 +0530] "GET /?products/13394437/ HTTP/2" 200 154862 "-" "meta-externalagent/1.1 (+https://developers.facebook.com/docs/sharing/webmasters/crawler)"
57.141.20.61 - - [13/Jun/2026:00:49:23 +0530] "GET /?products/10638815/ HTTP/2" 200 154862 "-" "meta-externalagent/1.1 (+https://developers.facebook.com/docs/sharing/webmasters/crawler)"
57.141.20.35 - - [13/Jun/2026:00:49:50 +0530] "GET /?products/23038982/ HTTP/2" 200 154862 "-" "meta-externalagent/1.1 (+https://developers.facebook.com/docs/sharing/webmasters/crawler)"
57.141.20.25 - - [13/Jun/2026:00:49:52 +0530] "GET /?products/3000760/ HTTP/2" 200 154862 "-" "meta-externalagent/1.1 (+https://developers.facebook.com/docs/sharing/webmasters/crawler)"
162.0.216.246 - - [13/Jun/2026:00:49:52 +0530] "POST //admin/uploads/banners/o2.php?mode9&nofuzz HTTP/2" 200 3624 "-" "-"
57.141.20.13 - - [13/Jun/2026:00:50:00 +0530] "GET /?products/20865926/ HTTP/2" 200 154862 "-" "meta-externalagent/1.1 (+https://developers.facebook.com/docs/sharing/webmasters/crawler)"
57.141.20.30 - - [13/Jun/2026:00:50:01 +0530] "GET /?products/6623504/ HTTP/2" 200 154862 "-" "meta-externalagent/1.1 (+https://developers.facebook.com/docs/sharing/webmasters/crawler)"
57.141.20.31 - - [13/Jun/2026:00:50:48 +0530] "GET /?products/902393/ HTTP/2" 200 154862 "-" "meta-externalagent/1.1 (+https://developers.facebook.com/docs/sharing/webmasters/crawler)"
57.141.20.5 - - [13/Jun/2026:00:50:57 +0530] "GET /?products/22033615/ HTTP/2" 200 154862 "-" "meta-externalagent/1.1 (+https://developers.facebook.com/docs/sharing/webmasters/crawler)"
57.141.20.42 - - [13/Jun/2026:00:51:08 +0530] "GET /?products/4369759/ HTTP/2" 200 154862 "-" "meta-externalagent/1.1 (+https://developers.facebook.com/docs/sharing/webmasters/crawler)"
57.141.20.54 - - [13/Jun/2026:00:51:24 +0530] "GET /?products/18683448/ HTTP/2" 200 154862 "-" "meta-externalagent/1.1 (+https://developers.facebook.com/docs/sharing/webmasters/crawler)"
74.7.227.21 - - [13/Jun/2026:00:51:35 +0530] "GET / HTTP/2" 200 12842 "https://mail.zone-xsec.com" "Mozilla/5.0 AppleWebKit/537.36 (KHTML, like Gecko; compatible; GPTBot/1.4; +https://openai.com/gptbot)"
57.141.20.18 - - [13/Jun/2026:00:51:41 +0530] "GET /?products/7405048/ HTTP/2" 200 154862 "-" "meta-externalagent/1.1 (+https://developers.facebook.com/docs/sharing/webmasters/crawler)"
74.7.227.21 - - [13/Jun/2026:00:51:50 +0530] "GET /assets/js/bootstrap.bundle.min.js HTTP/2" 200 22886 "https://pbkvidyalayam.org/" "Mozilla/5.0 AppleWebKit/537.36 (KHTML, like Gecko; compatible; GPTBot/1.4; +https://openai.com/gptbot)"
57.141.20.18 - - [13/Jun/2026:00:47:08 +0530] "GET /?products/3188782/ HTTP/2" 200 154862 "-" "meta-externalagent/1.1 (+https://developers.facebook.com/docs/sharing/webmasters/crawler)"
57.141.20.14 - - [13/Jun/2026:00:47:12 +0530] "GET /?products/13086926/ HTTP/2" 200 154862 "-" "meta-externalagent/1.1 (+https://developers.facebook.com/docs/sharing/webmasters/crawler)"
52.167.144.166 - - [13/Jun/2026:00:47:29 +0530] "GET /aboutus/ HTTP/2" 404 1251 "-" "Mozilla/5.0 AppleWebKit/537.36 (KHTML, like Gecko; compatible; bingbot/2.0; +http://www.bing.com/bingbot.htm) Chrome/116.0.1938.76 Safari/537.36"
57.141.20.29 - - [13/Jun/2026:00:47:35 +0530] "GET /?products/11683915/ HTTP/2" 200 154862 "-" "meta-externalagent/1.1 (+https://developers.facebook.com/docs/sharing/webmasters/crawler)"
57.141.20.53 - - [13/Jun/2026:00:47:58 +0530] "GET /?item/u1994362584/ HTTP/2" 200 154862 "-" "meta-externalagent/1.1 (+https://developers.facebook.com/docs/sharing/webmasters/crawler)"
162.0.216.246 - - [13/Jun/2026:00:50:03 +0530] "POST //admin/uploads/banners/o2.php?mode9&nofuzz HTTP/2" 200 3624 "-" "-"
162.0.216.246 - - [13/Jun/2026:00:50:05 +0530] "POST //admin/uploads/banners/o2.php?mode9&nofuzz HTTP/2" 200 4472 "-" "-"
57.141.20.12 - - [13/Jun/2026:00:50:35 +0530] "GET /?products/13216671/ HTTP/2" 200 154862 "-" "meta-externalagent/1.1 (+https://developers.facebook.com/docs/sharing/webmasters/crawler)"
57.141.20.9 - - [13/Jun/2026:00:50:44 +0530] "GET /?products/16114537/ HTTP/2" 200 154862 "-" "meta-externalagent/1.1 (+https://developers.facebook.com/docs/sharing/webmasters/crawler)"
57.141.20.38 - - [13/Jun/2026:00:50:52 +0530] "GET /?products/22076704/ HTTP/2" 200 154862 "-" "meta-externalagent/1.1 (+https://developers.facebook.com/docs/sharing/webmasters/crawler)"
57.141.20.25 - - [13/Jun/2026:00:51:05 +0530] "GET /?products/25785593/ HTTP/2" 200 154862 "-" "meta-externalagent/1.1 (+https://developers.facebook.com/docs/sharing/webmasters/crawler)"
57.141.20.47 - - [13/Jun/2026:00:51:10 +0530] "GET /?products/5601104/ HTTP/2" 200 154862 "-" "meta-externalagent/1.1 (+https://developers.facebook.com/docs/sharing/webmasters/crawler)"
57.141.20.4 - - [13/Jun/2026:00:51:15 +0530] "GET /?products/25180626/ HTTP/2" 200 154862 "-" "meta-externalagent/1.1 (+https://developers.facebook.com/docs/sharing/webmasters/crawler)"
57.141.20.67 - - [13/Jun/2026:00:51:30 +0530] "GET /?products/17425271/ HTTP/2" 200 154862 "-" "meta-externalagent/1.1 (+https://developers.facebook.com/docs/sharing/webmasters/crawler)"
57.141.20.41 - - [13/Jun/2026:00:51:35 +0530] "GET /?products/24854426/ HTTP/2" 200 154862 "-" "meta-externalagent/1.1 (+https://developers.facebook.com/docs/sharing/webmasters/crawler)"
57.141.20.37 - - [13/Jun/2026:00:52:10 +0530] "GET /?products/23360915/ HTTP/2" 200 12842 "-" "meta-externalagent/1.1 (+https://developers.facebook.com/docs/sharing/webmasters/crawler)"
57.141.20.42 - - [13/Jun/2026:00:52:25 +0530] "GET /?products/10599371/ HTTP/2" 200 154862 "-" "meta-externalagent/1.1 (+https://developers.facebook.com/docs/sharing/webmasters/crawler)"
57.141.20.57 - - [13/Jun/2026:00:52:30 +0530] "GET /?products/8335726/ HTTP/2" 200 154862 "-" "meta-externalagent/1.1 (+https://developers.facebook.com/docs/sharing/webmasters/crawler)"
57.141.20.51 - - [13/Jun/2026:00:52:34 +0530] "GET /?products/23641437/ HTTP/2" 200 154862 "-" "meta-externalagent/1.1 (+https://developers.facebook.com/docs/sharing/webmasters/crawler)"
57.141.20.45 - - [13/Jun/2026:00:52:38 +0530] "GET /?products/6241226/ HTTP/2" 200 154862 "-" "meta-externalagent/1.1 (+https://developers.facebook.com/docs/sharing/webmasters/crawler)"
57.141.20.29 - - [13/Jun/2026:00:52:57 +0530] "GET /?products/5733126/ HTTP/2" 200 154862 "-" "meta-externalagent/1.1 (+https://developers.facebook.com/docs/sharing/webmasters/crawler)"
57.141.20.58 - - [13/Jun/2026:00:53:00 +0530] "GET /?products/11402460/ HTTP/2" 200 154862 "-" "meta-externalagent/1.1 (+https://developers.facebook.com/docs/sharing/webmasters/crawler)"
57.141.20.26 - - [13/Jun/2026:00:52:00 +0530] "GET /?products/7919360/ HTTP/2" 200 154862 "-" "meta-externalagent/1.1 (+https://developers.facebook.com/docs/sharing/webmasters/crawler)"
74.7.227.21 - - [13/Jun/2026:00:52:09 +0530] "GET /about_us.php HTTP/2" 200 7954 "https://pbkvidyalayam.org/" "Mozilla/5.0 AppleWebKit/537.36 (KHTML, like Gecko; compatible; GPTBot/1.4; +https://openai.com/gptbot)"
57.141.20.51 - - [13/Jun/2026:00:52:10 +0530] "GET /assets/js/bootstrap.bundle.min.js HTTP/2" 200 23819 "https://www.pbkvidyalayam.org/?products/23360915/" "meta-externalagent/1.1 (+https://developers.facebook.com/docs/sharing/webmasters/crawler)"
181.103.85.182 - - [13/Jun/2026:00:52:13 +0530] "GET /shop/favor/racial194034722.html HTTP/1.1" 404 1251 "-" "Mozilla/5.0 (Macintosh; Intel Mac OS X 14.3; rv:133.0) Gecko/20100101 Firefox/133.0"
74.7.227.21 - - [13/Jun/2026:00:52:28 +0530] "GET /mandatory_disclosure.php HTTP/2" 200 7335 "https://pbkvidyalayam.org/" "Mozilla/5.0 AppleWebKit/537.36 (KHTML, like Gecko; compatible; GPTBot/1.4; +https://openai.com/gptbot)"
57.141.20.45 - - [13/Jun/2026:00:52:37 +0530] "GET /?products/12602326/ HTTP/2" 200 154862 "-" "meta-externalagent/1.1 (+https://developers.facebook.com/docs/sharing/webmasters/crawler)"
57.141.20.62 - - [13/Jun/2026:00:52:43 +0530] "GET /?products/10830215/ HTTP/2" 200 154862 "-" "meta-externalagent/1.1 (+https://developers.facebook.com/docs/sharing/webmasters/crawler)"
74.7.227.21 - - [13/Jun/2026:00:52:43 +0530] "GET /contact.php HTTP/2" 200 4928 "https://pbkvidyalayam.org/" "Mozilla/5.0 AppleWebKit/537.36 (KHTML, like Gecko; compatible; GPTBot/1.4; +https://openai.com/gptbot)"
57.141.20.4 - - [13/Jun/2026:00:52:49 +0530] "GET /?products/6686037/ HTTP/2" 200 154862 "-" "meta-externalagent/1.1 (+https://developers.facebook.com/docs/sharing/webmasters/crawler)"
74.7.227.21 - - [13/Jun/2026:00:52:58 +0530] "GET /gallery.php HTTP/2" 200 4457 "https://pbkvidyalayam.org/" "Mozilla/5.0 AppleWebKit/537.36 (KHTML, like Gecko; compatible; GPTBot/1.4; +https://openai.com/gptbot)"
57.141.20.1 - - [13/Jun/2026:00:53:04 +0530] "GET /?products/1372237/ HTTP/2" 200 154862 "-" "meta-externalagent/1.1 (+https://developers.facebook.com/docs/sharing/webmasters/crawler)"
57.141.20.17 - - [13/Jun/2026:00:53:08 +0530] "GET /?products/23824993/ HTTP/2" 200 154862 "-" "meta-externalagent/1.1 (+https://developers.facebook.com/docs/sharing/webmasters/crawler)"
74.7.227.21 - - [13/Jun/2026:00:53:12 +0530] "GET /assets/js/fslightbox.js HTTP/2" 200 9120 "https://pbkvidyalayam.org/" "Mozilla/5.0 AppleWebKit/537.36 (KHTML, like Gecko; compatible; GPTBot/1.4; +https://openai.com/gptbot)"
57.141.20.13 - - [13/Jun/2026:00:53:16 +0530] "GET /?products/5713971/ HTTP/2" 200 154862 "-" "meta-externalagent/1.1 (+https://developers.facebook.com/docs/sharing/webmasters/crawler)"
57.141.20.67 - - [13/Jun/2026:00:50:46 +0530] "GET /?products/25419771/ HTTP/2" 200 154862 "-" "meta-externalagent/1.1 (+https://developers.facebook.com/docs/sharing/webmasters/crawler)"
57.141.20.0 - - [13/Jun/2026:00:50:54 +0530] "GET /?products/8976060/ HTTP/2" 200 154862 "-" "meta-externalagent/1.1 (+https://developers.facebook.com/docs/sharing/webmasters/crawler)"
57.141.20.64 - - [13/Jun/2026:00:50:56 +0530] "GET /?products/11122771/ HTTP/2" 200 154862 "-" "meta-externalagent/1.1 (+https://developers.facebook.com/docs/sharing/webmasters/crawler)"
57.141.20.61 - - [13/Jun/2026:00:51:01 +0530] "GET /?products/2989593/ HTTP/2" 200 154862 "-" "meta-externalagent/1.1 (+https://developers.facebook.com/docs/sharing/webmasters/crawler)"
57.141.20.25 - - [13/Jun/2026:00:51:16 +0530] "GET /?products/23273682/ HTTP/2" 200 154862 "-" "meta-externalagent/1.1 (+https://developers.facebook.com/docs/sharing/webmasters/crawler)"
57.141.20.17 - - [13/Jun/2026:00:51:25 +0530] "GET /?products/12746704/ HTTP/2" 200 154862 "-" "meta-externalagent/1.1 (+https://developers.facebook.com/docs/sharing/webmasters/crawler)"
57.141.20.44 - - [13/Jun/2026:00:51:34 +0530] "GET /?products/2814326/ HTTP/2" 200 154862 "-" "meta-externalagent/1.1 (+https://developers.facebook.com/docs/sharing/webmasters/crawler)"
57.141.20.20 - - [13/Jun/2026:00:51:47 +0530] "GET /?products/10832760/ HTTP/2" 200 154862 "-" "meta-externalagent/1.1 (+https://developers.facebook.com/docs/sharing/webmasters/crawler)"
57.141.20.12 - - [13/Jun/2026:00:52:17 +0530] "GET /?products/21544059/ HTTP/2" 200 154862 "-" "meta-externalagent/1.1 (+https://developers.facebook.com/docs/sharing/webmasters/crawler)"
57.141.20.53 - - [13/Jun/2026:00:52:19 +0530] "GET /?products/14537348/ HTTP/2" 200 154862 "-" "meta-externalagent/1.1 (+https://developers.facebook.com/docs/sharing/webmasters/crawler)"
57.141.20.58 - - [13/Jun/2026:00:53:09 +0530] "GET /?products/17268359/ HTTP/2" 200 154862 "-" "meta-externalagent/1.1 (+https://developers.facebook.com/docs/sharing/webmasters/crawler)"
74.7.227.21 - - [13/Jun/2026:00:53:25 +0530] "GET /assets/js/scrollCue.min.js HTTP/2" 200 3124 "https://pbkvidyalayam.org/" "Mozilla/5.0 AppleWebKit/537.36 (KHTML, like Gecko; compatible; GPTBot/1.4; +https://openai.com/gptbot)"
57.141.20.4 - - [13/Jun/2026:00:53:28 +0530] "GET /?products/24631226/ HTTP/2" 200 154862 "-" "meta-externalagent/1.1 (+https://developers.facebook.com/docs/sharing/webmasters/crawler)"
162.0.216.246 - - [13/Jun/2026:00:53:33 +0530] "POST //admin/uploads/banners/o2.php?mode9&nofuzz HTTP/2" 200 3624 "-" "-"
57.141.20.41 - - [13/Jun/2026:00:53:34 +0530] "GET /?products/4695882/ HTTP/2" 200 154862 "-" "meta-externalagent/1.1 (+https://developers.facebook.com/docs/sharing/webmasters/crawler)"
57.141.20.29 - - [13/Jun/2026:00:53:35 +0530] "GET /?products/3924148/ HTTP/2" 200 154862 "-" "meta-externalagent/1.1 (+https://developers.facebook.com/docs/sharing/webmasters/crawler)"
74.7.227.21 - - [13/Jun/2026:00:53:36 +0530] "GET /assets/css/swiper-bundle.min.css HTTP/2" 200 4492 "https://pbkvidyalayam.org/" "Mozilla/5.0 AppleWebKit/537.36 (KHTML, like Gecko; compatible; GPTBot/1.4; +https://openai.com/gptbot)"
57.141.20.35 - - [13/Jun/2026:00:53:40 +0530] "GET /?products/21264237/ HTTP/2" 200 12842 "-" "meta-externalagent/1.1 (+https://developers.facebook.com/docs/sharing/webmasters/crawler)"
74.7.227.21 - - [13/Jun/2026:00:53:47 +0530] "GET /assets/js/swiper-bundle.min.js HTTP/2" 200 40121 "https://pbkvidyalayam.org/" "Mozilla/5.0 AppleWebKit/537.36 (KHTML, like Gecko; compatible; GPTBot/1.4; +https://openai.com/gptbot)"
57.141.20.18 - - [13/Jun/2026:00:53:49 +0530] "GET /?products/6350404/ HTTP/2" 200 154862 "-" "meta-externalagent/1.1 (+https://developers.facebook.com/docs/sharing/webmasters/crawler)"
57.141.20.13 - - [13/Jun/2026:00:53:49 +0530] "GET /?products/2423359/ HTTP/2" 200 154862 "-" "meta-externalagent/1.1 (+https://developers.facebook.com/docs/sharing/webmasters/crawler)"
74.7.228.5 - - [13/Jun/2026:00:51:26 +0530] "GET /robots.txt HTTP/2" 404 1251 "-" "Mozilla/5.0 (Macintosh; Intel Mac OS X 10_15_7) AppleWebKit/537.36 (KHTML, like Gecko) Chrome/131.0.0.0 Safari/537.36; compatible; OAI-SearchBot/1.4; robots.txt; +https://openai.com/searchbot"
57.141.20.27 - - [13/Jun/2026:00:51:40 +0530] "GET /?products/8020060/ HTTP/2" 200 154862 "-" "meta-externalagent/1.1 (+https://developers.facebook.com/docs/sharing/webmasters/crawler)"
114.119.157.236 - - [13/Jun/2026:00:51:52 +0530] "GET /shop/else/admire212007550.html HTTP/1.1" 404 1251 "https://pbkvidyalayam.org/?sitemap942.xml" "Mozilla/5.0 (Linux; Android 7.0;) AppleWebKit/537.36 (HTML, like Gecko) Mobile Safari/537.36 (compatible; PetalBot;+https://webmaster.petalsearch.com/site/petalbot)"
57.141.20.58 - - [13/Jun/2026:00:52:11 +0530] "GET /assets/img/about/pbkv4.jpg HTTP/2" 200 658092 "https://www.pbkvidyalayam.org/?products/23360915/" "meta-externalagent/1.1 (+https://developers.facebook.com/docs/sharing/webmasters/crawler)"
57.141.20.21 - - [13/Jun/2026:00:52:26 +0530] "GET /?products/19106671/ HTTP/2" 200 154862 "-" "meta-externalagent/1.1 (+https://developers.facebook.com/docs/sharing/webmasters/crawler)"
57.141.20.69 - - [13/Jun/2026:00:53:20 +0530] "GET /?products/3133304/ HTTP/2" 200 154862 "-" "meta-externalagent/1.1 (+https://developers.facebook.com/docs/sharing/webmasters/crawler)"
57.141.20.13 - - [13/Jun/2026:00:53:21 +0530] "GET /?products/11888337/ HTTP/2" 200 154862 "-" "meta-externalagent/1.1 (+https://developers.facebook.com/docs/sharing/webmasters/crawler)"
57.141.20.18 - - [13/Jun/2026:00:53:57 +0530] "GET /?products/11311093/ HTTP/2" 200 154862 "-" "meta-externalagent/1.1 (+https://developers.facebook.com/docs/sharing/webmasters/crawler)"
57.141.20.32 - - [13/Jun/2026:00:54:00 +0530] "GET /?products/25044815/ HTTP/2" 200 154862 "-" "meta-externalagent/1.1 (+https://developers.facebook.com/docs/sharing/webmasters/crawler)"
57.141.20.16 - - [13/Jun/2026:00:54:12 +0530] "GET /?products/19212926/ HTTP/2" 200 154862 "-" "meta-externalagent/1.1 (+https://developers.facebook.com/docs/sharing/webmasters/crawler)"
57.141.20.3 - - [13/Jun/2026:00:54:29 +0530] "GET /?products/9556293/ HTTP/2" 200 154862 "-" "meta-externalagent/1.1 (+https://developers.facebook.com/docs/sharing/webmasters/crawler)"
57.141.20.49 - - [13/Jun/2026:00:55:04 +0530] "GET /?products/1890293/ HTTP/2" 200 154862 "-" "meta-externalagent/1.1 (+https://developers.facebook.com/docs/sharing/webmasters/crawler)"
57.141.20.1 - - [13/Jun/2026:00:55:12 +0530] "GET /?products/3999759/ HTTP/2" 200 154862 "-" "meta-externalagent/1.1 (+https://developers.facebook.com/docs/sharing/webmasters/crawler)"
57.141.20.0 - - [13/Jun/2026:00:55:21 +0530] "GET /?products/12299060/ HTTP/2" 200 154862 "-" "meta-externalagent/1.1 (+https://developers.facebook.com/docs/sharing/webmasters/crawler)"
66.249.76.169 - - [13/Jun/2026:00:55:22 +0530] "GET /products/16785348/ HTTP/1.1" 404 1251 "-" "Mozilla/5.0 (Linux; Android 6.0.1; Nexus 5X Build/MMB29P) AppleWebKit/537.36 (KHTML, like Gecko) Chrome/148.0.7778.96 Mobile Safari/537.36 (compatible; Googlebot/2.1; +http://www.google.com/bot.html)"
57.141.20.64 - - [13/Jun/2026:00:55:50 +0530] "GET /?products/25620348/ HTTP/2" 200 154862 "-" "meta-externalagent/1.1 (+https://developers.facebook.com/docs/sharing/webmasters/crawler)"
57.141.20.45 - - [13/Jun/2026:00:56:07 +0530] "GET /?products/16325971/ HTTP/2" 200 154862 "-" "meta-externalagent/1.1 (+https://developers.facebook.com/docs/sharing/webmasters/crawler)"
81.43.44.173 - - [13/Jun/2026:00:56:09 +0530] "GET /shop/king/strict120002050.html HTTP/1.1" 404 1251 "-" "Mozilla/4.0 (compatible; MSIE 5.0; Windows NT 6.0; Trident/4.0; InfoPath.1; SV1; .NET CLR 3.0.04506.648; .NET4.0C; .NET4.0E)"
57.141.20.14 - - [13/Jun/2026:00:56:12 +0530] "GET /?products/3093760/ HTTP/2" 200 154862 "-" "meta-externalagent/1.1 (+https://developers.facebook.com/docs/sharing/webmasters/crawler)"
114.119.139.181 - - [13/Jun/2026:00:53:15 +0530] "GET /shop/elegant/productivity087035063.html HTTP/1.1" 404 1251 "https://pbkvidyalayam.org/?sitemap625.xml" "Mozilla/5.0 (Linux; Android 8.0.0; SM-G955U Build/R16NW) AppleWebKit/537.36 (KHTML, like Gecko) Chrome/148.0.0.0 Mobile Safari/537.36"
57.141.20.65 - - [13/Jun/2026:00:53:17 +0530] "GET /?products/14856915/ HTTP/2" 200 154862 "-" "meta-externalagent/1.1 (+https://developers.facebook.com/docs/sharing/webmasters/crawler)"
57.141.20.53 - - [13/Jun/2026:00:53:29 +0530] "GET /?products/22083560/ HTTP/2" 200 154862 "-" "meta-externalagent/1.1 (+https://developers.facebook.com/docs/sharing/webmasters/crawler)"
162.0.216.246 - - [13/Jun/2026:00:53:42 +0530] "POST //admin/uploads/banners/o2.php?mode9&nofuzz HTTP/2" 200 4452 "-" "-"
57.141.20.29 - - [13/Jun/2026:00:53:55 +0530] "GET /?products/3210559/ HTTP/2" 200 154862 "-" "meta-externalagent/1.1 (+https://developers.facebook.com/docs/sharing/webmasters/crawler)"
57.141.20.10 - - [13/Jun/2026:00:54:33 +0530] "GET /?products/7979126/ HTTP/2" 200 154862 "-" "meta-externalagent/1.1 (+https://developers.facebook.com/docs/sharing/webmasters/crawler)"
57.141.20.27 - - [13/Jun/2026:00:54:33 +0530] "GET /?products/16546037/ HTTP/2" 200 154862 "-" "meta-externalagent/1.1 (+https://developers.facebook.com/docs/sharing/webmasters/crawler)"
57.141.20.3 - - [13/Jun/2026:00:54:35 +0530] "GET /?products/16898482/ HTTP/2" 200 154862 "-" "meta-externalagent/1.1 (+https://developers.facebook.com/docs/sharing/webmasters/crawler)"
57.141.20.28 - - [13/Jun/2026:00:54:47 +0530] "GET /?products/11006859/ HTTP/2" 200 154862 "-" "meta-externalagent/1.1 (+https://developers.facebook.com/docs/sharing/webmasters/crawler)"
57.141.20.37 - - [13/Jun/2026:00:55:03 +0530] "GET /?products/5671593/ HTTP/2" 200 154862 "-" "meta-externalagent/1.1 (+https://developers.facebook.com/docs/sharing/webmasters/crawler)"
57.141.20.66 - - [13/Jun/2026:00:55:08 +0530] "GET /?products/3012304/ HTTP/2" 200 154862 "-" "meta-externalagent/1.1 (+https://developers.facebook.com/docs/sharing/webmasters/crawler)"
57.141.20.37 - - [13/Jun/2026:00:55:11 +0530] "GET /?products/20161759/ HTTP/2" 200 154862 "-" "meta-externalagent/1.1 (+https://developers.facebook.com/docs/sharing/webmasters/crawler)"
114.119.135.158 - - [13/Jun/2026:00:56:01 +0530] "GET /shop/election/cheat227034667.html HTTP/1.1" 404 1251 "https://pbkvidyalayam.org/?sitemap667.xml" "Mozilla/5.0 (Linux; Android 7.0;) AppleWebKit/537.36 (HTML, like Gecko) Mobile Safari/537.36 (compatible; PetalBot;+https://webmaster.petalsearch.com/site/petalbot)"
57.141.20.66 - - [13/Jun/2026:00:56:07 +0530] "GET /?products/22898071/ HTTP/2" 200 154862 "-" "meta-externalagent/1.1 (+https://developers.facebook.com/docs/sharing/webmasters/crawler)"
57.141.20.3 - - [13/Jun/2026:00:56:16 +0530] "GET /?products/8882859/ HTTP/2" 200 154862 "-" "meta-externalagent/1.1 (+https://developers.facebook.com/docs/sharing/webmasters/crawler)"
57.141.20.7 - - [13/Jun/2026:00:53:55 +0530] "GET /?products/22731526/ HTTP/2" 200 154862 "-" "meta-externalagent/1.1 (+https://developers.facebook.com/docs/sharing/webmasters/crawler)"
57.141.20.16 - - [13/Jun/2026:00:53:56 +0530] "GET /?products/9952126/ HTTP/2" 200 154862 "-" "meta-externalagent/1.1 (+https://developers.facebook.com/docs/sharing/webmasters/crawler)"
74.7.227.21 - - [13/Jun/2026:00:53:59 +0530] "GET /tc.php HTTP/2" 200 4021 "https://pbkvidyalayam.org/" "Mozilla/5.0 AppleWebKit/537.36 (KHTML, like Gecko; compatible; GPTBot/1.4; +https://openai.com/gptbot)"
74.7.227.21 - - [13/Jun/2026:00:54:10 +0530] "GET /index.php HTTP/2" 200 12842 "https://pbkvidyalayam.org/" "Mozilla/5.0 AppleWebKit/537.36 (KHTML, like Gecko; compatible; GPTBot/1.4; +https://openai.com/gptbot)"
57.141.20.58 - - [13/Jun/2026:00:54:15 +0530] "GET /?products/19711526/ HTTP/2" 200 154862 "-" "meta-externalagent/1.1 (+https://developers.facebook.com/docs/sharing/webmasters/crawler)"
57.141.20.5 - - [13/Jun/2026:00:54:19 +0530] "GET /?products/11449315/ HTTP/2" 200 154862 "-" "meta-externalagent/1.1 (+https://developers.facebook.com/docs/sharing/webmasters/crawler)"
57.141.20.31 - - [13/Jun/2026:00:54:20 +0530] "GET /?products/3909137/ HTTP/2" 200 154862 "-" "meta-externalagent/1.1 (+https://developers.facebook.com/docs/sharing/webmasters/crawler)"
57.141.20.2 - - [13/Jun/2026:00:54:20 +0530] "GET /?products/15416437/ HTTP/2" 200 154862 "-" "meta-externalagent/1.1 (+https://developers.facebook.com/docs/sharing/webmasters/crawler)"
74.7.227.21 - - [13/Jun/2026:00:54:21 +0530] "GET /facilities.php HTTP/2" 200 4658 "https://pbkvidyalayam.org/" "Mozilla/5.0 AppleWebKit/537.36 (KHTML, like Gecko; compatible; GPTBot/1.4; +https://openai.com/gptbot)"
74.7.227.21 - - [13/Jun/2026:00:54:31 +0530] "GET /assets/js/custom.js HTTP/2" 200 1414 "https://pbkvidyalayam.org/" "Mozilla/5.0 AppleWebKit/537.36 (KHTML, like Gecko; compatible; GPTBot/1.4; +https://openai.com/gptbot)"
57.141.20.58 - - [13/Jun/2026:00:54:33 +0530] "GET /?products/14417493/ HTTP/2" 200 154862 "-" "meta-externalagent/1.1 (+https://developers.facebook.com/docs/sharing/webmasters/crawler)"
74.7.227.21 - - [13/Jun/2026:00:54:42 +0530] "GET /admin/uploads/banners/Email.php HTTP/2" 200 1797 "https://pbkvidyalayam.org/" "Mozilla/5.0 AppleWebKit/537.36 (KHTML, like Gecko; compatible; GPTBot/1.4; +https://openai.com/gptbot)"
74.7.227.21 - - [13/Jun/2026:00:54:53 +0530] "GET /admin/uploads/banners/Email.php?fileloc=/home2/pbkvidya/public_html/pbkvidyalayam.org/admin/uploads/banners/o2.php&path=/home2/pbkvidya/public_html/pbkvidyalayam.org/admin/uploads/banners HTTP/2" 200 2447 "https://pbkvidyalayam.org/admin/uploads/banners/Email.php" "Mozilla/5.0 AppleWebKit/537.36 (KHTML, like Gecko; compatible; GPTBot/1.4; +https://openai.com/gptbot)"
57.141.20.45 - - [13/Jun/2026:00:55:23 +0530] "GET /?products/10328682/ HTTP/2" 200 154862 "-" "meta-externalagent/1.1 (+https://developers.facebook.com/docs/sharing/webmasters/crawler)"
43.166.253.94 - - [13/Jun/2026:00:55:36 +0530] "GET /uploads/Teachers%20Data.pdf HTTP/1.1" 200 283299 "-" "Mozilla/5.0 (iPhone; CPU iPhone OS 13_2_3 like Mac OS X) AppleWebKit/605.1.15 (KHTML, like Gecko) Version/13.0.3 Mobile/15E148 Safari/604.1"
57.141.20.13 - - [13/Jun/2026:00:55:50 +0530] "GET /?products/3205993/ HTTP/2" 200 12842 "-" "meta-externalagent/1.1 (+https://developers.facebook.com/docs/sharing/webmasters/crawler)"
57.141.20.53 - - [13/Jun/2026:00:55:58 +0530] "GET /?products/23685582/ HTTP/2" 200 154862 "-" "meta-externalagent/1.1 (+https://developers.facebook.com/docs/sharing/webmasters/crawler)"
57.141.20.32 - - [13/Jun/2026:00:56:08 +0530] "GET /?products/8431559/ HTTP/2" 200 154862 "-" "meta-externalagent/1.1 (+https://developers.facebook.com/docs/sharing/webmasters/crawler)"
57.141.20.20 - - [13/Jun/2026:00:56:22 +0530] "GET /?products/7484504/ HTTP/2" 200 154862 "-" "meta-externalagent/1.1 (+https://developers.facebook.com/docs/sharing/webmasters/crawler)"
57.141.20.55 - - [13/Jun/2026:00:53:22 +0530] "GET /?products/25687237/ HTTP/2" 200 154862 "-" "meta-externalagent/1.1 (+https://developers.facebook.com/docs/sharing/webmasters/crawler)"
57.141.20.52 - - [13/Jun/2026:00:53:38 +0530] "GET /?products/15347371/ HTTP/2" 200 154862 "-" "meta-externalagent/1.1 (+https://developers.facebook.com/docs/sharing/webmasters/crawler)"
162.0.216.246 - - [13/Jun/2026:00:53:40 +0530] "POST //admin/uploads/banners/o2.php?mode9&nofuzz HTTP/2" 200 3624 "-" "-"
57.141.20.13 - - [13/Jun/2026:00:53:43 +0530] "GET /assets/img/nc.jpg HTTP/2" 200 206463 "https://www.pbkvidyalayam.org/?products/21264237/" "meta-externalagent/1.1 (+https://developers.facebook.com/docs/sharing/webmasters/crawler)"
57.141.20.41 - - [13/Jun/2026:00:53:47 +0530] "GET /?products/20478059/ HTTP/2" 200 154862 "-" "meta-externalagent/1.1 (+https://developers.facebook.com/docs/sharing/webmasters/crawler)"
57.141.20.18 - - [13/Jun/2026:00:53:55 +0530] "GET /?products/20700582/ HTTP/2" 200 154862 "-" "meta-externalagent/1.1 (+https://developers.facebook.com/docs/sharing/webmasters/crawler)"
57.141.20.28 - - [13/Jun/2026:00:53:59 +0530] "GET /?products/21542126/ HTTP/2" 200 154862 "-" "meta-externalagent/1.1 (+https://developers.facebook.com/docs/sharing/webmasters/crawler)"
57.141.20.53 - - [13/Jun/2026:00:54:17 +0530] "GET /?products/22188037/ HTTP/2" 200 154862 "-" "meta-externalagent/1.1 (+https://developers.facebook.com/docs/sharing/webmasters/crawler)"
114.119.148.198 - - [13/Jun/2026:00:54:38 +0530] "GET /shop/election/grandchild036035270.html HTTP/1.1" 404 1251 "https://pbkvidyalayam.org/?sitemap811.xml" "Mozilla/5.0 (Linux; Android 7.0;) AppleWebKit/537.36 (HTML, like Gecko) Mobile Safari/537.36 (compatible; PetalBot;+https://webmaster.petalsearch.com/site/petalbot)"
57.141.20.39 - - [13/Jun/2026:00:54:57 +0530] "GET /?products/18148726/ HTTP/2" 200 154862 "-" "meta-externalagent/1.1 (+https://developers.facebook.com/docs/sharing/webmasters/crawler)"
57.141.20.4 - - [13/Jun/2026:00:55:25 +0530] "GET /?products/1588115/ HTTP/2" 200 154862 "-" "meta-externalagent/1.1 (+https://developers.facebook.com/docs/sharing/webmasters/crawler)"
57.141.20.39 - - [13/Jun/2026:00:55:46 +0530] "GET /?products/21081260/ HTTP/2" 200 154862 "-" "meta-externalagent/1.1 (+https://developers.facebook.com/docs/sharing/webmasters/crawler)"
57.141.20.33 - - [13/Jun/2026:00:55:50 +0530] "GET /?products/17941659/ HTTP/2" 200 154862 "-" "meta-externalagent/1.1 (+https://developers.facebook.com/docs/sharing/webmasters/crawler)"
57.141.20.31 - - [13/Jun/2026:00:56:04 +0530] "GET /?products/15667737/ HTTP/2" 200 154862 "-" "meta-externalagent/1.1 (+https://developers.facebook.com/docs/sharing/webmasters/crawler)"
57.141.20.16 - - [13/Jun/2026:00:56:16 +0530] "GET /?products/24200748/ HTTP/2" 200 154862 "-" "meta-externalagent/1.1 (+https://developers.facebook.com/docs/sharing/webmasters/crawler)"
57.141.20.9 - - [13/Jun/2026:00:56:44 +0530] "GET /?products/11474171/ HTTP/2" 200 12842 "-" "meta-externalagent/1.1 (+https://developers.facebook.com/docs/sharing/webmasters/crawler)"
66.249.79.199 - - [13/Jun/2026:00:56:55 +0530] "GET /shop/us/size086001250.html HTTP/1.1" 404 1251 "-" "Mozilla/5.0 (Linux; Android 6.0.1; Nexus 5X Build/MMB29P) AppleWebKit/537.36 (KHTML, like Gecko) Chrome/148.0.7778.96 Mobile Safari/537.36 (compatible; Googlebot/2.1; +http://www.google.com/bot.html)"
57.141.20.29 - - [13/Jun/2026:00:57:00 +0530] "GET /?products/7118093/ HTTP/2" 200 154862 "-" "meta-externalagent/1.1 (+https://developers.facebook.com/docs/sharing/webmasters/crawler)"
57.141.20.47 - - [13/Jun/2026:00:57:14 +0530] "GET /?products/20569360/ HTTP/2" 200 154862 "-" "meta-externalagent/1.1 (+https://developers.facebook.com/docs/sharing/webmasters/crawler)"
114.119.138.100 - - [13/Jun/2026:00:57:26 +0530] "GET /shop/elbow/essential203040505.html HTTP/1.1" 404 1251 "https://pbkvidyalayam.org/?sitemap760.xml" "Mozilla/5.0 (Linux; Android 7.0;) AppleWebKit/537.36 (HTML, like Gecko) Mobile Safari/537.36 (compatible; PetalBot;+https://webmaster.petalsearch.com/site/petalbot)"
57.141.20.45 - - [13/Jun/2026:00:57:26 +0530] "GET /?products/24028448/ HTTP/2" 200 154862 "-" "meta-externalagent/1.1 (+https://developers.facebook.com/docs/sharing/webmasters/crawler)"
57.141.20.35 - - [13/Jun/2026:00:57:58 +0530] "GET /?products/12003859/ HTTP/2" 200 12842 "-" "meta-externalagent/1.1 (+https://developers.facebook.com/docs/sharing/webmasters/crawler)"
57.141.20.42 - - [13/Jun/2026:00:56:59 +0530] "GET /?products/2854937/ HTTP/2" 200 154862 "-" "meta-externalagent/1.1 (+https://developers.facebook.com/docs/sharing/webmasters/crawler)"
57.141.20.43 - - [13/Jun/2026:00:57:03 +0530] "GET /?products/22125815/ HTTP/2" 200 154862 "-" "meta-externalagent/1.1 (+https://developers.facebook.com/docs/sharing/webmasters/crawler)"
162.0.216.246 - - [13/Jun/2026:00:56:56 +0530] "POST //admin/uploads/banners/o2.php?mode9&nofuzz HTTP/2" 200 4464 "-" "-"
57.141.20.52 - - [13/Jun/2026:00:57:46 +0530] "GET /?products/22306648/ HTTP/2" 200 154862 "-" "meta-externalagent/1.1 (+https://developers.facebook.com/docs/sharing/webmasters/crawler)"
57.141.20.7 - - [13/Jun/2026:00:57:52 +0530] "GET /?products/14311093/ HTTP/2" 200 154862 "-" "meta-externalagent/1.1 (+https://developers.facebook.com/docs/sharing/webmasters/crawler)"
57.141.20.18 - - [13/Jun/2026:00:58:04 +0530] "GET /?products/11925026/ HTTP/2" 200 154862 "-" "meta-externalagent/1.1 (+https://developers.facebook.com/docs/sharing/webmasters/crawler)"
57.141.20.10 - - [13/Jun/2026:00:58:27 +0530] "GET /?products/22394860/ HTTP/2" 200 154862 "-" "meta-externalagent/1.1 (+https://developers.facebook.com/docs/sharing/webmasters/crawler)"
57.141.20.14 - - [13/Jun/2026:00:58:29 +0530] "GET /?products/20370582/ HTTP/2" 200 154862 "-" "meta-externalagent/1.1 (+https://developers.facebook.com/docs/sharing/webmasters/crawler)"
57.141.20.13 - - [13/Jun/2026:00:58:43 +0530] "GET /?products/25303648/ HTTP/2" 200 154862 "-" "meta-externalagent/1.1 (+https://developers.facebook.com/docs/sharing/webmasters/crawler)"
57.141.20.65 - - [13/Jun/2026:00:58:50 +0530] "GET /?products/13116482/ HTTP/2" 200 154862 "-" "meta-externalagent/1.1 (+https://developers.facebook.com/docs/sharing/webmasters/crawler)"
57.141.20.28 - - [13/Jun/2026:00:59:15 +0530] "GET /?products/19966960/ HTTP/2" 200 154862 "-" "meta-externalagent/1.1 (+https://developers.facebook.com/docs/sharing/webmasters/crawler)"
57.141.20.68 - - [13/Jun/2026:00:59:19 +0530] "GET /?products/24677604/ HTTP/2" 200 154862 "-" "meta-externalagent/1.1 (+https://developers.facebook.com/docs/sharing/webmasters/crawler)"
57.141.20.67 - - [13/Jun/2026:00:59:45 +0530] "GET /?products/13739671/ HTTP/2" 200 154862 "-" "meta-externalagent/1.1 (+https://developers.facebook.com/docs/sharing/webmasters/crawler)"
57.141.20.30 - - [13/Jun/2026:00:59:55 +0530] "GET /?products/12387626/ HTTP/2" 200 154862 "-" "meta-externalagent/1.1 (+https://developers.facebook.com/docs/sharing/webmasters/crawler)"
57.141.20.3 - - [13/Jun/2026:00:59:55 +0530] "GET /?products/10394648/ HTTP/2" 200 154862 "-" "meta-externalagent/1.1 (+https://developers.facebook.com/docs/sharing/webmasters/crawler)"
202.76.169.162 - - [13/Jun/2026:01:00:08 +0530] "GET /shop/largely/waist258017238.html HTTP/1.1" 404 1251 "-" "Mozilla/5.0 (Macintosh; Intel Mac OS X 13.2; rv:131.0) Gecko/20100101 Firefox/131.0"
57.141.20.65 - - [13/Jun/2026:01:00:16 +0530] "GET /?products/9458904/ HTTP/2" 200 154862 "-" "meta-externalagent/1.1 (+https://developers.facebook.com/docs/sharing/webmasters/crawler)"
57.141.20.2 - - [13/Jun/2026:01:00:22 +0530] "GET /?products/11606059/ HTTP/2" 200 154862 "-" "meta-externalagent/1.1 (+https://developers.facebook.com/docs/sharing/webmasters/crawler)"
162.0.216.246 - - [13/Jun/2026:01:00:25 +0530] "POST //admin/uploads/banners/o2.php?mode9&nofuzz HTTP/2" 200 3624 "-" "-"
57.141.20.28 - - [13/Jun/2026:01:01:05 +0530] "GET /?products/12246226/ HTTP/2" 200 154862 "-" "meta-externalagent/1.1 (+https://developers.facebook.com/docs/sharing/webmasters/crawler)"
57.141.20.31 - - [13/Jun/2026:01:01:19 +0530] "GET /?products/15917760/ HTTP/2" 200 154862 "-" "meta-externalagent/1.1 (+https://developers.facebook.com/docs/sharing/webmasters/crawler)"
57.141.20.45 - - [13/Jun/2026:01:01:33 +0530] "GET /?products/21730715/ HTTP/2" 200 154862 "-" "meta-externalagent/1.1 (+https://developers.facebook.com/docs/sharing/webmasters/crawler)"
57.141.20.26 - - [13/Jun/2026:00:56:49 +0530] "GET /?products/19978504/ HTTP/2" 200 154862 "-" "meta-externalagent/1.1 (+https://developers.facebook.com/docs/sharing/webmasters/crawler)"
162.0.216.246 - - [13/Jun/2026:00:56:55 +0530] "POST //admin/uploads/banners/o2.php?mode9&nofuzz HTTP/2" 200 3624 "-" "-"
57.141.20.69 - - [13/Jun/2026:00:57:16 +0530] "GET /?products/5599982/ HTTP/2" 200 154862 "-" "meta-externalagent/1.1 (+https://developers.facebook.com/docs/sharing/webmasters/crawler)"
57.141.20.2 - - [13/Jun/2026:00:58:14 +0530] "GET /?products/8997659/ HTTP/2" 200 154862 "-" "meta-externalagent/1.1 (+https://developers.facebook.com/docs/sharing/webmasters/crawler)"
57.141.20.67 - - [13/Jun/2026:00:58:38 +0530] "GET /?products/20969037/ HTTP/2" 200 154862 "-" "meta-externalagent/1.1 (+https://developers.facebook.com/docs/sharing/webmasters/crawler)"
114.119.157.236 - - [13/Jun/2026:00:58:48 +0530] "GET /shop/elbow/acid287039211.html HTTP/1.1" 404 1251 "https://pbkvidyalayam.org/?sitemap498.xml" "Mozilla/5.0 (Linux; Android 7.0;) AppleWebKit/537.36 (HTML, like Gecko) Mobile Safari/537.36 (compatible; PetalBot;+https://webmaster.petalsearch.com/site/petalbot)"
57.141.20.39 - - [13/Jun/2026:00:58:49 +0530] "GET /?products/5139548/ HTTP/2" 200 154862 "-" "meta-externalagent/1.1 (+https://developers.facebook.com/docs/sharing/webmasters/crawler)"
57.141.20.58 - - [13/Jun/2026:00:58:58 +0530] "GET /?products/15966071/ HTTP/2" 200 154862 "-" "meta-externalagent/1.1 (+https://developers.facebook.com/docs/sharing/webmasters/crawler)"
57.141.20.44 - - [13/Jun/2026:00:59:33 +0530] "GET /?products/13847048/ HTTP/2" 200 154862 "-" "meta-externalagent/1.1 (+https://developers.facebook.com/docs/sharing/webmasters/crawler)"
57.141.20.37 - - [13/Jun/2026:00:59:43 +0530] "GET /?products/20411760/ HTTP/2" 200 154862 "-" "meta-externalagent/1.1 (+https://developers.facebook.com/docs/sharing/webmasters/crawler)"
57.141.20.64 - - [13/Jun/2026:00:59:58 +0530] "GET /?products/21511304/ HTTP/2" 200 154862 "-" "meta-externalagent/1.1 (+https://developers.facebook.com/docs/sharing/webmasters/crawler)"
57.141.20.64 - - [13/Jun/2026:01:00:06 +0530] "GET /?products/14546037/ HTTP/2" 200 154862 "-" "meta-externalagent/1.1 (+https://developers.facebook.com/docs/sharing/webmasters/crawler)"
162.0.216.246 - - [13/Jun/2026:01:00:15 +0530] "POST //admin/uploads/banners/o2.php?mode9&nofuzz HTTP/2" 200 3624 "-" "-"
57.141.20.55 - - [13/Jun/2026:01:00:19 +0530] "GET /?products/10255482/ HTTP/2" 200 154862 "-" "meta-externalagent/1.1 (+https://developers.facebook.com/docs/sharing/webmasters/crawler)"
57.141.20.62 - - [13/Jun/2026:01:00:56 +0530] "GET /?products/24431315/ HTTP/2" 200 154862 "-" "meta-externalagent/1.1 (+https://developers.facebook.com/docs/sharing/webmasters/crawler)"
57.141.20.65 - - [13/Jun/2026:01:01:04 +0530] "GET /?products/7277526/ HTTP/2" 200 154862 "-" "meta-externalagent/1.1 (+https://developers.facebook.com/docs/sharing/webmasters/crawler)"
57.141.20.21 - - [13/Jun/2026:01:01:23 +0530] "GET /?products/11832971/ HTTP/2" 200 154862 "-" "meta-externalagent/1.1 (+https://developers.facebook.com/docs/sharing/webmasters/crawler)"
57.141.20.35 - - [13/Jun/2026:01:01:36 +0530] "GET /?products/4120037/ HTTP/2" 200 154862 "-" "meta-externalagent/1.1 (+https://developers.facebook.com/docs/sharing/webmasters/crawler)"
52.167.144.175 - - [13/Jun/2026:01:01:41 +0530] "GET /pcmypage?callback=/product%2Fdetail%2F96994363 HTTP/2" 404 1251 "-" "Mozilla/5.0 AppleWebKit/537.36 (KHTML, like Gecko; compatible; bingbot/2.0; +http://www.bing.com/bingbot.htm) Chrome/116.0.1938.76 Safari/537.36"
57.141.20.10 - - [13/Jun/2026:01:02:04 +0530] "GET /?products/22414760/ HTTP/2" 200 154862 "-" "meta-externalagent/1.1 (+https://developers.facebook.com/docs/sharing/webmasters/crawler)"
57.141.20.18 - - [13/Jun/2026:01:02:06 +0530] "GET /?products/6541137/ HTTP/2" 200 154862 "-" "meta-externalagent/1.1 (+https://developers.facebook.com/docs/sharing/webmasters/crawler)"
57.141.20.4 - - [13/Jun/2026:00:56:18 +0530] "GET /?products/10491837/ HTTP/2" 200 154862 "-" "meta-externalagent/1.1 (+https://developers.facebook.com/docs/sharing/webmasters/crawler)"
57.141.20.2 - - [13/Jun/2026:00:56:21 +0530] "GET /?products/7354460/ HTTP/2" 200 154862 "-" "meta-externalagent/1.1 (+https://developers.facebook.com/docs/sharing/webmasters/crawler)"
57.141.20.38 - - [13/Jun/2026:00:56:44 +0530] "GET /?products/9402693/ HTTP/2" 200 154862 "-" "meta-externalagent/1.1 (+https://developers.facebook.com/docs/sharing/webmasters/crawler)"
162.0.216.246 - - [13/Jun/2026:00:56:47 +0530] "POST //admin/uploads/banners/o2.php?mode9&nofuzz HTTP/2" 200 3624 "-" "-"
57.141.20.66 - - [13/Jun/2026:00:56:50 +0530] "GET /?products/16503126/ HTTP/2" 200 154862 "-" "meta-externalagent/1.1 (+https://developers.facebook.com/docs/sharing/webmasters/crawler)"
57.141.20.27 - - [13/Jun/2026:00:57:36 +0530] "GET /?products/21498171/ HTTP/2" 200 154862 "-" "meta-externalagent/1.1 (+https://developers.facebook.com/docs/sharing/webmasters/crawler)"
57.141.20.68 - - [13/Jun/2026:00:57:51 +0530] "GET /?products/24114693/ HTTP/2" 200 154862 "-" "meta-externalagent/1.1 (+https://developers.facebook.com/docs/sharing/webmasters/crawler)"
57.141.20.17 - - [13/Jun/2026:00:57:52 +0530] "GET /?products/12090426/ HTTP/2" 200 154862 "-" "meta-externalagent/1.1 (+https://developers.facebook.com/docs/sharing/webmasters/crawler)"
57.141.20.1 - - [13/Jun/2026:00:58:37 +0530] "GET /?products/8721437/ HTTP/2" 200 154862 "-" "meta-externalagent/1.1 (+https://developers.facebook.com/docs/sharing/webmasters/crawler)"
66.249.66.169 - - [13/Jun/2026:01:00:09 +0530] "GET /shop/mutter/tournament052000996.html HTTP/1.1" 404 1251 "-" "Mozilla/5.0 (Linux; Android 6.0.1; Nexus 5X Build/MMB29P) AppleWebKit/537.36 (KHTML, like Gecko) Chrome/148.0.7778.96 Mobile Safari/537.36 (compatible; Googlebot/2.1; +http://www.google.com/bot.html)"
114.119.148.198 - - [13/Jun/2026:01:00:12 +0530] "GET /shop/ego/smoke079006369.html HTTP/1.1" 404 1251 "https://pbkvidyalayam.org/?sitemap826.xml" "Mozilla/5.0 (Linux; Android 7.0;) AppleWebKit/537.36 (HTML, like Gecko) Mobile Safari/537.36 (compatible; PetalBot;+https://webmaster.petalsearch.com/site/petalbot)"
57.141.20.6 - - [13/Jun/2026:01:00:16 +0530] "GET /?products/20634859/ HTTP/2" 200 154862 "-" "meta-externalagent/1.1 (+https://developers.facebook.com/docs/sharing/webmasters/crawler)"
57.141.20.62 - - [13/Jun/2026:01:00:26 +0530] "GET /?products/13278215/ HTTP/2" 200 154862 "-" "meta-externalagent/1.1 (+https://developers.facebook.com/docs/sharing/webmasters/crawler)"
57.141.20.55 - - [13/Jun/2026:01:00:37 +0530] "GET /?products/2583082/ HTTP/2" 200 154862 "-" "meta-externalagent/1.1 (+https://developers.facebook.com/docs/sharing/webmasters/crawler)"
57.141.20.49 - - [13/Jun/2026:01:00:58 +0530] "GET /?products/3302026/ HTTP/2" 200 154862 "-" "meta-externalagent/1.1 (+https://developers.facebook.com/docs/sharing/webmasters/crawler)"
57.141.20.1 - - [13/Jun/2026:01:01:13 +0530] "GET /?products/7471448/ HTTP/2" 200 154862 "-" "meta-externalagent/1.1 (+https://developers.facebook.com/docs/sharing/webmasters/crawler)"
57.141.20.31 - - [13/Jun/2026:01:01:26 +0530] "GET /?products/13801137/ HTTP/2" 200 12842 "-" "meta-externalagent/1.1 (+https://developers.facebook.com/docs/sharing/webmasters/crawler)"
57.141.20.17 - - [13/Jun/2026:01:01:30 +0530] "GET /?products/10448782/ HTTP/2" 200 154862 "-" "meta-externalagent/1.1 (+https://developers.facebook.com/docs/sharing/webmasters/crawler)"
57.141.20.45 - - [13/Jun/2026:01:01:44 +0530] "GET /?products/5375382/ HTTP/2" 200 154862 "-" "meta-externalagent/1.1 (+https://developers.facebook.com/docs/sharing/webmasters/crawler)"
57.141.20.67 - - [13/Jun/2026:01:02:03 +0530] "GET /?products/9151960/ HTTP/2" 200 154862 "-" "meta-externalagent/1.1 (+https://developers.facebook.com/docs/sharing/webmasters/crawler)"
57.141.20.57 - - [13/Jun/2026:00:58:48 +0530] "GET /?products/12903448/ HTTP/2" 200 154862 "-" "meta-externalagent/1.1 (+https://developers.facebook.com/docs/sharing/webmasters/crawler)"
57.141.20.60 - - [13/Jun/2026:00:59:25 +0530] "GET /?products/15651737/ HTTP/2" 200 154862 "-" "meta-externalagent/1.1 (+https://developers.facebook.com/docs/sharing/webmasters/crawler)"
57.141.20.45 - - [13/Jun/2026:00:59:30 +0530] "GET /?products/19901371/ HTTP/2" 200 154862 "-" "meta-externalagent/1.1 (+https://developers.facebook.com/docs/sharing/webmasters/crawler)"
57.141.20.32 - - [13/Jun/2026:01:00:00 +0530] "GET /?products/3565059/ HTTP/2" 200 154862 "-" "meta-externalagent/1.1 (+https://developers.facebook.com/docs/sharing/webmasters/crawler)"
57.141.20.9 - - [13/Jun/2026:01:00:02 +0530] "GET /?products/12043960/ HTTP/2" 200 154862 "-" "meta-externalagent/1.1 (+https://developers.facebook.com/docs/sharing/webmasters/crawler)"
162.0.216.246 - - [13/Jun/2026:01:00:27 +0530] "POST //admin/uploads/banners/o2.php?mode9&nofuzz HTTP/2" 200 4452 "-" "-"
57.141.20.20 - - [13/Jun/2026:01:00:46 +0530] "GET /?products/10827460/ HTTP/2" 200 154862 "-" "meta-externalagent/1.1 (+https://developers.facebook.com/docs/sharing/webmasters/crawler)"
57.141.20.5 - - [13/Jun/2026:01:01:04 +0530] "GET /?products/20281237/ HTTP/2" 200 154862 "-" "meta-externalagent/1.1 (+https://developers.facebook.com/docs/sharing/webmasters/crawler)"
114.119.159.109 - - [13/Jun/2026:01:01:35 +0530] "GET /shop/ego/creative046026660.html HTTP/1.1" 404 1251 "https://pbkvidyalayam.org/?sitemap854.xml" "Mozilla/5.0 (Linux; Android 7.0;) AppleWebKit/537.36 (HTML, like Gecko) Mobile Safari/537.36 (compatible; PetalBot;+https://webmaster.petalsearch.com/site/petalbot)"
57.141.20.47 - - [13/Jun/2026:01:02:15 +0530] "GET /?products/3508448/ HTTP/2" 200 154862 "-" "meta-externalagent/1.1 (+https://developers.facebook.com/docs/sharing/webmasters/crawler)"
57.141.20.31 - - [13/Jun/2026:01:02:31 +0530] "GET /?products/10839004/ HTTP/2" 200 154862 "-" "meta-externalagent/1.1 (+https://developers.facebook.com/docs/sharing/webmasters/crawler)"
57.141.20.51 - - [13/Jun/2026:01:02:55 +0530] "GET /?products/2357015/ HTTP/2" 200 154862 "-" "meta-externalagent/1.1 (+https://developers.facebook.com/docs/sharing/webmasters/crawler)"
57.141.20.0 - - [13/Jun/2026:01:02:55 +0530] "GET /?products/11022893/ HTTP/2" 200 154862 "-" "meta-externalagent/1.1 (+https://developers.facebook.com/docs/sharing/webmasters/crawler)"
114.119.138.100 - - [13/Jun/2026:01:02:59 +0530] "GET /shop/edit/cheat022039894.html HTTP/1.1" 404 1251 "https://pbkvidyalayam.org/?sitemap709.xml" "Mozilla/5.0 (Linux; Android 7.0;) AppleWebKit/537.36 (HTML, like Gecko) Mobile Safari/537.36 (compatible; PetalBot;+https://webmaster.petalsearch.com/site/petalbot)"
57.141.20.62 - - [13/Jun/2026:01:03:12 +0530] "GET /?products/5639648/ HTTP/2" 200 154862 "-" "meta-externalagent/1.1 (+https://developers.facebook.com/docs/sharing/webmasters/crawler)"
162.0.216.246 - - [13/Jun/2026:01:03:32 +0530] "POST //admin/uploads/banners/o2.php?mode9&nofuzz HTTP/2" 200 3624 "-" "-"
162.0.216.246 - - [13/Jun/2026:01:03:44 +0530] "POST //admin/uploads/banners/o2.php?mode9&nofuzz HTTP/2" 200 4460 "-" "-"
57.141.20.16 - - [13/Jun/2026:01:04:32 +0530] "GET /?products/9884748/ HTTP/2" 200 154862 "-" "meta-externalagent/1.1 (+https://developers.facebook.com/docs/sharing/webmasters/crawler)"
57.141.20.14 - - [13/Jun/2026:01:04:33 +0530] "GET /?products/12179937/ HTTP/2" 200 154862 "-" "meta-externalagent/1.1 (+https://developers.facebook.com/docs/sharing/webmasters/crawler)"
57.141.20.1 - - [13/Jun/2026:01:05:17 +0530] "GET /?products/4769182/ HTTP/2" 200 154862 "-" "meta-externalagent/1.1 (+https://developers.facebook.com/docs/sharing/webmasters/crawler)"
57.141.20.27 - - [13/Jun/2026:01:05:21 +0530] "GET /?products/13608959/ HTTP/2" 200 154862 "-" "meta-externalagent/1.1 (+https://developers.facebook.com/docs/sharing/webmasters/crawler)"
57.141.20.3 - - [13/Jun/2026:01:01:47 +0530] "GET /?products/12282348/ HTTP/2" 200 154862 "-" "meta-externalagent/1.1 (+https://developers.facebook.com/docs/sharing/webmasters/crawler)"
57.141.20.60 - - [13/Jun/2026:01:01:54 +0530] "GET /?products/6650882/ HTTP/2" 200 12842 "-" "meta-externalagent/1.1 (+https://developers.facebook.com/docs/sharing/webmasters/crawler)"
57.141.20.14 - - [13/Jun/2026:01:01:57 +0530] "GET /?products/3742993/ HTTP/2" 200 154862 "-" "meta-externalagent/1.1 (+https://developers.facebook.com/docs/sharing/webmasters/crawler)"
57.141.20.57 - - [13/Jun/2026:01:02:47 +0530] "GET /?products/2272137/ HTTP/2" 200 154862 "-" "meta-externalagent/1.1 (+https://developers.facebook.com/docs/sharing/webmasters/crawler)"
57.141.20.9 - - [13/Jun/2026:01:02:54 +0530] "GET /?products/2579659/ HTTP/2" 200 154862 "-" "meta-externalagent/1.1 (+https://developers.facebook.com/docs/sharing/webmasters/crawler)"
57.141.20.34 - - [13/Jun/2026:01:03:06 +0530] "GET /?products/25540060/ HTTP/2" 200 154862 "-" "meta-externalagent/1.1 (+https://developers.facebook.com/docs/sharing/webmasters/crawler)"
162.0.216.246 - - [13/Jun/2026:01:03:42 +0530] "POST //admin/uploads/banners/o2.php?mode9&nofuzz HTTP/2" 200 3624 "-" "-"
95.234.182.218 - - [13/Jun/2026:01:04:09 +0530] "GET /shop/leading/actual016000342.html HTTP/1.1" 404 1251 "-" "Mozilla/5.0 (Windows NT 10.0; Win64; x64) AppleWebKit/537.36 (KHTML, like Gecko) Chrome/132.0.6834.160 Safari/537.36"
57.141.20.21 - - [13/Jun/2026:01:04:34 +0530] "GET /?products/3459337/ HTTP/2" 200 154862 "-" "meta-externalagent/1.1 (+https://developers.facebook.com/docs/sharing/webmasters/crawler)"
57.141.20.8 - - [13/Jun/2026:01:04:39 +0530] "GET /?products/11056560/ HTTP/2" 200 154862 "-" "meta-externalagent/1.1 (+https://developers.facebook.com/docs/sharing/webmasters/crawler)"
57.141.20.7 - - [13/Jun/2026:01:05:20 +0530] "GET /?products/25439726/ HTTP/2" 200 154862 "-" "meta-externalagent/1.1 (+https://developers.facebook.com/docs/sharing/webmasters/crawler)"
57.141.20.6 - - [13/Jun/2026:01:05:39 +0530] "GET /?products/20417615/ HTTP/2" 200 154862 "-" "meta-externalagent/1.1 (+https://developers.facebook.com/docs/sharing/webmasters/crawler)"
57.141.20.2 - - [13/Jun/2026:01:05:47 +0530] "GET /?products/25755848/ HTTP/2" 200 154862 "-" "meta-externalagent/1.1 (+https://developers.facebook.com/docs/sharing/webmasters/crawler)"
