57.141.20.68 - - [13/Jun/2026:09:40:53 +0530] "GET /assets/img/labs/Library.jpg HTTP/2" 200 625470 "https://pbkvidyalayam.org/?products/17520615/" "meta-externalagent/1.1 (+https://developers.facebook.com/docs/sharing/webmasters/crawler)"
114.119.158.142 - - [13/Jun/2026:09:41:08 +0530] "GET /shop/cost/orientation020015662.html HTTP/1.1" 404 1251 "https://pbkvidyalayam.org/?sitemap866.xml" "Mozilla/5.0 (Linux; Android 7.0;) AppleWebKit/537.36 (HTML, like Gecko) Mobile Safari/537.36 (compatible; PetalBot;+https://webmaster.petalsearch.com/site/petalbot)"
57.141.20.18 - - [13/Jun/2026:09:41:25 +0530] "GET /?products/2062704/ HTTP/2" 200 154862 "-" "meta-externalagent/1.1 (+https://developers.facebook.com/docs/sharing/webmasters/crawler)"
57.141.20.9 - - [13/Jun/2026:09:41:46 +0530] "GET /?products/14951415/ HTTP/2" 200 154862 "-" "meta-externalagent/1.1 (+https://developers.facebook.com/docs/sharing/webmasters/crawler)"
57.141.20.57 - - [13/Jun/2026:09:34:36 +0530] "GET /?products/15494837/ HTTP/2" 200 154862 "-" "meta-externalagent/1.1 (+https://developers.facebook.com/docs/sharing/webmasters/crawler)"
57.141.20.65 - - [13/Jun/2026:09:34:38 +0530] "GET /?products/7803671/ HTTP/2" 200 154862 "-" "meta-externalagent/1.1 (+https://developers.facebook.com/docs/sharing/webmasters/crawler)"
57.141.20.51 - - [13/Jun/2026:09:34:48 +0530] "GET /?products/7441960/ HTTP/2" 200 154862 "-" "meta-externalagent/1.1 (+https://developers.facebook.com/docs/sharing/webmasters/crawler)"
57.141.20.59 - - [13/Jun/2026:09:35:36 +0530] "GET /?products/15820637/ HTTP/2" 200 154862 "-" "meta-externalagent/1.1 (+https://developers.facebook.com/docs/sharing/webmasters/crawler)"
57.141.20.61 - - [13/Jun/2026:09:36:25 +0530] "GET /?products/24024893/ HTTP/2" 200 154862 "-" "meta-externalagent/1.1 (+https://developers.facebook.com/docs/sharing/webmasters/crawler)"
57.141.20.33 - - [13/Jun/2026:09:36:38 +0530] "GET /?products/6359748/ HTTP/2" 200 154862 "-" "meta-externalagent/1.1 (+https://developers.facebook.com/docs/sharing/webmasters/crawler)"
57.141.20.12 - - [13/Jun/2026:09:37:03 +0530] "GET /?products/3849682/ HTTP/2" 200 154862 "-" "meta-externalagent/1.1 (+https://developers.facebook.com/docs/sharing/webmasters/crawler)"
57.141.20.37 - - [13/Jun/2026:09:37:06 +0530] "GET /?products/9466826/ HTTP/2" 200 154862 "-" "meta-externalagent/1.1 (+https://developers.facebook.com/docs/sharing/webmasters/crawler)"
66.249.76.169 - - [13/Jun/2026:09:37:18 +0530] "GET /products/6632082/ HTTP/1.1" 404 1251 "-" "Mozilla/5.0 (Linux; Android 6.0.1; Nexus 5X Build/MMB29P) AppleWebKit/537.36 (KHTML, like Gecko) Chrome/148.0.7778.96 Mobile Safari/537.36 (compatible; Googlebot/2.1; +http://www.google.com/bot.html)"
57.141.20.28 - - [13/Jun/2026:09:37:41 +0530] "GET /?products/9778104/ HTTP/2" 200 154862 "-" "meta-externalagent/1.1 (+https://developers.facebook.com/docs/sharing/webmasters/crawler)"
66.249.66.169 - - [13/Jun/2026:09:38:34 +0530] "GET /products/13881359/ HTTP/1.1" 404 1251 "-" "Mozilla/5.0 (Linux; Android 6.0.1; Nexus 5X Build/MMB29P) AppleWebKit/537.36 (KHTML, like Gecko) Chrome/148.0.7778.96 Mobile Safari/537.36 (compatible; Googlebot/2.1; +http://www.google.com/bot.html)"
57.141.20.42 - - [13/Jun/2026:09:39:06 +0530] "GET /?products/12823504/ HTTP/2" 200 154862 "-" "meta-externalagent/1.1 (+https://developers.facebook.com/docs/sharing/webmasters/crawler)"
57.141.20.21 - - [13/Jun/2026:09:39:34 +0530] "GET /?products/20091960/ HTTP/2" 200 12842 "-" "meta-externalagent/1.1 (+https://developers.facebook.com/docs/sharing/webmasters/crawler)"
66.249.76.168 - - [13/Jun/2026:09:40:35 +0530] "GET /?products/17501760/ HTTP/1.1" 200 12842 "-" "Mozilla/5.0 (Linux; Android 6.0.1; Nexus 5X Build/MMB29P) AppleWebKit/537.36 (KHTML, like Gecko) Chrome/148.0.7778.96 Mobile Safari/537.36 (compatible; GoogleOther)"
66.249.76.167 - - [13/Jun/2026:09:40:51 +0530] "GET /?products/14094982/ HTTP/1.1" 200 12842 "-" "Mozilla/5.0 (Linux; Android 6.0.1; Nexus 5X Build/MMB29P) AppleWebKit/537.36 (KHTML, like Gecko) Chrome/148.0.7778.96 Mobile Safari/537.36 (compatible; GoogleOther)"
57.141.20.1 - - [13/Jun/2026:09:40:53 +0530] "GET /?products/17520615/ HTTP/2" 200 12842 "-" "meta-externalagent/1.1 (+https://developers.facebook.com/docs/sharing/webmasters/crawler)"
66.249.76.169 - - [13/Jun/2026:09:42:06 +0530] "GET /products/3114337/ HTTP/1.1" 404 1251 "-" "Mozilla/5.0 (Linux; Android 6.0.1; Nexus 5X Build/MMB29P) AppleWebKit/537.36 (KHTML, like Gecko) Chrome/148.0.7778.96 Mobile Safari/537.36 (compatible; Googlebot/2.1; +http://www.google.com/bot.html)"
57.141.20.10 - - [13/Jun/2026:09:37:32 +0530] "GET /?products/23790393/ HTTP/2" 200 154862 "-" "meta-externalagent/1.1 (+https://developers.facebook.com/docs/sharing/webmasters/crawler)"
57.141.20.69 - - [13/Jun/2026:09:37:34 +0530] "GET /?products/10270960/ HTTP/2" 200 154862 "-" "meta-externalagent/1.1 (+https://developers.facebook.com/docs/sharing/webmasters/crawler)"
57.141.20.21 - - [13/Jun/2026:09:37:45 +0530] "GET /?products/4585993/ HTTP/2" 200 154862 "-" "meta-externalagent/1.1 (+https://developers.facebook.com/docs/sharing/webmasters/crawler)"
57.141.20.13 - - [13/Jun/2026:09:38:14 +0530] "GET /?products/22252659/ HTTP/2" 200 12842 "-" "meta-externalagent/1.1 (+https://developers.facebook.com/docs/sharing/webmasters/crawler)"
57.141.20.56 - - [13/Jun/2026:09:38:18 +0530] "GET /?products/6130259/ HTTP/2" 200 154862 "-" "meta-externalagent/1.1 (+https://developers.facebook.com/docs/sharing/webmasters/crawler)"
114.119.158.142 - - [13/Jun/2026:09:38:20 +0530] "GET /shop/county/coffee239026991.html HTTP/1.1" 404 1251 "https://pbkvidyalayam.org/?sitemap830.xml" "Mozilla/5.0 (Linux; Android 7.0;) AppleWebKit/537.36 (HTML, like Gecko) Mobile Safari/537.36 (compatible; PetalBot;+https://webmaster.petalsearch.com/site/petalbot)"
57.141.20.33 - - [13/Jun/2026:09:38:30 +0530] "GET /?products/3834593/ HTTP/2" 200 154862 "-" "meta-externalagent/1.1 (+https://developers.facebook.com/docs/sharing/webmasters/crawler)"
57.141.20.27 - - [13/Jun/2026:09:38:30 +0530] "GET /?products/4522360/ HTTP/2" 200 154862 "-" "meta-externalagent/1.1 (+https://developers.facebook.com/docs/sharing/webmasters/crawler)"
57.141.20.9 - - [13/Jun/2026:09:39:00 +0530] "GET /?products/3825582/ HTTP/2" 200 154862 "-" "meta-externalagent/1.1 (+https://developers.facebook.com/docs/sharing/webmasters/crawler)"
66.249.66.8 - - [13/Jun/2026:09:39:14 +0530] "GET /products/11226015/ HTTP/1.1" 404 1251 "-" "Mozilla/5.0 (Linux; Android 6.0.1; Nexus 5X Build/MMB29P) AppleWebKit/537.36 (KHTML, like Gecko) Chrome/148.0.7778.96 Mobile Safari/537.36 (compatible; Googlebot/2.1; +http://www.google.com/bot.html)"
57.141.20.16 - - [13/Jun/2026:09:39:38 +0530] "GET /?products/5761315/ HTTP/2" 200 154862 "-" "meta-externalagent/1.1 (+https://developers.facebook.com/docs/sharing/webmasters/crawler)"
57.141.20.52 - - [13/Jun/2026:09:40:05 +0530] "GET /?products/18526760/ HTTP/2" 200 12842 "-" "meta-externalagent/1.1 (+https://developers.facebook.com/docs/sharing/webmasters/crawler)"
162.0.216.246 - - [13/Jun/2026:09:41:57 +0530] "POST //admin/uploads/banners/o2.php?mode9&nofuzz HTTP/2" 200 3624 "-" "-"
57.141.20.31 - - [13/Jun/2026:09:36:53 +0530] "GET /?products/13793460/ HTTP/2" 200 154862 "-" "meta-externalagent/1.1 (+https://developers.facebook.com/docs/sharing/webmasters/crawler)"
84.39.151.133 - - [13/Jun/2026:09:37:12 +0530] "GET /shop/difficult/party119002297.html HTTP/1.1" 404 1251 "-" "Mozilla/5.0 (Macintosh; Intel Mac OS X 13_4_1) AppleWebKit/537.36 (KHTML, like Gecko) Chrome/130.0.6723.116 Safari/537.36"
57.141.20.1 - - [13/Jun/2026:09:37:24 +0530] "GET /?products/19421704/ HTTP/2" 200 154862 "-" "meta-externalagent/1.1 (+https://developers.facebook.com/docs/sharing/webmasters/crawler)"
57.141.20.31 - - [13/Jun/2026:09:38:06 +0530] "GET /?products/15365915/ HTTP/2" 200 154862 "-" "meta-externalagent/1.1 (+https://developers.facebook.com/docs/sharing/webmasters/crawler)"
162.0.216.246 - - [13/Jun/2026:09:38:19 +0530] "POST //admin/uploads/banners/o2.php?mode9&nofuzz HTTP/2" 200 3624 "-" "-"
57.141.20.26 - - [13/Jun/2026:09:38:54 +0530] "GET /?products/20233882/ HTTP/2" 200 154862 "-" "meta-externalagent/1.1 (+https://developers.facebook.com/docs/sharing/webmasters/crawler)"
114.119.135.158 - - [13/Jun/2026:09:39:43 +0530] "GET /shop/couch/theoretical283008039.html HTTP/1.1" 404 1251 "https://pbkvidyalayam.org/?sitemap667.xml" "Mozilla/5.0 (Linux; Android 7.0;) AppleWebKit/537.36 (HTML, like Gecko) Mobile Safari/537.36 (compatible; PetalBot;+https://webmaster.petalsearch.com/site/petalbot)"
57.141.20.55 - - [13/Jun/2026:09:40:42 +0530] "GET /?products/20406337/ HTTP/2" 200 154862 "-" "meta-externalagent/1.1 (+https://developers.facebook.com/docs/sharing/webmasters/crawler)"
57.141.20.35 - - [13/Jun/2026:09:41:22 +0530] "GET /?products/10736759/ HTTP/2" 200 154862 "-" "meta-externalagent/1.1 (+https://developers.facebook.com/docs/sharing/webmasters/crawler)"
57.141.20.67 - - [13/Jun/2026:09:41:40 +0530] "GET /?products/4356082/ HTTP/2" 200 154862 "-" "meta-externalagent/1.1 (+https://developers.facebook.com/docs/sharing/webmasters/crawler)"
57.141.20.12 - - [13/Jun/2026:09:41:51 +0530] "GET /?products/13437548/ HTTP/2" 200 154862 "-" "meta-externalagent/1.1 (+https://developers.facebook.com/docs/sharing/webmasters/crawler)"
57.141.20.32 - - [13/Jun/2026:09:41:51 +0530] "GET /?products/14915737/ HTTP/2" 200 154862 "-" "meta-externalagent/1.1 (+https://developers.facebook.com/docs/sharing/webmasters/crawler)"
66.249.76.167 - - [13/Jun/2026:09:42:13 +0530] "GET /products/18194637/ HTTP/1.1" 404 1251 "-" "Mozilla/5.0 (Linux; Android 6.0.1; Nexus 5X Build/MMB29P) AppleWebKit/537.36 (KHTML, like Gecko) Chrome/148.0.7778.96 Mobile Safari/537.36 (compatible; Googlebot/2.1; +http://www.google.com/bot.html)"
57.141.20.41 - - [13/Jun/2026:09:44:18 +0530] "GET /?products/17738248/ HTTP/2" 200 154862 "-" "meta-externalagent/1.1 (+https://developers.facebook.com/docs/sharing/webmasters/crawler)"
57.141.20.21 - - [13/Jun/2026:09:45:15 +0530] "GET /?products/2875737/ HTTP/2" 200 154862 "-" "meta-externalagent/1.1 (+https://developers.facebook.com/docs/sharing/webmasters/crawler)"
57.141.20.18 - - [13/Jun/2026:09:45:50 +0530] "GET /?products/6295982/ HTTP/2" 200 154862 "-" "meta-externalagent/1.1 (+https://developers.facebook.com/docs/sharing/webmasters/crawler)"
57.141.20.53 - - [13/Jun/2026:09:45:52 +0530] "GET /?products/21726115/ HTTP/2" 200 154862 "-" "meta-externalagent/1.1 (+https://developers.facebook.com/docs/sharing/webmasters/crawler)"
57.141.20.62 - - [13/Jun/2026:09:45:57 +0530] "GET /?products/21774471/ HTTP/2" 200 154862 "-" "meta-externalagent/1.1 (+https://developers.facebook.com/docs/sharing/webmasters/crawler)"
57.141.20.49 - - [13/Jun/2026:09:46:29 +0530] "GET /?products/14854315/ HTTP/2" 200 154862 "-" "meta-externalagent/1.1 (+https://developers.facebook.com/docs/sharing/webmasters/crawler)"
57.141.20.29 - - [13/Jun/2026:09:46:29 +0530] "GET /?products/6647371/ HTTP/2" 200 154862 "-" "meta-externalagent/1.1 (+https://developers.facebook.com/docs/sharing/webmasters/crawler)"
57.141.20.0 - - [13/Jun/2026:09:46:31 +0530] "GET /?products/10015626/ HTTP/2" 200 154862 "-" "meta-externalagent/1.1 (+https://developers.facebook.com/docs/sharing/webmasters/crawler)"
57.141.20.68 - - [13/Jun/2026:09:46:33 +0530] "GET /?products/12522848/ HTTP/2" 200 154862 "-" "meta-externalagent/1.1 (+https://developers.facebook.com/docs/sharing/webmasters/crawler)"
57.141.20.9 - - [13/Jun/2026:09:46:39 +0530] "GET /?products/11878159/ HTTP/2" 200 154862 "-" "meta-externalagent/1.1 (+https://developers.facebook.com/docs/sharing/webmasters/crawler)"
57.141.20.66 - - [13/Jun/2026:09:46:40 +0530] "GET /?products/8889415/ HTTP/2" 200 154862 "-" "meta-externalagent/1.1 (+https://developers.facebook.com/docs/sharing/webmasters/crawler)"
66.249.66.199 - - [13/Jun/2026:09:46:42 +0530] "GET /products/16983615/ HTTP/1.1" 404 1251 "-" "Mozilla/5.0 (Linux; Android 6.0.1; Nexus 5X Build/MMB29P) AppleWebKit/537.36 (KHTML, like Gecko) Chrome/148.0.7778.96 Mobile Safari/537.36 (compatible; Googlebot/2.1; +http://www.google.com/bot.html)"
57.141.20.60 - - [13/Jun/2026:09:46:46 +0530] "GET /?products/14077193/ HTTP/2" 200 154862 "-" "meta-externalagent/1.1 (+https://developers.facebook.com/docs/sharing/webmasters/crawler)"
57.141.20.61 - - [13/Jun/2026:09:46:55 +0530] "GET /?products/23416782/ HTTP/2" 200 154862 "-" "meta-externalagent/1.1 (+https://developers.facebook.com/docs/sharing/webmasters/crawler)"
57.141.20.69 - - [13/Jun/2026:09:47:07 +0530] "GET /?products/12856982/ HTTP/2" 200 154862 "-" "meta-externalagent/1.1 (+https://developers.facebook.com/docs/sharing/webmasters/crawler)"
57.141.20.26 - - [13/Jun/2026:09:47:07 +0530] "GET /?products/2680571/ HTTP/2" 200 154862 "-" "meta-externalagent/1.1 (+https://developers.facebook.com/docs/sharing/webmasters/crawler)"
57.141.20.1 - - [13/Jun/2026:09:47:19 +0530] "GET /?products/11590004/ HTTP/2" 200 154862 "-" "meta-externalagent/1.1 (+https://developers.facebook.com/docs/sharing/webmasters/crawler)"
57.141.20.39 - - [13/Jun/2026:09:47:26 +0530] "GET /?products/21547893/ HTTP/2" 200 154862 "-" "meta-externalagent/1.1 (+https://developers.facebook.com/docs/sharing/webmasters/crawler)"
57.141.20.49 - - [13/Jun/2026:09:47:28 +0530] "GET /?products/5979726/ HTTP/2" 200 154862 "-" "meta-externalagent/1.1 (+https://developers.facebook.com/docs/sharing/webmasters/crawler)"
57.141.20.14 - - [13/Jun/2026:09:47:49 +0530] "GET /?products/21087404/ HTTP/2" 200 154862 "-" "meta-externalagent/1.1 (+https://developers.facebook.com/docs/sharing/webmasters/crawler)"
57.141.20.42 - - [13/Jun/2026:09:47:51 +0530] "GET /?products/2627682/ HTTP/2" 200 154862 "-" "meta-externalagent/1.1 (+https://developers.facebook.com/docs/sharing/webmasters/crawler)"
57.141.20.4 - - [13/Jun/2026:09:44:56 +0530] "GET /?products/18014993/ HTTP/2" 200 154862 "-" "meta-externalagent/1.1 (+https://developers.facebook.com/docs/sharing/webmasters/crawler)"
114.119.138.100 - - [13/Jun/2026:09:45:17 +0530] "GET /shop/continuous/opening202018774.html HTTP/1.1" 404 1251 "https://pbkvidyalayam.org/?sitemap854.xml" "Mozilla/5.0 (Linux; Android 7.0;) AppleWebKit/537.36 (HTML, like Gecko) Mobile Safari/537.36 (compatible; PetalBot;+https://webmaster.petalsearch.com/site/petalbot)"
57.141.20.12 - - [13/Jun/2026:09:45:27 +0530] "GET /?products/9588182/ HTTP/2" 200 154862 "-" "meta-externalagent/1.1 (+https://developers.facebook.com/docs/sharing/webmasters/crawler)"
66.249.76.168 - - [13/Jun/2026:09:45:36 +0530] "GET /products/21250704/ HTTP/1.1" 404 1251 "-" "Mozilla/5.0 (Linux; Android 6.0.1; Nexus 5X Build/MMB29P) AppleWebKit/537.36 (KHTML, like Gecko) Chrome/148.0.7778.96 Mobile Safari/537.36 (compatible; Googlebot/2.1; +http://www.google.com/bot.html)"
57.141.20.13 - - [13/Jun/2026:09:45:38 +0530] "GET /?products/15645693/ HTTP/2" 200 154862 "-" "meta-externalagent/1.1 (+https://developers.facebook.com/docs/sharing/webmasters/crawler)"
57.141.20.64 - - [13/Jun/2026:09:45:52 +0530] "GET /?products/10887960/ HTTP/2" 200 154862 "-" "meta-externalagent/1.1 (+https://developers.facebook.com/docs/sharing/webmasters/crawler)"
66.249.76.167 - - [13/Jun/2026:09:46:13 +0530] "GET /products/14291660/ HTTP/1.1" 404 1251 "-" "Mozilla/5.0 (Linux; Android 6.0.1; Nexus 5X Build/MMB29P) AppleWebKit/537.36 (KHTML, like Gecko) Chrome/148.0.7778.96 Mobile Safari/537.36 (compatible; Googlebot/2.1; +http://www.google.com/bot.html)"
57.141.20.32 - - [13/Jun/2026:09:46:31 +0530] "GET /?products/21446859/ HTTP/2" 200 154862 "-" "meta-externalagent/1.1 (+https://developers.facebook.com/docs/sharing/webmasters/crawler)"
57.141.20.26 - - [13/Jun/2026:09:46:34 +0530] "GET /?products/8900660/ HTTP/2" 200 154862 "-" "meta-externalagent/1.1 (+https://developers.facebook.com/docs/sharing/webmasters/crawler)"
57.141.20.38 - - [13/Jun/2026:09:46:59 +0530] "GET /?products/12359860/ HTTP/2" 200 154862 "-" "meta-externalagent/1.1 (+https://developers.facebook.com/docs/sharing/webmasters/crawler)"
57.141.20.57 - - [13/Jun/2026:09:47:09 +0530] "GET /?products/14580660/ HTTP/2" 200 154862 "-" "meta-externalagent/1.1 (+https://developers.facebook.com/docs/sharing/webmasters/crawler)"
57.141.20.64 - - [13/Jun/2026:09:47:21 +0530] "GET /?products/7101171/ HTTP/2" 200 154862 "-" "meta-externalagent/1.1 (+https://developers.facebook.com/docs/sharing/webmasters/crawler)"
57.141.20.26 - - [13/Jun/2026:09:47:39 +0530] "GET /?products/2437215/ HTTP/2" 200 154862 "-" "meta-externalagent/1.1 (+https://developers.facebook.com/docs/sharing/webmasters/crawler)"
57.141.20.30 - - [13/Jun/2026:09:47:41 +0530] "GET /?products/11366182/ HTTP/2" 200 154862 "-" "meta-externalagent/1.1 (+https://developers.facebook.com/docs/sharing/webmasters/crawler)"
57.141.20.59 - - [13/Jun/2026:09:47:51 +0530] "GET /?products/18565015/ HTTP/2" 200 154862 "-" "meta-externalagent/1.1 (+https://developers.facebook.com/docs/sharing/webmasters/crawler)"
57.141.20.12 - - [13/Jun/2026:09:47:51 +0530] "GET /?products/17068337/ HTTP/2" 200 154862 "-" "meta-externalagent/1.1 (+https://developers.facebook.com/docs/sharing/webmasters/crawler)"
57.141.20.41 - - [13/Jun/2026:09:47:58 +0530] "GET /?products/8645071/ HTTP/2" 200 154862 "-" "meta-externalagent/1.1 (+https://developers.facebook.com/docs/sharing/webmasters/crawler)"
114.119.158.142 - - [13/Jun/2026:09:48:06 +0530] "GET /shop/consultant/punch235013495.html HTTP/1.1" 404 1251 "https://pbkvidyalayam.org/?sitemap656.xml" "Mozilla/5.0 (Linux; Android 7.0;) AppleWebKit/537.36 (HTML, like Gecko) Mobile Safari/537.36 (compatible; PetalBot;+https://webmaster.petalsearch.com/site/petalbot)"
57.141.20.26 - - [13/Jun/2026:09:48:11 +0530] "GET /?products/22247282/ HTTP/2" 200 154862 "-" "meta-externalagent/1.1 (+https://developers.facebook.com/docs/sharing/webmasters/crawler)"
114.119.148.198 - - [13/Jun/2026:09:44:17 +0530] "GET /shop/cop/stage031038145.html HTTP/1.1" 404 1251 "https://pbkvidyalayam.org/?sitemap643.xml" "Mozilla/5.0 (Linux; Android 7.0;) AppleWebKit/537.36 (HTML, like Gecko) Mobile Safari/537.36 (compatible; PetalBot;+https://webmaster.petalsearch.com/site/petalbot)"
57.141.20.7 - - [13/Jun/2026:09:45:21 +0530] "GET /?products/21988326/ HTTP/2" 200 154862 "-" "meta-externalagent/1.1 (+https://developers.facebook.com/docs/sharing/webmasters/crawler)"
57.141.20.12 - - [13/Jun/2026:09:45:39 +0530] "GET /?products/11428359/ HTTP/2" 200 154862 "-" "meta-externalagent/1.1 (+https://developers.facebook.com/docs/sharing/webmasters/crawler)"
57.141.20.29 - - [13/Jun/2026:09:46:39 +0530] "GET /?products/19136015/ HTTP/2" 200 154862 "-" "meta-externalagent/1.1 (+https://developers.facebook.com/docs/sharing/webmasters/crawler)"
66.249.66.8 - - [13/Jun/2026:09:46:40 +0530] "GET /products/11499326/ HTTP/1.1" 404 1251 "-" "Mozilla/5.0 (Linux; Android 6.0.1; Nexus 5X Build/MMB29P) AppleWebKit/537.36 (KHTML, like Gecko) Chrome/148.0.7778.96 Mobile Safari/537.36 (compatible; Googlebot/2.1; +http://www.google.com/bot.html)"
57.141.20.65 - - [13/Jun/2026:09:46:40 +0530] "GET /?products/8423582/ HTTP/2" 200 154862 "-" "meta-externalagent/1.1 (+https://developers.facebook.com/docs/sharing/webmasters/crawler)"
57.141.20.44 - - [13/Jun/2026:09:46:41 +0530] "GET /?products/8495137/ HTTP/2" 200 154862 "-" "meta-externalagent/1.1 (+https://developers.facebook.com/docs/sharing/webmasters/crawler)"
66.249.66.167 - - [13/Jun/2026:09:46:43 +0530] "GET /products/19265804/ HTTP/1.1" 404 1251 "-" "Mozilla/5.0 (Linux; Android 6.0.1; Nexus 5X Build/MMB29P) AppleWebKit/537.36 (KHTML, like Gecko) Chrome/148.0.7778.96 Mobile Safari/537.36 (compatible; Googlebot/2.1; +http://www.google.com/bot.html)"
57.141.20.28 - - [13/Jun/2026:09:46:45 +0530] "GET /?products/15951204/ HTTP/2" 200 154862 "-" "meta-externalagent/1.1 (+https://developers.facebook.com/docs/sharing/webmasters/crawler)"
57.141.20.47 - - [13/Jun/2026:09:46:52 +0530] "GET /?products/10593160/ HTTP/2" 200 154862 "-" "meta-externalagent/1.1 (+https://developers.facebook.com/docs/sharing/webmasters/crawler)"
57.141.20.43 - - [13/Jun/2026:09:46:56 +0530] "GET /?products/19120326/ HTTP/2" 200 154862 "-" "meta-externalagent/1.1 (+https://developers.facebook.com/docs/sharing/webmasters/crawler)"
57.141.20.25 - - [13/Jun/2026:09:47:15 +0530] "GET /?products/22895737/ HTTP/2" 200 154862 "-" "meta-externalagent/1.1 (+https://developers.facebook.com/docs/sharing/webmasters/crawler)"
57.141.20.52 - - [13/Jun/2026:09:47:16 +0530] "GET /?products/21339037/ HTTP/2" 200 154862 "-" "meta-externalagent/1.1 (+https://developers.facebook.com/docs/sharing/webmasters/crawler)"
57.141.20.41 - - [13/Jun/2026:09:47:21 +0530] "GET /?products/12887282/ HTTP/2" 200 154862 "-" "meta-externalagent/1.1 (+https://developers.facebook.com/docs/sharing/webmasters/crawler)"
57.141.20.6 - - [13/Jun/2026:09:47:29 +0530] "GET /?products/16669415/ HTTP/2" 200 154862 "-" "meta-externalagent/1.1 (+https://developers.facebook.com/docs/sharing/webmasters/crawler)"
57.141.20.21 - - [13/Jun/2026:09:47:35 +0530] "GET /?products/25406860/ HTTP/2" 200 154862 "-" "meta-externalagent/1.1 (+https://developers.facebook.com/docs/sharing/webmasters/crawler)"
57.141.20.29 - - [13/Jun/2026:09:47:37 +0530] "GET /?products/23984037/ HTTP/2" 200 154862 "-" "meta-externalagent/1.1 (+https://developers.facebook.com/docs/sharing/webmasters/crawler)"
57.141.20.13 - - [13/Jun/2026:09:47:42 +0530] "GET /?products/12001615/ HTTP/2" 200 154862 "-" "meta-externalagent/1.1 (+https://developers.facebook.com/docs/sharing/webmasters/crawler)"
57.141.20.16 - - [13/Jun/2026:09:48:06 +0530] "GET /?products/21535215/ HTTP/2" 200 154862 "-" "meta-externalagent/1.1 (+https://developers.facebook.com/docs/sharing/webmasters/crawler)"
57.141.20.54 - - [13/Jun/2026:09:48:25 +0530] "GET /?products/23670182/ HTTP/2" 200 154862 "-" "meta-externalagent/1.1 (+https://developers.facebook.com/docs/sharing/webmasters/crawler)"
57.141.20.16 - - [13/Jun/2026:09:44:37 +0530] "GET /?products/7779193/ HTTP/2" 200 154862 "-" "meta-externalagent/1.1 (+https://developers.facebook.com/docs/sharing/webmasters/crawler)"
162.0.216.246 - - [13/Jun/2026:09:45:34 +0530] "POST //admin/uploads/banners/o2.php?mode9&nofuzz HTTP/2" 200 3624 "-" "-"
57.141.20.17 - - [13/Jun/2026:09:46:05 +0530] "GET /?products/2994760/ HTTP/2" 200 154862 "-" "meta-externalagent/1.1 (+https://developers.facebook.com/docs/sharing/webmasters/crawler)"
57.141.20.37 - - [13/Jun/2026:09:46:05 +0530] "GET /?products/2439293/ HTTP/2" 200 154862 "-" "meta-externalagent/1.1 (+https://developers.facebook.com/docs/sharing/webmasters/crawler)"
57.141.20.7 - - [13/Jun/2026:09:46:30 +0530] "GET /?products/4491871/ HTTP/2" 200 154862 "-" "meta-externalagent/1.1 (+https://developers.facebook.com/docs/sharing/webmasters/crawler)"
57.141.20.12 - - [13/Jun/2026:09:46:34 +0530] "GET /?products/18185093/ HTTP/2" 200 154862 "-" "meta-externalagent/1.1 (+https://developers.facebook.com/docs/sharing/webmasters/crawler)"
114.119.135.158 - - [13/Jun/2026:09:46:42 +0530] "GET /shop/container/render015001211.html HTTP/1.1" 404 1251 "https://pbkvidyalayam.org/?sitemap602.xml" "Mozilla/5.0 (Linux; Android 7.0;) AppleWebKit/537.36 (HTML, like Gecko) Mobile Safari/537.36 (compatible; PetalBot;+https://webmaster.petalsearch.com/site/petalbot)"
57.141.20.30 - - [13/Jun/2026:09:46:41 +0530] "GET /?products/10219215/ HTTP/2" 200 154862 "-" "meta-externalagent/1.1 (+https://developers.facebook.com/docs/sharing/webmasters/crawler)"
57.141.20.62 - - [13/Jun/2026:09:46:47 +0530] "GET /?products/12157259/ HTTP/2" 200 154862 "-" "meta-externalagent/1.1 (+https://developers.facebook.com/docs/sharing/webmasters/crawler)"
57.141.20.9 - - [13/Jun/2026:09:46:55 +0530] "GET /?products/21102359/ HTTP/2" 200 154862 "-" "meta-externalagent/1.1 (+https://developers.facebook.com/docs/sharing/webmasters/crawler)"
57.141.20.9 - - [13/Jun/2026:09:47:04 +0530] "GET /?products/1733059/ HTTP/2" 200 154862 "-" "meta-externalagent/1.1 (+https://developers.facebook.com/docs/sharing/webmasters/crawler)"
57.141.20.51 - - [13/Jun/2026:09:47:42 +0530] "GET /?products/20350715/ HTTP/2" 200 154862 "-" "meta-externalagent/1.1 (+https://developers.facebook.com/docs/sharing/webmasters/crawler)"
57.141.20.42 - - [13/Jun/2026:09:47:46 +0530] "GET /?products/4339226/ HTTP/2" 200 154862 "-" "meta-externalagent/1.1 (+https://developers.facebook.com/docs/sharing/webmasters/crawler)"
57.141.20.41 - - [13/Jun/2026:09:47:46 +0530] "GET /?products/23498626/ HTTP/2" 200 154862 "-" "meta-externalagent/1.1 (+https://developers.facebook.com/docs/sharing/webmasters/crawler)"
57.141.20.12 - - [13/Jun/2026:09:48:00 +0530] "GET /?products/7825793/ HTTP/2" 200 154862 "-" "meta-externalagent/1.1 (+https://developers.facebook.com/docs/sharing/webmasters/crawler)"
57.141.20.5 - - [13/Jun/2026:09:48:01 +0530] "GET /?products/2618515/ HTTP/2" 200 154862 "-" "meta-externalagent/1.1 (+https://developers.facebook.com/docs/sharing/webmasters/crawler)"
57.141.20.18 - - [13/Jun/2026:09:48:25 +0530] "GET /?products/9561148/ HTTP/2" 200 154862 "-" "meta-externalagent/1.1 (+https://developers.facebook.com/docs/sharing/webmasters/crawler)"
57.141.20.64 - - [13/Jun/2026:09:48:32 +0530] "GET /?products/13242915/ HTTP/2" 200 154862 "-" "meta-externalagent/1.1 (+https://developers.facebook.com/docs/sharing/webmasters/crawler)"
57.141.20.0 - - [13/Jun/2026:09:48:33 +0530] "GET /?products/23385259/ HTTP/2" 200 154862 "-" "meta-externalagent/1.1 (+https://developers.facebook.com/docs/sharing/webmasters/crawler)"
57.141.20.52 - - [13/Jun/2026:09:48:40 +0530] "GET /?products/22765704/ HTTP/2" 200 154862 "-" "meta-externalagent/1.1 (+https://developers.facebook.com/docs/sharing/webmasters/crawler)"
66.249.66.199 - - [13/Jun/2026:09:48:49 +0530] "GET /product/092000025 HTTP/1.1" 404 1251 "-" "Mozilla/5.0 (Linux; Android 6.0.1; Nexus 5X Build/MMB29P) AppleWebKit/537.36 (KHTML, like Gecko) Chrome/148.0.7778.96 Mobile Safari/537.36 (compatible; Googlebot/2.1; +http://www.google.com/bot.html)"
8.231.51.89 - - [13/Jun/2026:09:42:47 +0530] "GET /wp-content/uploads/2022/04/image5.jpg HTTP/1.1" 404 1251 "-" "Mozilla/5.0 (X11; Linux x86_64) AppleWebKit/537.36 (KHTML, like Gecko) Chrome/91.0.4472.114 Safari/537.36"
57.141.20.9 - - [13/Jun/2026:09:43:33 +0530] "GET /?products/4119237/ HTTP/2" 200 154862 "-" "meta-externalagent/1.1 (+https://developers.facebook.com/docs/sharing/webmasters/crawler)"
57.141.20.13 - - [13/Jun/2026:09:42:35 +0530] "GET /?products/8669615/ HTTP/2" 200 154862 "-" "meta-externalagent/1.1 (+https://developers.facebook.com/docs/sharing/webmasters/crawler)"
66.249.66.8 - - [13/Jun/2026:09:42:39 +0530] "GET /?products/4056815/ HTTP/1.1" 200 12842 "-" "Mozilla/5.0 (Linux; Android 6.0.1; Nexus 5X Build/MMB29P) AppleWebKit/537.36 (KHTML, like Gecko) Chrome/148.0.7778.96 Mobile Safari/537.36 (compatible; Googlebot/2.1; +http://www.google.com/bot.html)"
114.119.138.100 - - [13/Jun/2026:09:42:30 +0530] "GET /shop/corridor/warmth022023766.html HTTP/1.1" 404 1251 "https://pbkvidyalayam.org/?sitemap664.xml" "Mozilla/5.0 (Linux; Android 7.0;) AppleWebKit/537.36 (HTML, like Gecko) Mobile Safari/537.36 (compatible; PetalBot;+https://webmaster.petalsearch.com/site/petalbot)"
57.141.20.66 - - [13/Jun/2026:09:42:53 +0530] "GET /?products/2633082/ HTTP/2" 200 154862 "-" "meta-externalagent/1.1 (+https://developers.facebook.com/docs/sharing/webmasters/crawler)"
57.141.20.68 - - [13/Jun/2026:09:42:53 +0530] "GET /?products/3455293/ HTTP/2" 200 154862 "-" "meta-externalagent/1.1 (+https://developers.facebook.com/docs/sharing/webmasters/crawler)"
92.148.147.140 - - [13/Jun/2026:09:43:51 +0530] "GET /shop/entity/temperature119007517.html HTTP/1.1" 404 1251 "-" "Mozilla/5.0 (Windows NT 10.0; Win64; x64) AppleWebKit/537.36 (KHTML, like Gecko) Chrome/132.0.6834.110 Safari/537.36"
57.141.20.12 - - [13/Jun/2026:09:43:55 +0530] "GET /?products/16796315/ HTTP/2" 200 154862 "-" "meta-externalagent/1.1 (+https://developers.facebook.com/docs/sharing/webmasters/crawler)"
57.141.20.62 - - [13/Jun/2026:09:43:59 +0530] "GET /assets/css/bootstrap.min.css HTTP/2" 200 30765 "https://pbkvidyalayam.org/?products/16484493/" "meta-externalagent/1.1 (+https://developers.facebook.com/docs/sharing/webmasters/crawler)"
57.141.20.49 - - [13/Jun/2026:09:44:08 +0530] "GET /?products/9436360/ HTTP/2" 200 154862 "-" "meta-externalagent/1.1 (+https://developers.facebook.com/docs/sharing/webmasters/crawler)"
66.249.66.199 - - [13/Jun/2026:09:42:31 +0530] "GET /products/9525360/ HTTP/1.1" 404 1251 "-" "Mozilla/5.0 (Linux; Android 6.0.1; Nexus 5X Build/MMB29P) AppleWebKit/537.36 (KHTML, like Gecko) Chrome/148.0.7778.96 Mobile Safari/537.36 (compatible; Googlebot/2.1; +http://www.google.com/bot.html)"
66.249.76.167 - - [13/Jun/2026:09:42:50 +0530] "GET /?products/15218337/ HTTP/1.1" 200 12842 "-" "Mozilla/5.0 (Linux; Android 6.0.1; Nexus 5X Build/MMB29P) AppleWebKit/537.36 (KHTML, like Gecko) Chrome/148.0.7778.96 Mobile Safari/537.36 (compatible; GoogleOther)"
57.141.20.44 - - [13/Jun/2026:09:43:37 +0530] "GET /?products/16467615/ HTTP/2" 200 154862 "-" "meta-externalagent/1.1 (+https://developers.facebook.com/docs/sharing/webmasters/crawler)"
57.141.20.65 - - [13/Jun/2026:09:43:58 +0530] "GET /?products/16484493/ HTTP/2" 200 12842 "-" "meta-externalagent/1.1 (+https://developers.facebook.com/docs/sharing/webmasters/crawler)"
57.141.20.65 - - [13/Jun/2026:09:48:29 +0530] "GET /?products/6528815/ HTTP/2" 200 154862 "-" "meta-externalagent/1.1 (+https://developers.facebook.com/docs/sharing/webmasters/crawler)"
8.231.61.98 - - [13/Jun/2026:09:48:40 +0530] "GET /wp-content/uploads/2022/04/image6.jpg HTTP/1.1" 404 1251 "-" "Mozilla/5.0 (X11; Linux x86_64) AppleWebKit/537.36 (KHTML, like Gecko) Chrome/91.0.4472.114 Safari/537.36"
57.141.20.0 - - [13/Jun/2026:09:48:45 +0530] "GET /?products/18588804/ HTTP/2" 200 154862 "-" "meta-externalagent/1.1 (+https://developers.facebook.com/docs/sharing/webmasters/crawler)"
57.141.20.13 - - [13/Jun/2026:09:48:47 +0530] "GET /?products/10529582/ HTTP/2" 200 154862 "-" "meta-externalagent/1.1 (+https://developers.facebook.com/docs/sharing/webmasters/crawler)"
57.141.20.30 - - [13/Jun/2026:09:48:52 +0530] "GET /?products/11589871/ HTTP/2" 200 154862 "-" "meta-externalagent/1.1 (+https://developers.facebook.com/docs/sharing/webmasters/crawler)"
66.249.66.35 - - [13/Jun/2026:09:49:04 +0530] "GET /products/22008571/ HTTP/1.1" 404 1251 "-" "Mozilla/5.0 (Linux; Android 6.0.1; Nexus 5X Build/MMB29P) AppleWebKit/537.36 (KHTML, like Gecko) Chrome/148.0.7778.96 Mobile Safari/537.36 (compatible; Googlebot/2.1; +http://www.google.com/bot.html)"
57.141.20.18 - - [13/Jun/2026:09:49:10 +0530] "GET /?products/5564671/ HTTP/2" 200 154862 "-" "meta-externalagent/1.1 (+https://developers.facebook.com/docs/sharing/webmasters/crawler)"
57.141.20.26 - - [13/Jun/2026:09:49:17 +0530] "GET /?products/20240082/ HTTP/2" 200 154862 "-" "meta-externalagent/1.1 (+https://developers.facebook.com/docs/sharing/webmasters/crawler)"
57.141.20.30 - - [13/Jun/2026:09:49:23 +0530] "GET /?products/18273826/ HTTP/2" 200 154862 "-" "meta-externalagent/1.1 (+https://developers.facebook.com/docs/sharing/webmasters/crawler)"
57.141.20.54 - - [13/Jun/2026:09:49:28 +0530] "GET /?products/17003226/ HTTP/2" 200 154862 "-" "meta-externalagent/1.1 (+https://developers.facebook.com/docs/sharing/webmasters/crawler)"
57.141.20.21 - - [13/Jun/2026:09:49:32 +0530] "GET /?products/10935648/ HTTP/2" 403 1242 "-" "meta-externalagent/1.1 (+https://developers.facebook.com/docs/sharing/webmasters/crawler)"
57.141.20.56 - - [13/Jun/2026:09:49:35 +0530] "GET /?products/19701526/ HTTP/2" 200 154862 "-" "meta-externalagent/1.1 (+https://developers.facebook.com/docs/sharing/webmasters/crawler)"
57.141.20.61 - - [13/Jun/2026:09:49:35 +0530] "GET /?sitemap458.xml HTTP/2" 403 1242 "-" "meta-externalagent/1.1 (+https://developers.facebook.com/docs/sharing/webmasters/crawler)"
66.249.76.167 - - [13/Jun/2026:09:49:46 +0530] "GET /?products/4493293/ HTTP/1.1" 200 12842 "-" "Mozilla/5.0 (Linux; Android 6.0.1; Nexus 5X Build/MMB29P) AppleWebKit/537.36 (KHTML, like Gecko) Chrome/148.0.7778.96 Mobile Safari/537.36 (compatible; GoogleOther)"
57.141.20.51 - - [13/Jun/2026:09:49:52 +0530] "GET /?products/24852648/ HTTP/2" 403 1242 "-" "meta-externalagent/1.1 (+https://developers.facebook.com/docs/sharing/webmasters/crawler)"
57.141.20.5 - - [13/Jun/2026:09:49:57 +0530] "GET /?products/14646515/ HTTP/2" 403 1242 "-" "meta-externalagent/1.1 (+https://developers.facebook.com/docs/sharing/webmasters/crawler)"
57.141.20.57 - - [13/Jun/2026:09:50:00 +0530] "GET /?products/21285582/ HTTP/2" 403 1242 "-" "meta-externalagent/1.1 (+https://developers.facebook.com/docs/sharing/webmasters/crawler)"
57.141.20.35 - - [13/Jun/2026:09:50:05 +0530] "GET /?products/7953082/ HTTP/2" 200 154862 "-" "meta-externalagent/1.1 (+https://developers.facebook.com/docs/sharing/webmasters/crawler)"
57.141.20.1 - - [13/Jun/2026:09:50:08 +0530] "GET /?products/16949437/ HTTP/2" 403 1242 "-" "meta-externalagent/1.1 (+https://developers.facebook.com/docs/sharing/webmasters/crawler)"
57.141.20.59 - - [13/Jun/2026:09:50:13 +0530] "GET /?products/1963859/ HTTP/2" 403 1242 "-" "meta-externalagent/1.1 (+https://developers.facebook.com/docs/sharing/webmasters/crawler)"
57.141.20.56 - - [13/Jun/2026:09:48:16 +0530] "GET /?products/14803126/ HTTP/2" 200 154862 "-" "meta-externalagent/1.1 (+https://developers.facebook.com/docs/sharing/webmasters/crawler)"
57.141.20.67 - - [13/Jun/2026:09:48:47 +0530] "GET /?products/7975459/ HTTP/2" 200 154862 "-" "meta-externalagent/1.1 (+https://developers.facebook.com/docs/sharing/webmasters/crawler)"
57.141.20.35 - - [13/Jun/2026:09:48:49 +0530] "GET /?products/21329082/ HTTP/2" 200 154862 "-" "meta-externalagent/1.1 (+https://developers.facebook.com/docs/sharing/webmasters/crawler)"
57.141.20.51 - - [13/Jun/2026:09:48:50 +0530] "GET /?products/6684282/ HTTP/2" 200 154862 "-" "meta-externalagent/1.1 (+https://developers.facebook.com/docs/sharing/webmasters/crawler)"
57.141.20.29 - - [13/Jun/2026:09:49:04 +0530] "GET /?products/21344415/ HTTP/2" 200 154862 "-" "meta-externalagent/1.1 (+https://developers.facebook.com/docs/sharing/webmasters/crawler)"
57.141.20.28 - - [13/Jun/2026:09:49:07 +0530] "GET /?products/6367671/ HTTP/2" 200 154862 "-" "meta-externalagent/1.1 (+https://developers.facebook.com/docs/sharing/webmasters/crawler)"
57.141.20.16 - - [13/Jun/2026:09:49:14 +0530] "GET /?products/18878460/ HTTP/2" 200 154862 "-" "meta-externalagent/1.1 (+https://developers.facebook.com/docs/sharing/webmasters/crawler)"
114.119.135.158 - - [13/Jun/2026:09:49:29 +0530] "GET /shop/conspiracy/frequent220025662.html HTTP/1.1" 404 1251 "https://pbkvidyalayam.org/?sitemap864.xml" "Mozilla/5.0 (Linux; Android 7.0;) AppleWebKit/537.36 (HTML, like Gecko) Mobile Safari/537.36 (compatible; PetalBot;+https://webmaster.petalsearch.com/site/petalbot)"
57.141.20.14 - - [13/Jun/2026:09:49:33 +0530] "GET /?products/5919715/ HTTP/2" 200 154862 "-" "meta-externalagent/1.1 (+https://developers.facebook.com/docs/sharing/webmasters/crawler)"
57.141.20.17 - - [13/Jun/2026:09:49:43 +0530] "GET /?products/13472893/ HTTP/2" 200 154862 "-" "meta-externalagent/1.1 (+https://developers.facebook.com/docs/sharing/webmasters/crawler)"
57.141.20.7 - - [13/Jun/2026:09:49:59 +0530] "GET /?products/25268737/ HTTP/2" 200 154862 "-" "meta-externalagent/1.1 (+https://developers.facebook.com/docs/sharing/webmasters/crawler)"
57.141.20.12 - - [13/Jun/2026:09:50:05 +0530] "GET /?products/15038337/ HTTP/2" 200 154862 "-" "meta-externalagent/1.1 (+https://developers.facebook.com/docs/sharing/webmasters/crawler)"
57.141.20.2 - - [13/Jun/2026:09:50:08 +0530] "GET /?products/888237/ HTTP/2" 200 154862 "-" "meta-externalagent/1.1 (+https://developers.facebook.com/docs/sharing/webmasters/crawler)"
57.141.20.30 - - [13/Jun/2026:09:50:26 +0530] "GET /?products/7805871/ HTTP/2" 200 154862 "-" "meta-externalagent/1.1 (+https://developers.facebook.com/docs/sharing/webmasters/crawler)"
57.141.20.31 - - [13/Jun/2026:09:50:26 +0530] "GET /?products/8464093/ HTTP/2" 200 154862 "-" "meta-externalagent/1.1 (+https://developers.facebook.com/docs/sharing/webmasters/crawler)"
90.169.104.28 - - [13/Jun/2026:09:50:32 +0530] "GET /shop/fear/help080019122.html HTTP/1.1" 404 1251 "-" "Mozilla/5.0 (Macintosh; Intel Mac OS X 10_15_7) AppleWebKit/537.36 (KHTML, like Gecko) Chrome/131.0.6778.204 Safari/537.36"
57.141.20.67 - - [13/Jun/2026:09:50:39 +0530] "GET /?products/9744971/ HTTP/2" 200 154862 "-" "meta-externalagent/1.1 (+https://developers.facebook.com/docs/sharing/webmasters/crawler)"
57.141.20.52 - - [13/Jun/2026:09:51:12 +0530] "GET /?products/5198371/ HTTP/2" 200 154862 "-" "meta-externalagent/1.1 (+https://developers.facebook.com/docs/sharing/webmasters/crawler)"
57.141.20.31 - - [13/Jun/2026:09:51:35 +0530] "GET /?products/17850737/ HTTP/2" 200 154862 "-" "meta-externalagent/1.1 (+https://developers.facebook.com/docs/sharing/webmasters/crawler)"
57.141.20.5 - - [13/Jun/2026:09:51:40 +0530] "GET /?products/23649460/ HTTP/2" 200 154862 "-" "meta-externalagent/1.1 (+https://developers.facebook.com/docs/sharing/webmasters/crawler)"
57.141.20.56 - - [13/Jun/2026:09:51:53 +0530] "GET /?products/7843771/ HTTP/2" 200 154862 "-" "meta-externalagent/1.1 (+https://developers.facebook.com/docs/sharing/webmasters/crawler)"
57.141.20.57 - - [13/Jun/2026:09:48:03 +0530] "GET /?products/17844382/ HTTP/2" 200 154862 "-" "meta-externalagent/1.1 (+https://developers.facebook.com/docs/sharing/webmasters/crawler)"
57.141.20.62 - - [13/Jun/2026:09:48:03 +0530] "GET /?products/10556160/ HTTP/2" 200 154862 "-" "meta-externalagent/1.1 (+https://developers.facebook.com/docs/sharing/webmasters/crawler)"
57.141.20.51 - - [13/Jun/2026:09:48:14 +0530] "GET /?products/3807771/ HTTP/2" 200 154862 "-" "meta-externalagent/1.1 (+https://developers.facebook.com/docs/sharing/webmasters/crawler)"
57.141.20.13 - - [13/Jun/2026:09:48:19 +0530] "GET /?sitemap.xml HTTP/2" 200 154862 "-" "meta-externalagent/1.1 (+https://developers.facebook.com/docs/sharing/webmasters/crawler)"
57.141.20.41 - - [13/Jun/2026:09:48:23 +0530] "GET /?products/19877182/ HTTP/2" 200 154862 "-" "meta-externalagent/1.1 (+https://developers.facebook.com/docs/sharing/webmasters/crawler)"
57.141.20.3 - - [13/Jun/2026:09:48:31 +0530] "GET /?products/15474459/ HTTP/2" 200 154862 "-" "meta-externalagent/1.1 (+https://developers.facebook.com/docs/sharing/webmasters/crawler)"
57.141.20.1 - - [13/Jun/2026:09:48:55 +0530] "GET /?products/17139304/ HTTP/2" 200 154862 "-" "meta-externalagent/1.1 (+https://developers.facebook.com/docs/sharing/webmasters/crawler)"
57.141.20.34 - - [13/Jun/2026:09:48:59 +0530] "GET /?products/13316493/ HTTP/2" 200 154862 "-" "meta-externalagent/1.1 (+https://developers.facebook.com/docs/sharing/webmasters/crawler)"
57.141.20.68 - - [13/Jun/2026:09:49:04 +0530] "GET /?products/12200248/ HTTP/2" 200 154862 "-" "meta-externalagent/1.1 (+https://developers.facebook.com/docs/sharing/webmasters/crawler)"
57.141.20.20 - - [13/Jun/2026:09:49:07 +0530] "GET /?products/3247615/ HTTP/2" 200 154862 "-" "meta-externalagent/1.1 (+https://developers.facebook.com/docs/sharing/webmasters/crawler)"
57.141.20.57 - - [13/Jun/2026:09:49:09 +0530] "GET /?products/5315026/ HTTP/2" 200 154862 "-" "meta-externalagent/1.1 (+https://developers.facebook.com/docs/sharing/webmasters/crawler)"
57.141.20.29 - - [13/Jun/2026:09:49:14 +0530] "GET /?products/15559159/ HTTP/2" 403 1242 "-" "meta-externalagent/1.1 (+https://developers.facebook.com/docs/sharing/webmasters/crawler)"
57.141.20.4 - - [13/Jun/2026:09:49:17 +0530] "GET /?products/19508248/ HTTP/2" 403 1242 "-" "meta-externalagent/1.1 (+https://developers.facebook.com/docs/sharing/webmasters/crawler)"
57.141.20.17 - - [13/Jun/2026:09:49:19 +0530] "GET /?products/14203826/ HTTP/2" 403 1242 "-" "meta-externalagent/1.1 (+https://developers.facebook.com/docs/sharing/webmasters/crawler)"
57.141.20.7 - - [13/Jun/2026:09:49:29 +0530] "GET /?sitemap516.xml HTTP/2" 403 1242 "-" "meta-externalagent/1.1 (+https://developers.facebook.com/docs/sharing/webmasters/crawler)"
57.141.20.28 - - [13/Jun/2026:09:49:30 +0530] "GET /?products/9712004/ HTTP/2" 403 1242 "-" "meta-externalagent/1.1 (+https://developers.facebook.com/docs/sharing/webmasters/crawler)"
57.141.20.66 - - [13/Jun/2026:09:50:40 +0530] "GET /?products/3496771/ HTTP/2" 403 1242 "-" "meta-externalagent/1.1 (+https://developers.facebook.com/docs/sharing/webmasters/crawler)"
57.141.20.25 - - [13/Jun/2026:09:50:40 +0530] "GET /?products/10076248/ HTTP/2" 403 1242 "-" "meta-externalagent/1.1 (+https://developers.facebook.com/docs/sharing/webmasters/crawler)"
57.141.20.59 - - [13/Jun/2026:09:50:43 +0530] "GET /?products/22961960/ HTTP/2" 200 154862 "-" "meta-externalagent/1.1 (+https://developers.facebook.com/docs/sharing/webmasters/crawler)"
57.141.20.29 - - [13/Jun/2026:09:51:55 +0530] "GET /?products/19259260/ HTTP/2" 200 154862 "-" "meta-externalagent/1.1 (+https://developers.facebook.com/docs/sharing/webmasters/crawler)"
57.141.20.45 - - [13/Jun/2026:09:52:07 +0530] "GET /?products/15167871/ HTTP/2" 200 154862 "-" "meta-externalagent/1.1 (+https://developers.facebook.com/docs/sharing/webmasters/crawler)"
162.0.216.246 - - [13/Jun/2026:09:48:48 +0530] "POST //admin/uploads/banners/o2.php?mode9&nofuzz HTTP/2" 200 3624 "-" "-"
57.141.20.12 - - [13/Jun/2026:09:49:08 +0530] "GET /?products/5575882/ HTTP/2" 200 154862 "-" "meta-externalagent/1.1 (+https://developers.facebook.com/docs/sharing/webmasters/crawler)"
57.141.20.59 - - [13/Jun/2026:09:49:20 +0530] "GET /?products/6590693/ HTTP/2" 200 154862 "-" "meta-externalagent/1.1 (+https://developers.facebook.com/docs/sharing/webmasters/crawler)"
57.141.20.66 - - [13/Jun/2026:09:49:23 +0530] "GET /?products/24476726/ HTTP/2" 403 1242 "-" "meta-externalagent/1.1 (+https://developers.facebook.com/docs/sharing/webmasters/crawler)"
57.141.20.3 - - [13/Jun/2026:09:49:29 +0530] "GET /?products/8835037/ HTTP/2" 403 1242 "-" "meta-externalagent/1.1 (+https://developers.facebook.com/docs/sharing/webmasters/crawler)"
57.141.20.64 - - [13/Jun/2026:09:49:45 +0530] "GET /?products/10326782/ HTTP/2" 200 154862 "-" "meta-externalagent/1.1 (+https://developers.facebook.com/docs/sharing/webmasters/crawler)"
57.141.20.57 - - [13/Jun/2026:09:49:50 +0530] "GET /?products/5240348/ HTTP/2" 403 1242 "-" "meta-externalagent/1.1 (+https://developers.facebook.com/docs/sharing/webmasters/crawler)"
57.141.20.21 - - [13/Jun/2026:09:49:52 +0530] "GET /?products/3058226/ HTTP/2" 200 154862 "-" "meta-externalagent/1.1 (+https://developers.facebook.com/docs/sharing/webmasters/crawler)"
57.141.20.7 - - [13/Jun/2026:09:49:56 +0530] "GET /?products/15184337/ HTTP/2" 403 1242 "-" "meta-externalagent/1.1 (+https://developers.facebook.com/docs/sharing/webmasters/crawler)"
57.141.20.42 - - [13/Jun/2026:09:50:14 +0530] "GET /?products/14675115/ HTTP/2" 403 1242 "-" "meta-externalagent/1.1 (+https://developers.facebook.com/docs/sharing/webmasters/crawler)"
57.141.20.10 - - [13/Jun/2026:09:50:14 +0530] "GET /?products/3443171/ HTTP/2" 403 1242 "-" "meta-externalagent/1.1 (+https://developers.facebook.com/docs/sharing/webmasters/crawler)"
57.141.20.10 - - [13/Jun/2026:09:50:28 +0530] "GET /?products/8056726/ HTTP/2" 403 1242 "-" "meta-externalagent/1.1 (+https://developers.facebook.com/docs/sharing/webmasters/crawler)"
57.141.20.25 - - [13/Jun/2026:09:50:42 +0530] "GET /?products/15657659/ HTTP/2" 403 1242 "-" "meta-externalagent/1.1 (+https://developers.facebook.com/docs/sharing/webmasters/crawler)"
57.141.20.66 - - [13/Jun/2026:09:50:42 +0530] "GET /?products/25495448/ HTTP/2" 403 1242 "-" "meta-externalagent/1.1 (+https://developers.facebook.com/docs/sharing/webmasters/crawler)"
57.141.20.57 - - [13/Jun/2026:09:51:22 +0530] "GET /?products/16325848/ HTTP/2" 200 154862 "-" "meta-externalagent/1.1 (+https://developers.facebook.com/docs/sharing/webmasters/crawler)"
57.141.20.3 - - [13/Jun/2026:09:51:27 +0530] "GET /?products/21242426/ HTTP/2" 200 154862 "-" "meta-externalagent/1.1 (+https://developers.facebook.com/docs/sharing/webmasters/crawler)"
57.141.20.13 - - [13/Jun/2026:09:51:36 +0530] "GET /?products/21100737/ HTTP/2" 200 154862 "-" "meta-externalagent/1.1 (+https://developers.facebook.com/docs/sharing/webmasters/crawler)"
57.141.20.27 - - [13/Jun/2026:09:51:40 +0530] "GET /?products/14483460/ HTTP/2" 200 154862 "-" "meta-externalagent/1.1 (+https://developers.facebook.com/docs/sharing/webmasters/crawler)"
57.141.20.62 - - [13/Jun/2026:09:51:43 +0530] "GET /?products/16644815/ HTTP/2" 200 154862 "-" "meta-externalagent/1.1 (+https://developers.facebook.com/docs/sharing/webmasters/crawler)"
57.141.20.35 - - [13/Jun/2026:09:51:47 +0530] "GET /?products/13459215/ HTTP/2" 200 154862 "-" "meta-externalagent/1.1 (+https://developers.facebook.com/docs/sharing/webmasters/crawler)"
57.141.20.39 - - [13/Jun/2026:09:52:05 +0530] "GET /?products/7398971/ HTTP/2" 200 154862 "-" "meta-externalagent/1.1 (+https://developers.facebook.com/docs/sharing/webmasters/crawler)"
57.141.20.26 - - [13/Jun/2026:09:52:24 +0530] "GET /?products/12659782/ HTTP/2" 200 154862 "-" "meta-externalagent/1.1 (+https://developers.facebook.com/docs/sharing/webmasters/crawler)"
114.119.155.217 - - [13/Jun/2026:09:50:51 +0530] "GET /shop/connection/pond221015211.html HTTP/1.1" 404 1251 "https://pbkvidyalayam.org/?sitemap646.xml" "Mozilla/5.0 (Linux; Android 7.0;) AppleWebKit/537.36 (HTML, like Gecko) Mobile Safari/537.36 (compatible; PetalBot;+https://webmaster.petalsearch.com/site/petalbot)"
57.141.20.14 - - [13/Jun/2026:09:51:01 +0530] "GET /?sitemap492.xml HTTP/2" 200 154862 "-" "meta-externalagent/1.1 (+https://developers.facebook.com/docs/sharing/webmasters/crawler)"
57.141.20.30 - - [13/Jun/2026:09:51:02 +0530] "GET /?products/5594948/ HTTP/2" 200 154862 "-" "meta-externalagent/1.1 (+https://developers.facebook.com/docs/sharing/webmasters/crawler)"
57.141.20.59 - - [13/Jun/2026:09:51:07 +0530] "GET /?products/23158771/ HTTP/2" 200 154862 "-" "meta-externalagent/1.1 (+https://developers.facebook.com/docs/sharing/webmasters/crawler)"
57.141.20.52 - - [13/Jun/2026:09:51:27 +0530] "GET /?sitemap237.xml HTTP/2" 200 154862 "-" "meta-externalagent/1.1 (+https://developers.facebook.com/docs/sharing/webmasters/crawler)"
57.141.20.67 - - [13/Jun/2026:09:51:41 +0530] "GET /?products/19685937/ HTTP/2" 200 154862 "-" "meta-externalagent/1.1 (+https://developers.facebook.com/docs/sharing/webmasters/crawler)"
57.141.20.20 - - [13/Jun/2026:09:52:01 +0530] "GET /?products/3950315/ HTTP/2" 200 154862 "-" "meta-externalagent/1.1 (+https://developers.facebook.com/docs/sharing/webmasters/crawler)"
162.0.216.246 - - [13/Jun/2026:09:52:06 +0530] "POST //admin/uploads/banners/o2.php?mode9&nofuzz HTTP/2" 200 3624 "-" "-"
57.141.20.47 - - [13/Jun/2026:09:52:17 +0530] "GET /?products/3176537/ HTTP/2" 200 154862 "-" "meta-externalagent/1.1 (+https://developers.facebook.com/docs/sharing/webmasters/crawler)"
57.141.20.1 - - [13/Jun/2026:09:52:21 +0530] "GET /?products/3068660/ HTTP/2" 200 154862 "-" "meta-externalagent/1.1 (+https://developers.facebook.com/docs/sharing/webmasters/crawler)"
57.141.20.38 - - [13/Jun/2026:09:52:29 +0530] "GET /?products/8371460/ HTTP/2" 200 154862 "-" "meta-externalagent/1.1 (+https://developers.facebook.com/docs/sharing/webmasters/crawler)"
57.141.20.9 - - [13/Jun/2026:09:52:30 +0530] "GET /?products/17698304/ HTTP/2" 200 154862 "-" "meta-externalagent/1.1 (+https://developers.facebook.com/docs/sharing/webmasters/crawler)"
104.210.140.132 - - [13/Jun/2026:09:52:56 +0530] "GET /robots.txt HTTP/2" 404 1251 "-" "Mozilla/5.0 (Macintosh; Intel Mac OS X 10_15_7) AppleWebKit/537.36 (KHTML, like Gecko) Chrome/131.0.0.0 Safari/537.36; compatible; OAI-SearchBot/1.0; +https://openai.com/searchbot"
57.141.20.32 - - [13/Jun/2026:09:53:05 +0530] "GET /?products/5458948/ HTTP/2" 200 154862 "-" "meta-externalagent/1.1 (+https://developers.facebook.com/docs/sharing/webmasters/crawler)"
57.141.20.30 - - [13/Jun/2026:09:53:05 +0530] "GET /?products/15624160/ HTTP/2" 200 154862 "-" "meta-externalagent/1.1 (+https://developers.facebook.com/docs/sharing/webmasters/crawler)"
57.141.20.57 - - [13/Jun/2026:09:53:05 +0530] "GET /?products/7222604/ HTTP/2" 200 154862 "-" "meta-externalagent/1.1 (+https://developers.facebook.com/docs/sharing/webmasters/crawler)"
57.141.20.66 - - [13/Jun/2026:09:53:07 +0530] "GET /?products/20596071/ HTTP/2" 200 154862 "-" "meta-externalagent/1.1 (+https://developers.facebook.com/docs/sharing/webmasters/crawler)"
57.141.20.10 - - [13/Jun/2026:09:53:15 +0530] "GET /?products/14162726/ HTTP/2" 200 154862 "-" "meta-externalagent/1.1 (+https://developers.facebook.com/docs/sharing/webmasters/crawler)"
57.141.20.21 - - [13/Jun/2026:09:53:20 +0530] "GET /?products/23513359/ HTTP/2" 200 154862 "-" "meta-externalagent/1.1 (+https://developers.facebook.com/docs/sharing/webmasters/crawler)"
57.141.20.6 - - [13/Jun/2026:09:53:23 +0530] "GET /?products/23086026/ HTTP/2" 200 154862 "-" "meta-externalagent/1.1 (+https://developers.facebook.com/docs/sharing/webmasters/crawler)"
57.141.20.42 - - [13/Jun/2026:09:53:25 +0530] "GET /?products/4486626/ HTTP/2" 200 154862 "-" "meta-externalagent/1.1 (+https://developers.facebook.com/docs/sharing/webmasters/crawler)"
57.141.20.61 - - [13/Jun/2026:09:51:59 +0530] "GET /?products/14796226/ HTTP/2" 200 154862 "-" "meta-externalagent/1.1 (+https://developers.facebook.com/docs/sharing/webmasters/crawler)"
57.141.20.8 - - [13/Jun/2026:09:52:08 +0530] "GET /?products/14547104/ HTTP/2" 200 154862 "-" "meta-externalagent/1.1 (+https://developers.facebook.com/docs/sharing/webmasters/crawler)"
57.141.20.52 - - [13/Jun/2026:09:52:13 +0530] "GET /?products/19174671/ HTTP/2" 200 154862 "-" "meta-externalagent/1.1 (+https://developers.facebook.com/docs/sharing/webmasters/crawler)"
