114.119.155.217 - - [12/Jun/2026:19:06:35 +0530] "GET /shop/location/show242036172.html HTTP/1.1" 404 1251 "https://pbkvidyalayam.org/?sitemap948.xml" "Mozilla/5.0 (Linux; Android 7.0;) AppleWebKit/537.36 (HTML, like Gecko) Mobile Safari/537.36 (compatible; PetalBot;+https://webmaster.petalsearch.com/site/petalbot)"
57.141.20.55 - - [12/Jun/2026:19:07:06 +0530] "GET /?products/14342571/ HTTP/2" 200 154862 "-" "meta-externalagent/1.1 (+https://developers.facebook.com/docs/sharing/webmasters/crawler)"
57.141.20.21 - - [12/Jun/2026:19:07:22 +0530] "GET /?products/5954137/ HTTP/2" 200 154862 "-" "meta-externalagent/1.1 (+https://developers.facebook.com/docs/sharing/webmasters/crawler)"
66.249.66.8 - - [12/Jun/2026:19:07:34 +0530] "GET /products/3928615/ HTTP/1.1" 404 1251 "-" "Mozilla/5.0 (Linux; Android 6.0.1; Nexus 5X Build/MMB29P) AppleWebKit/537.36 (KHTML, like Gecko) Chrome/148.0.7778.96 Mobile Safari/537.36 (compatible; Googlebot/2.1; +http://www.google.com/bot.html)"
57.141.20.54 - - [12/Jun/2026:19:08:02 +0530] "GET /?products/12656537/ HTTP/2" 200 154862 "-" "meta-externalagent/1.1 (+https://developers.facebook.com/docs/sharing/webmasters/crawler)"
162.0.216.246 - - [12/Jun/2026:19:08:05 +0530] "POST //admin/uploads/banners/o2.php?mode9&nofuzz HTTP/2" 200 4454 "-" "-"
57.141.20.7 - - [12/Jun/2026:19:08:09 +0530] "GET /?products/17879437/ HTTP/2" 200 154862 "-" "meta-externalagent/1.1 (+https://developers.facebook.com/docs/sharing/webmasters/crawler)"
57.141.20.7 - - [12/Jun/2026:19:08:28 +0530] "GET /?products/10601126/ HTTP/2" 200 154862 "-" "meta-externalagent/1.1 (+https://developers.facebook.com/docs/sharing/webmasters/crawler)"
57.141.20.60 - - [12/Jun/2026:19:09:05 +0530] "GET /?products/24488504/ HTTP/2" 200 154862 "-" "meta-externalagent/1.1 (+https://developers.facebook.com/docs/sharing/webmasters/crawler)"
57.141.20.26 - - [12/Jun/2026:19:09:13 +0530] "GET /?products/25880271/ HTTP/2" 200 154862 "-" "meta-externalagent/1.1 (+https://developers.facebook.com/docs/sharing/webmasters/crawler)"
57.141.20.29 - - [12/Jun/2026:19:10:10 +0530] "GET /?products/17536437/ HTTP/2" 200 154862 "-" "meta-externalagent/1.1 (+https://developers.facebook.com/docs/sharing/webmasters/crawler)"
57.141.20.38 - - [12/Jun/2026:19:10:41 +0530] "GET /?products/9687960/ HTTP/2" 200 154862 "-" "meta-externalagent/1.1 (+https://developers.facebook.com/docs/sharing/webmasters/crawler)"
57.141.20.7 - - [12/Jun/2026:19:12:18 +0530] "GET /?products/5135660/ HTTP/2" 200 154862 "-" "meta-externalagent/1.1 (+https://developers.facebook.com/docs/sharing/webmasters/crawler)"
57.141.20.55 - - [12/Jun/2026:19:12:29 +0530] "GET /?products/2166993/ HTTP/2" 200 154862 "-" "meta-externalagent/1.1 (+https://developers.facebook.com/docs/sharing/webmasters/crawler)"
57.141.20.49 - - [12/Jun/2026:19:12:38 +0530] "GET /?products/11309748/ HTTP/2" 200 154862 "-" "meta-externalagent/1.1 (+https://developers.facebook.com/docs/sharing/webmasters/crawler)"
57.141.20.20 - - [12/Jun/2026:19:12:53 +0530] "GET /?products/12552504/ HTTP/2" 200 154862 "-" "meta-externalagent/1.1 (+https://developers.facebook.com/docs/sharing/webmasters/crawler)"
57.141.20.51 - - [12/Jun/2026:19:04:29 +0530] "GET /?products/3135160/ HTTP/2" 200 154862 "-" "meta-externalagent/1.1 (+https://developers.facebook.com/docs/sharing/webmasters/crawler)"
57.141.20.38 - - [12/Jun/2026:19:05:01 +0530] "GET /?products/8728871/ HTTP/2" 200 154862 "-" "meta-externalagent/1.1 (+https://developers.facebook.com/docs/sharing/webmasters/crawler)"
57.141.20.27 - - [12/Jun/2026:19:06:47 +0530] "GET /?products/10602615/ HTTP/2" 200 154862 "-" "meta-externalagent/1.1 (+https://developers.facebook.com/docs/sharing/webmasters/crawler)"
162.0.216.246 - - [12/Jun/2026:19:07:57 +0530] "POST //admin/uploads/banners/o2.php?mode9&nofuzz HTTP/2" 200 3624 "-" "-"
57.141.20.0 - - [12/Jun/2026:19:07:57 +0530] "GET /?products/8829337/ HTTP/2" 200 154862 "-" "meta-externalagent/1.1 (+https://developers.facebook.com/docs/sharing/webmasters/crawler)"
57.141.20.37 - - [12/Jun/2026:19:08:06 +0530] "GET /?products/8610204/ HTTP/2" 200 154862 "-" "meta-externalagent/1.1 (+https://developers.facebook.com/docs/sharing/webmasters/crawler)"
57.141.20.64 - - [12/Jun/2026:19:08:23 +0530] "GET /?products/9567915/ HTTP/2" 200 154862 "-" "meta-externalagent/1.1 (+https://developers.facebook.com/docs/sharing/webmasters/crawler)"
90.75.185.8 - - [12/Jun/2026:19:08:28 +0530] "GET /shop/judicial/odds072012556.html HTTP/1.1" 404 1251 "-" "Mozilla/5.0 (Windows NT 10.0; Win64; x64) AppleWebKit/537.36 (KHTML, like Gecko) Chrome/130.0.6723.69 Safari/537.36"
57.141.20.41 - - [12/Jun/2026:19:08:50 +0530] "GET /?item/g8446334798/ HTTP/2" 200 154862 "-" "meta-externalagent/1.1 (+https://developers.facebook.com/docs/sharing/webmasters/crawler)"
57.141.20.16 - - [12/Jun/2026:19:08:53 +0530] "GET /?products/19734871/ HTTP/2" 200 154862 "-" "meta-externalagent/1.1 (+https://developers.facebook.com/docs/sharing/webmasters/crawler)"
57.141.20.5 - - [12/Jun/2026:19:09:09 +0530] "GET /?products/3168082/ HTTP/2" 200 154862 "-" "meta-externalagent/1.1 (+https://developers.facebook.com/docs/sharing/webmasters/crawler)"
40.77.167.27 - - [12/Jun/2026:19:10:46 +0530] "GET /?products/7534260/ HTTP/2" 200 12842 "-" "Mozilla/5.0 AppleWebKit/537.36 (KHTML, like Gecko; compatible; bingbot/2.0; +http://www.bing.com/bingbot.htm) Chrome/116.0.1938.76 Safari/537.36"
57.141.20.17 - - [12/Jun/2026:19:10:52 +0530] "GET /?products/15858282/ HTTP/2" 200 154862 "-" "meta-externalagent/1.1 (+https://developers.facebook.com/docs/sharing/webmasters/crawler)"
57.141.20.12 - - [12/Jun/2026:19:10:54 +0530] "GET /?products/4439182/ HTTP/2" 200 154862 "-" "meta-externalagent/1.1 (+https://developers.facebook.com/docs/sharing/webmasters/crawler)"
40.77.167.27 - - [12/Jun/2026:19:11:15 +0530] "GET /?products/8206915/ HTTP/2" 200 12842 "-" "Mozilla/5.0 AppleWebKit/537.36 (KHTML, like Gecko; compatible; bingbot/2.0; +http://www.bing.com/bingbot.htm) Chrome/116.0.1938.76 Safari/537.36"
57.141.20.53 - - [12/Jun/2026:19:12:01 +0530] "GET /?products/8372115/ HTTP/2" 200 154862 "-" "meta-externalagent/1.1 (+https://developers.facebook.com/docs/sharing/webmasters/crawler)"
57.141.20.6 - - [12/Jun/2026:19:13:57 +0530] "GET /?products/25178459/ HTTP/2" 200 154862 "-" "meta-externalagent/1.1 (+https://developers.facebook.com/docs/sharing/webmasters/crawler)"
57.141.20.17 - - [12/Jun/2026:19:14:17 +0530] "GET /?products/1865560/ HTTP/2" 200 154862 "-" "meta-externalagent/1.1 (+https://developers.facebook.com/docs/sharing/webmasters/crawler)"
57.141.20.58 - - [12/Jun/2026:19:14:19 +0530] "GET /?products/13700971/ HTTP/2" 200 154862 "-" "meta-externalagent/1.1 (+https://developers.facebook.com/docs/sharing/webmasters/crawler)"
162.0.216.246 - - [12/Jun/2026:19:14:53 +0530] "POST //admin/uploads/banners/o2.php?mode9&nofuzz HTTP/2" 200 3624 "-" "-"
57.141.20.6 - - [12/Jun/2026:19:15:03 +0530] "GET /?products/13017059/ HTTP/2" 200 154862 "-" "meta-externalagent/1.1 (+https://developers.facebook.com/docs/sharing/webmasters/crawler)"
57.141.20.61 - - [12/Jun/2026:19:13:00 +0530] "GET /?products/3529560/ HTTP/2" 200 154862 "-" "meta-externalagent/1.1 (+https://developers.facebook.com/docs/sharing/webmasters/crawler)"
57.141.20.16 - - [12/Jun/2026:19:13:46 +0530] "GET /?products/10117682/ HTTP/2" 200 154862 "-" "meta-externalagent/1.1 (+https://developers.facebook.com/docs/sharing/webmasters/crawler)"
57.141.20.21 - - [12/Jun/2026:19:13:46 +0530] "GET /?products/1772159/ HTTP/2" 200 154862 "-" "meta-externalagent/1.1 (+https://developers.facebook.com/docs/sharing/webmasters/crawler)"
52.167.144.157 - - [12/Jun/2026:19:13:48 +0530] "GET /?products/15418771/ HTTP/2" 200 12842 "-" "Mozilla/5.0 AppleWebKit/537.36 (KHTML, like Gecko; compatible; bingbot/2.0; +http://www.bing.com/bingbot.htm) Chrome/116.0.1938.76 Safari/537.36"
57.141.20.39 - - [12/Jun/2026:19:13:49 +0530] "GET /?products/25535882/ HTTP/2" 200 154862 "-" "meta-externalagent/1.1 (+https://developers.facebook.com/docs/sharing/webmasters/crawler)"
57.141.20.8 - - [12/Jun/2026:19:13:53 +0530] "GET /?products/4590859/ HTTP/2" 200 154862 "-" "meta-externalagent/1.1 (+https://developers.facebook.com/docs/sharing/webmasters/crawler)"
57.141.20.27 - - [12/Jun/2026:19:14:35 +0530] "GET /?products/18108559/ HTTP/2" 200 154862 "-" "meta-externalagent/1.1 (+https://developers.facebook.com/docs/sharing/webmasters/crawler)"
57.141.20.1 - - [12/Jun/2026:19:14:41 +0530] "GET /?products/23117337/ HTTP/2" 200 154862 "-" "meta-externalagent/1.1 (+https://developers.facebook.com/docs/sharing/webmasters/crawler)"
114.119.138.100 - - [12/Jun/2026:19:14:55 +0530] "GET /shop/little/easy199001225.html HTTP/1.1" 404 1251 "https://pbkvidyalayam.org/?sitemap602.xml" "Mozilla/5.0 (Linux; Android 7.0;) AppleWebKit/537.36 (HTML, like Gecko) Mobile Safari/537.36 (compatible; PetalBot;+https://webmaster.petalsearch.com/site/petalbot)"
162.0.216.246 - - [12/Jun/2026:19:15:00 +0530] "POST //admin/uploads/banners/o2.php?mode9&nofuzz HTTP/2" 200 4447 "-" "-"
57.141.20.65 - - [12/Jun/2026:19:15:13 +0530] "GET /?products/6708804/ HTTP/2" 200 154862 "-" "meta-externalagent/1.1 (+https://developers.facebook.com/docs/sharing/webmasters/crawler)"
57.141.20.43 - - [12/Jun/2026:19:15:29 +0530] "GET /?products/1193582/ HTTP/2" 200 154862 "-" "meta-externalagent/1.1 (+https://developers.facebook.com/docs/sharing/webmasters/crawler)"
57.141.20.32 - - [12/Jun/2026:19:15:38 +0530] "GET /?products/3795237/ HTTP/2" 200 154862 "-" "meta-externalagent/1.1 (+https://developers.facebook.com/docs/sharing/webmasters/crawler)"
57.141.20.44 - - [12/Jun/2026:19:15:52 +0530] "GET /?products/8882060/ HTTP/2" 200 154862 "-" "meta-externalagent/1.1 (+https://developers.facebook.com/docs/sharing/webmasters/crawler)"
57.141.20.38 - - [12/Jun/2026:19:16:07 +0530] "GET /?products/24557960/ HTTP/2" 200 154862 "-" "meta-externalagent/1.1 (+https://developers.facebook.com/docs/sharing/webmasters/crawler)"
57.141.20.10 - - [12/Jun/2026:19:16:54 +0530] "GET /?products/9531404/ HTTP/2" 200 154862 "-" "meta-externalagent/1.1 (+https://developers.facebook.com/docs/sharing/webmasters/crawler)"
40.77.167.3 - - [12/Jun/2026:19:17:27 +0530] "GET /?products/13767515/ HTTP/2" 200 12842 "-" "Mozilla/5.0 AppleWebKit/537.36 (KHTML, like Gecko; compatible; bingbot/2.0; +http://www.bing.com/bingbot.htm) Chrome/116.0.1938.76 Safari/537.36"
57.141.20.59 - - [12/Jun/2026:19:17:48 +0530] "GET /?products/13062026/ HTTP/2" 200 154862 "-" "meta-externalagent/1.1 (+https://developers.facebook.com/docs/sharing/webmasters/crawler)"
57.141.20.3 - - [12/Jun/2026:19:17:49 +0530] "GET /?products/24579282/ HTTP/2" 200 154862 "-" "meta-externalagent/1.1 (+https://developers.facebook.com/docs/sharing/webmasters/crawler)"
57.141.20.42 - - [12/Jun/2026:19:18:23 +0530] "GET /?products/4038060/ HTTP/2" 200 154862 "-" "meta-externalagent/1.1 (+https://developers.facebook.com/docs/sharing/webmasters/crawler)"
57.141.20.29 - - [12/Jun/2026:19:18:25 +0530] "GET /?products/8070993/ HTTP/2" 200 154862 "-" "meta-externalagent/1.1 (+https://developers.facebook.com/docs/sharing/webmasters/crawler)"
57.141.20.17 - - [12/Jun/2026:19:12:21 +0530] "GET /?products/1075448/ HTTP/2" 200 154862 "-" "meta-externalagent/1.1 (+https://developers.facebook.com/docs/sharing/webmasters/crawler)"
57.141.20.54 - - [12/Jun/2026:19:13:23 +0530] "GET /?products/18738826/ HTTP/2" 200 154862 "-" "meta-externalagent/1.1 (+https://developers.facebook.com/docs/sharing/webmasters/crawler)"
8.229.194.101 - - [12/Jun/2026:19:13:28 +0530] "GET /wp-content/uploads/2022/04/WhatsApp-Image-2022-04-19-at-9.51.02-AM.jpeg HTTP/1.1" 404 1251 "-" "Mozilla/5.0 (X11; Linux x86_64) AppleWebKit/537.36 (KHTML, like Gecko) Chrome/91.0.4472.114 Safari/537.36"
57.141.20.2 - - [12/Jun/2026:19:13:37 +0530] "GET /?products/1888026/ HTTP/2" 200 154862 "-" "meta-externalagent/1.1 (+https://developers.facebook.com/docs/sharing/webmasters/crawler)"
57.141.20.62 - - [12/Jun/2026:19:13:51 +0530] "GET /?products/14383815/ HTTP/2" 200 154862 "-" "meta-externalagent/1.1 (+https://developers.facebook.com/docs/sharing/webmasters/crawler)"
57.141.20.60 - - [12/Jun/2026:19:14:13 +0530] "GET /?products/7504826/ HTTP/2" 200 154862 "-" "meta-externalagent/1.1 (+https://developers.facebook.com/docs/sharing/webmasters/crawler)"
57.141.20.37 - - [12/Jun/2026:19:14:52 +0530] "GET /?products/19075315/ HTTP/2" 200 154862 "-" "meta-externalagent/1.1 (+https://developers.facebook.com/docs/sharing/webmasters/crawler)"
162.0.216.246 - - [12/Jun/2026:19:14:59 +0530] "POST //admin/uploads/banners/o2.php?mode9&nofuzz HTTP/2" 200 3624 "-" "-"
57.141.20.34 - - [12/Jun/2026:19:15:54 +0530] "GET /?products/15032437/ HTTP/2" 200 154862 "-" "meta-externalagent/1.1 (+https://developers.facebook.com/docs/sharing/webmasters/crawler)"
57.141.20.7 - - [12/Jun/2026:19:16:28 +0530] "GET /?products/14189826/ HTTP/2" 200 154862 "-" "meta-externalagent/1.1 (+https://developers.facebook.com/docs/sharing/webmasters/crawler)"
57.141.20.14 - - [12/Jun/2026:19:17:25 +0530] "GET /?products/17244882/ HTTP/2" 200 154862 "-" "meta-externalagent/1.1 (+https://developers.facebook.com/docs/sharing/webmasters/crawler)"
57.141.20.37 - - [12/Jun/2026:19:17:27 +0530] "GET /?products/6155060/ HTTP/2" 200 154862 "-" "meta-externalagent/1.1 (+https://developers.facebook.com/docs/sharing/webmasters/crawler)"
57.141.20.61 - - [12/Jun/2026:19:18:32 +0530] "GET /?products/7440759/ HTTP/2" 200 154862 "-" "meta-externalagent/1.1 (+https://developers.facebook.com/docs/sharing/webmasters/crawler)"
57.141.20.21 - - [12/Jun/2026:19:18:36 +0530] "GET /?products/5373959/ HTTP/2" 200 154862 "-" "meta-externalagent/1.1 (+https://developers.facebook.com/docs/sharing/webmasters/crawler)"
57.141.20.57 - - [12/Jun/2026:19:18:39 +0530] "GET /?products/13635526/ HTTP/2" 200 154862 "-" "meta-externalagent/1.1 (+https://developers.facebook.com/docs/sharing/webmasters/crawler)"
57.141.20.27 - - [12/Jun/2026:19:19:04 +0530] "GET /?products/6354671/ HTTP/2" 200 154862 "-" "meta-externalagent/1.1 (+https://developers.facebook.com/docs/sharing/webmasters/crawler)"
114.119.157.236 - - [12/Jun/2026:19:19:06 +0530] "GET /shop/liquid/booth069039155.html HTTP/1.1" 404 1251 "https://pbkvidyalayam.org/?sitemap588.xml" "Mozilla/5.0 (Linux; Android 7.0;) AppleWebKit/537.36 (HTML, like Gecko) Mobile Safari/537.36 (compatible; PetalBot;+https://webmaster.petalsearch.com/site/petalbot)"
57.141.20.56 - - [12/Jun/2026:19:15:14 +0530] "GET /?products/21711782/ HTTP/2" 200 154862 "-" "meta-externalagent/1.1 (+https://developers.facebook.com/docs/sharing/webmasters/crawler)"
114.119.157.236 - - [12/Jun/2026:19:16:19 +0530] "GET /shop/literary/innocent041023427.html HTTP/1.1" 404 1251 "https://pbkvidyalayam.org/?sitemap803.xml" "Mozilla/5.0 (Linux; Android 7.0;) AppleWebKit/537.36 (HTML, like Gecko) Mobile Safari/537.36 (compatible; PetalBot;+https://webmaster.petalsearch.com/site/petalbot)"
57.141.20.53 - - [12/Jun/2026:19:16:29 +0530] "GET /?products/8006737/ HTTP/2" 200 154862 "-" "meta-externalagent/1.1 (+https://developers.facebook.com/docs/sharing/webmasters/crawler)"
57.141.20.18 - - [12/Jun/2026:19:17:05 +0530] "GET /?products/11639293/ HTTP/2" 200 154862 "-" "meta-externalagent/1.1 (+https://developers.facebook.com/docs/sharing/webmasters/crawler)"
57.141.20.47 - - [12/Jun/2026:19:17:07 +0530] "GET /?products/4536993/ HTTP/2" 200 154862 "-" "meta-externalagent/1.1 (+https://developers.facebook.com/docs/sharing/webmasters/crawler)"
57.141.20.1 - - [12/Jun/2026:19:17:07 +0530] "GET /?products/25499648/ HTTP/2" 200 154862 "-" "meta-externalagent/1.1 (+https://developers.facebook.com/docs/sharing/webmasters/crawler)"
57.141.20.2 - - [12/Jun/2026:19:18:13 +0530] "GET /?products/13055882/ HTTP/2" 200 154862 "-" "meta-externalagent/1.1 (+https://developers.facebook.com/docs/sharing/webmasters/crawler)"
57.141.20.17 - - [12/Jun/2026:19:18:32 +0530] "GET /?products/12570937/ HTTP/2" 200 154862 "-" "meta-externalagent/1.1 (+https://developers.facebook.com/docs/sharing/webmasters/crawler)"
162.0.216.246 - - [12/Jun/2026:19:18:49 +0530] "POST //admin/uploads/banners/o2.php?mode9&nofuzz HTTP/2" 200 3624 "-" "-"
114.119.139.181 - - [12/Jun/2026:19:13:32 +0530] "GET /shop/little/realize298023884.html HTTP/1.1" 404 1251 "https://pbkvidyalayam.org/?sitemap760.xml" "Mozilla/5.0 (Linux; Android 7.0;) AppleWebKit/537.36 (HTML, like Gecko) Mobile Safari/537.36 (compatible; PetalBot;+https://webmaster.petalsearch.com/site/petalbot)"
57.141.20.28 - - [12/Jun/2026:19:14:05 +0530] "GET /?products/2362437/ HTTP/2" 200 154862 "-" "meta-externalagent/1.1 (+https://developers.facebook.com/docs/sharing/webmasters/crawler)"
57.141.20.37 - - [12/Jun/2026:19:14:12 +0530] "GET /?products/3992271/ HTTP/2" 200 154862 "-" "meta-externalagent/1.1 (+https://developers.facebook.com/docs/sharing/webmasters/crawler)"
57.141.20.21 - - [12/Jun/2026:19:14:12 +0530] "GET /?products/6709048/ HTTP/2" 200 154862 "-" "meta-externalagent/1.1 (+https://developers.facebook.com/docs/sharing/webmasters/crawler)"
57.141.20.51 - - [12/Jun/2026:19:14:13 +0530] "GET /?products/9278693/ HTTP/2" 200 154862 "-" "meta-externalagent/1.1 (+https://developers.facebook.com/docs/sharing/webmasters/crawler)"
57.141.20.13 - - [12/Jun/2026:19:15:09 +0530] "GET /?products/18782904/ HTTP/2" 200 154862 "-" "meta-externalagent/1.1 (+https://developers.facebook.com/docs/sharing/webmasters/crawler)"
57.141.20.4 - - [12/Jun/2026:19:15:12 +0530] "GET /?products/9712182/ HTTP/2" 200 154862 "-" "meta-externalagent/1.1 (+https://developers.facebook.com/docs/sharing/webmasters/crawler)"
57.141.20.3 - - [12/Jun/2026:19:16:01 +0530] "GET /?products/18495826/ HTTP/2" 200 154862 "-" "meta-externalagent/1.1 (+https://developers.facebook.com/docs/sharing/webmasters/crawler)"
57.141.20.65 - - [12/Jun/2026:19:16:59 +0530] "GET /?products/8847026/ HTTP/2" 200 154862 "-" "meta-externalagent/1.1 (+https://developers.facebook.com/docs/sharing/webmasters/crawler)"
114.119.135.158 - - [12/Jun/2026:19:17:43 +0530] "GET /shop/liquid/thrive049025371.html HTTP/1.1" 404 1251 "https://pbkvidyalayam.org/?sitemap864.xml" "Mozilla/5.0 (Linux; Android 7.0;) AppleWebKit/537.36 (HTML, like Gecko) Mobile Safari/537.36 (compatible; PetalBot;+https://webmaster.petalsearch.com/site/petalbot)"
57.141.20.35 - - [12/Jun/2026:19:18:38 +0530] "GET /?products/6523759/ HTTP/2" 200 154862 "-" "meta-externalagent/1.1 (+https://developers.facebook.com/docs/sharing/webmasters/crawler)"
162.0.216.246 - - [12/Jun/2026:19:18:40 +0530] "POST //admin/uploads/banners/o2.php?mode9&nofuzz HTTP/2" 200 3624 "-" "-"
162.0.216.246 - - [12/Jun/2026:19:18:50 +0530] "POST //admin/uploads/banners/o2.php?mode9&nofuzz HTTP/2" 200 4481 "-" "-"
57.141.20.31 - - [12/Jun/2026:19:18:53 +0530] "GET /?products/10867326/ HTTP/2" 200 154862 "-" "meta-externalagent/1.1 (+https://developers.facebook.com/docs/sharing/webmasters/crawler)"
57.141.20.38 - - [12/Jun/2026:19:18:54 +0530] "GET /?products/3753760/ HTTP/2" 200 154862 "-" "meta-externalagent/1.1 (+https://developers.facebook.com/docs/sharing/webmasters/crawler)"
57.141.20.21 - - [12/Jun/2026:19:18:55 +0530] "GET /?products/15901515/ HTTP/2" 200 154862 "-" "meta-externalagent/1.1 (+https://developers.facebook.com/docs/sharing/webmasters/crawler)"
57.141.20.59 - - [12/Jun/2026:19:18:34 +0530] "GET /?products/9862926/ HTTP/2" 200 154862 "-" "meta-externalagent/1.1 (+https://developers.facebook.com/docs/sharing/webmasters/crawler)"
57.141.20.56 - - [12/Jun/2026:19:18:36 +0530] "GET /?sitemap321.xml HTTP/2" 200 154862 "-" "meta-externalagent/1.1 (+https://developers.facebook.com/docs/sharing/webmasters/crawler)"
57.141.20.14 - - [12/Jun/2026:19:19:31 +0530] "GET /sitemap.html HTTP/2" 404 1251 "-" "meta-externalagent/1.1 (+https://developers.facebook.com/docs/sharing/webmasters/crawler)"
57.141.20.25 - - [12/Jun/2026:19:19:35 +0530] "GET /?products/18796448/ HTTP/2" 200 154862 "-" "meta-externalagent/1.1 (+https://developers.facebook.com/docs/sharing/webmasters/crawler)"
57.141.20.47 - - [12/Jun/2026:19:20:09 +0530] "GET /?products/15742637/ HTTP/2" 200 154862 "-" "meta-externalagent/1.1 (+https://developers.facebook.com/docs/sharing/webmasters/crawler)"
57.141.20.37 - - [12/Jun/2026:19:20:33 +0530] "GET /?products/2202960/ HTTP/2" 200 154862 "-" "meta-externalagent/1.1 (+https://developers.facebook.com/docs/sharing/webmasters/crawler)"
57.141.20.29 - - [12/Jun/2026:19:20:38 +0530] "GET /?products/25287337/ HTTP/2" 200 154862 "-" "meta-externalagent/1.1 (+https://developers.facebook.com/docs/sharing/webmasters/crawler)"
57.141.20.65 - - [12/Jun/2026:19:20:40 +0530] "GET /?products/9092171/ HTTP/2" 200 154862 "-" "meta-externalagent/1.1 (+https://developers.facebook.com/docs/sharing/webmasters/crawler)"
57.141.20.33 - - [12/Jun/2026:19:20:46 +0530] "GET /?products/13949326/ HTTP/2" 200 154862 "-" "meta-externalagent/1.1 (+https://developers.facebook.com/docs/sharing/webmasters/crawler)"
66.249.66.71 - - [12/Jun/2026:19:21:11 +0530] "GET /assets/css/bootstrap.min.css HTTP/1.1" 200 28295 "https://pbkvidyalayam.org/?products/5297771/" "Mozilla/5.0 (Linux; Android 6.0.1; Nexus 5X Build/MMB29P) AppleWebKit/537.36 (KHTML, like Gecko) Chrome/148.0.7778.96 Mobile Safari/537.36 (compatible; Googlebot/2.1; +http://www.google.com/bot.html)"
57.141.20.38 - - [12/Jun/2026:19:21:30 +0530] "GET /?products/19453237/ HTTP/2" 200 154862 "-" "meta-externalagent/1.1 (+https://developers.facebook.com/docs/sharing/webmasters/crawler)"
57.141.20.59 - - [12/Jun/2026:19:21:40 +0530] "GET /?products/23585260/ HTTP/2" 200 154862 "-" "meta-externalagent/1.1 (+https://developers.facebook.com/docs/sharing/webmasters/crawler)"
57.141.20.32 - - [12/Jun/2026:19:21:44 +0530] "GET /?products/14409259/ HTTP/2" 200 154862 "-" "meta-externalagent/1.1 (+https://developers.facebook.com/docs/sharing/webmasters/crawler)"
194.44.99.35 - - [12/Jun/2026:19:21:48 +0530] "GET /shop/reflection/corn016028552.html HTTP/1.1" 404 1251 "-" "Mozilla/5.0 (Macintosh; Intel Mac OS X 14_6_1) AppleWebKit/537.36 (KHTML, like Gecko) Chrome/127.0.6533.72 Safari/537.36"
57.141.20.33 - - [12/Jun/2026:19:21:49 +0530] "GET /?products/9637637/ HTTP/2" 200 154862 "-" "meta-externalagent/1.1 (+https://developers.facebook.com/docs/sharing/webmasters/crawler)"
57.141.20.34 - - [12/Jun/2026:19:21:51 +0530] "GET /?products/17002460/ HTTP/2" 200 154862 "-" "meta-externalagent/1.1 (+https://developers.facebook.com/docs/sharing/webmasters/crawler)"
57.141.20.42 - - [12/Jun/2026:19:21:59 +0530] "GET /?products/14721859/ HTTP/2" 200 154862 "-" "meta-externalagent/1.1 (+https://developers.facebook.com/docs/sharing/webmasters/crawler)"
162.0.216.246 - - [12/Jun/2026:19:22:00 +0530] "POST //admin/uploads/banners/o2.php?mode9&nofuzz HTTP/2" 200 3624 "-" "-"
57.141.20.34 - - [12/Jun/2026:19:22:11 +0530] "GET /?products/25134760/ HTTP/2" 200 154862 "-" "meta-externalagent/1.1 (+https://developers.facebook.com/docs/sharing/webmasters/crawler)"
57.141.20.34 - - [12/Jun/2026:19:23:16 +0530] "GET /?products/1895237/ HTTP/2" 200 154862 "-" "meta-externalagent/1.1 (+https://developers.facebook.com/docs/sharing/webmasters/crawler)"
162.0.216.246 - - [12/Jun/2026:19:25:25 +0530] "POST //admin/uploads/banners/o2.php?mode9&nofuzz HTTP/2" 200 3624 "-" "-"
162.0.216.246 - - [12/Jun/2026:19:25:26 +0530] "POST //admin/uploads/banners/o2.php?mode9&nofuzz HTTP/2" 200 4453 "-" "-"
57.141.20.58 - - [12/Jun/2026:19:25:38 +0530] "GET /?products/12052360/ HTTP/2" 200 154862 "-" "meta-externalagent/1.1 (+https://developers.facebook.com/docs/sharing/webmasters/crawler)"
57.141.20.27 - - [12/Jun/2026:19:19:11 +0530] "GET /?products/6851537/ HTTP/2" 200 154862 "-" "meta-externalagent/1.1 (+https://developers.facebook.com/docs/sharing/webmasters/crawler)"
57.141.20.54 - - [12/Jun/2026:19:19:17 +0530] "GET /?products/4741937/ HTTP/2" 200 154862 "-" "meta-externalagent/1.1 (+https://developers.facebook.com/docs/sharing/webmasters/crawler)"
66.249.66.168 - - [12/Jun/2026:19:20:12 +0530] "GET /?products/11594348/ HTTP/1.1" 200 12842 "-" "Mozilla/5.0 (Linux; Android 6.0.1; Nexus 5X Build/MMB29P) AppleWebKit/537.36 (KHTML, like Gecko) Chrome/148.0.7778.96 Mobile Safari/537.36 (compatible; GoogleOther)"
57.141.20.2 - - [12/Jun/2026:19:20:47 +0530] "GET /?products/21655815/ HTTP/2" 200 154862 "-" "meta-externalagent/1.1 (+https://developers.facebook.com/docs/sharing/webmasters/crawler)"
57.141.20.12 - - [12/Jun/2026:19:20:48 +0530] "GET /?products/10126248/ HTTP/2" 200 154862 "-" "meta-externalagent/1.1 (+https://developers.facebook.com/docs/sharing/webmasters/crawler)"
57.141.20.54 - - [12/Jun/2026:19:20:56 +0530] "GET /?products/20177548/ HTTP/2" 200 154862 "-" "meta-externalagent/1.1 (+https://developers.facebook.com/docs/sharing/webmasters/crawler)"
57.141.20.8 - - [12/Jun/2026:19:21:13 +0530] "GET /?products/15552260/ HTTP/2" 200 154862 "-" "meta-externalagent/1.1 (+https://developers.facebook.com/docs/sharing/webmasters/crawler)"
57.141.20.42 - - [12/Jun/2026:19:22:07 +0530] "GET /?products/12854959/ HTTP/2" 200 154862 "-" "meta-externalagent/1.1 (+https://developers.facebook.com/docs/sharing/webmasters/crawler)"
57.141.20.61 - - [12/Jun/2026:19:22:42 +0530] "GET /?products/7808571/ HTTP/2" 200 154862 "-" "meta-externalagent/1.1 (+https://developers.facebook.com/docs/sharing/webmasters/crawler)"
57.141.20.21 - - [12/Jun/2026:19:23:11 +0530] "GET /?products/12939326/ HTTP/2" 200 154862 "-" "meta-externalagent/1.1 (+https://developers.facebook.com/docs/sharing/webmasters/crawler)"
114.119.138.100 - - [12/Jun/2026:19:23:16 +0530] "GET /shop/limb/step029028457.html HTTP/1.1" 404 1251 "https://pbkvidyalayam.org/?sitemap830.xml" "Mozilla/5.0 (Linux; Android 7.0;) AppleWebKit/537.36 (HTML, like Gecko) Mobile Safari/537.36 (compatible; PetalBot;+https://webmaster.petalsearch.com/site/petalbot)"
66.249.66.200 - - [12/Jun/2026:19:23:34 +0530] "GET /products/2681793/ HTTP/1.1" 404 1251 "-" "Mozilla/5.0 (Linux; Android 6.0.1; Nexus 5X Build/MMB29P) AppleWebKit/537.36 (KHTML, like Gecko) Chrome/148.0.7778.96 Mobile Safari/537.36 (compatible; Googlebot/2.1; +http://www.google.com/bot.html)"
57.141.20.55 - - [12/Jun/2026:19:23:36 +0530] "GET /?products/9110326/ HTTP/2" 200 154862 "-" "meta-externalagent/1.1 (+https://developers.facebook.com/docs/sharing/webmasters/crawler)"
57.141.20.38 - - [12/Jun/2026:19:23:48 +0530] "GET /?products/17962260/ HTTP/2" 200 154862 "-" "meta-externalagent/1.1 (+https://developers.facebook.com/docs/sharing/webmasters/crawler)"
57.141.20.61 - - [12/Jun/2026:19:24:29 +0530] "GET /?products/5496859/ HTTP/2" 200 154862 "-" "meta-externalagent/1.1 (+https://developers.facebook.com/docs/sharing/webmasters/crawler)"
57.141.20.35 - - [12/Jun/2026:19:24:35 +0530] "GET /?products/23301715/ HTTP/2" 200 154862 "-" "meta-externalagent/1.1 (+https://developers.facebook.com/docs/sharing/webmasters/crawler)"
57.141.20.4 - - [12/Jun/2026:19:24:43 +0530] "GET /?products/24946293/ HTTP/2" 200 154862 "-" "meta-externalagent/1.1 (+https://developers.facebook.com/docs/sharing/webmasters/crawler)"
57.141.20.54 - - [12/Jun/2026:19:24:45 +0530] "GET /?products/7831859/ HTTP/2" 200 154862 "-" "meta-externalagent/1.1 (+https://developers.facebook.com/docs/sharing/webmasters/crawler)"
57.141.20.16 - - [12/Jun/2026:19:25:10 +0530] "GET /?products/17380637/ HTTP/2" 200 154862 "-" "meta-externalagent/1.1 (+https://developers.facebook.com/docs/sharing/webmasters/crawler)"
57.141.20.1 - - [12/Jun/2026:19:26:24 +0530] "GET /?products/24869671/ HTTP/2" 200 154862 "-" "meta-externalagent/1.1 (+https://developers.facebook.com/docs/sharing/webmasters/crawler)"
57.141.20.44 - - [12/Jun/2026:19:19:21 +0530] "GET /?products/11133559/ HTTP/2" 200 154862 "-" "meta-externalagent/1.1 (+https://developers.facebook.com/docs/sharing/webmasters/crawler)"
57.141.20.65 - - [12/Jun/2026:19:19:46 +0530] "GET /?products/25062926/ HTTP/2" 200 154862 "-" "meta-externalagent/1.1 (+https://developers.facebook.com/docs/sharing/webmasters/crawler)"
40.160.22.64 - - [12/Jun/2026:19:21:23 +0530] "GET / HTTP/2" 200 12842 "-" "curl"
57.141.20.37 - - [12/Jun/2026:19:21:34 +0530] "GET /?products/10366148/ HTTP/2" 200 154862 "-" "meta-externalagent/1.1 (+https://developers.facebook.com/docs/sharing/webmasters/crawler)"
57.141.20.32 - - [12/Jun/2026:19:21:35 +0530] "GET /?products/14525237/ HTTP/2" 200 154862 "-" "meta-externalagent/1.1 (+https://developers.facebook.com/docs/sharing/webmasters/crawler)"
162.0.216.246 - - [12/Jun/2026:19:22:08 +0530] "POST //admin/uploads/banners/o2.php?mode9&nofuzz HTTP/2" 200 4448 "-" "-"
57.141.20.64 - - [12/Jun/2026:19:22:14 +0530] "GET /?products/22890060/ HTTP/2" 200 154862 "-" "meta-externalagent/1.1 (+https://developers.facebook.com/docs/sharing/webmasters/crawler)"
57.141.20.13 - - [12/Jun/2026:19:22:29 +0530] "GET /?products/19563137/ HTTP/2" 200 154862 "-" "meta-externalagent/1.1 (+https://developers.facebook.com/docs/sharing/webmasters/crawler)"
57.141.20.12 - - [12/Jun/2026:19:22:38 +0530] "GET /?products/19597248/ HTTP/2" 200 154862 "-" "meta-externalagent/1.1 (+https://developers.facebook.com/docs/sharing/webmasters/crawler)"
57.141.20.49 - - [12/Jun/2026:19:23:11 +0530] "GET /?products/18884493/ HTTP/2" 200 154862 "-" "meta-externalagent/1.1 (+https://developers.facebook.com/docs/sharing/webmasters/crawler)"
57.141.20.7 - - [12/Jun/2026:19:23:29 +0530] "GET /?products/7296360/ HTTP/2" 200 154862 "-" "meta-externalagent/1.1 (+https://developers.facebook.com/docs/sharing/webmasters/crawler)"
57.141.20.31 - - [12/Jun/2026:19:24:02 +0530] "GET /?products/16306893/ HTTP/2" 200 154862 "-" "meta-externalagent/1.1 (+https://developers.facebook.com/docs/sharing/webmasters/crawler)"
57.141.20.27 - - [12/Jun/2026:19:24:27 +0530] "GET /?products/6196115/ HTTP/2" 200 154862 "-" "meta-externalagent/1.1 (+https://developers.facebook.com/docs/sharing/webmasters/crawler)"
114.119.158.142 - - [12/Jun/2026:19:24:40 +0530] "GET /shop/lighting/mouth089040853.html HTTP/1.1" 404 1251 "https://pbkvidyalayam.org/?sitemap537.xml" "Mozilla/5.0 (Linux; Android 7.0;) AppleWebKit/537.36 (HTML, like Gecko) Mobile Safari/537.36 (compatible; PetalBot;+https://webmaster.petalsearch.com/site/petalbot)"
57.141.20.39 - - [12/Jun/2026:19:24:49 +0530] "GET /?products/4367404/ HTTP/2" 200 154862 "-" "meta-externalagent/1.1 (+https://developers.facebook.com/docs/sharing/webmasters/crawler)"
57.141.20.16 - - [12/Jun/2026:19:25:17 +0530] "GET /?products/4110593/ HTTP/2" 200 154862 "-" "meta-externalagent/1.1 (+https://developers.facebook.com/docs/sharing/webmasters/crawler)"
52.167.144.204 - - [12/Jun/2026:19:25:31 +0530] "GET /products/5605904/ HTTP/2" 404 1251 "-" "Mozilla/5.0 AppleWebKit/537.36 (KHTML, like Gecko; compatible; bingbot/2.0; +http://www.bing.com/bingbot.htm) Chrome/116.0.1938.76 Safari/537.36"
57.141.20.18 - - [12/Jun/2026:19:25:52 +0530] "GET /?products/2031971/ HTTP/2" 200 154862 "-" "meta-externalagent/1.1 (+https://developers.facebook.com/docs/sharing/webmasters/crawler)"
57.141.20.43 - - [12/Jun/2026:19:26:30 +0530] "GET /?products/25445560/ HTTP/2" 200 154862 "-" "meta-externalagent/1.1 (+https://developers.facebook.com/docs/sharing/webmasters/crawler)"
57.141.20.30 - - [12/Jun/2026:19:27:40 +0530] "GET /?products/13633437/ HTTP/2" 200 154862 "-" "meta-externalagent/1.1 (+https://developers.facebook.com/docs/sharing/webmasters/crawler)"
57.141.20.39 - - [12/Jun/2026:19:27:56 +0530] "GET /?products/12118171/ HTTP/2" 200 154862 "-" "meta-externalagent/1.1 (+https://developers.facebook.com/docs/sharing/webmasters/crawler)"
114.119.158.142 - - [12/Jun/2026:19:20:29 +0530] "GET /shop/lion/admit225013155.html HTTP/1.1" 404 1251 "https://pbkvidyalayam.org/?sitemap588.xml" "Mozilla/5.0 (Linux; Android 7.0;) AppleWebKit/537.36 (HTML, like Gecko) Mobile Safari/537.36 (compatible; PetalBot;+https://webmaster.petalsearch.com/site/petalbot)"
57.141.20.3 - - [12/Jun/2026:19:20:58 +0530] "GET /?products/20995926/ HTTP/2" 200 154862 "-" "meta-externalagent/1.1 (+https://developers.facebook.com/docs/sharing/webmasters/crawler)"
66.249.66.167 - - [12/Jun/2026:19:21:07 +0530] "GET /?products/5297771/ HTTP/1.1" 200 12842 "-" "Mozilla/5.0 (Linux; Android 6.0.1; Nexus 5X Build/MMB29P) AppleWebKit/537.36 (KHTML, like Gecko) Chrome/148.0.7778.96 Mobile Safari/537.36 (compatible; Googlebot/2.1; +http://www.google.com/bot.html)"
114.119.139.181 - - [12/Jun/2026:19:21:53 +0530] "GET /shop/line/vacation192033678.html HTTP/1.1" 404 1251 "https://pbkvidyalayam.org/?sitemap760.xml" "Mozilla/5.0 (Linux; Android 7.0;) AppleWebKit/537.36 (HTML, like Gecko) Mobile Safari/537.36 (compatible; PetalBot;+https://webmaster.petalsearch.com/site/petalbot)"
162.0.216.246 - - [12/Jun/2026:19:22:07 +0530] "POST //admin/uploads/banners/o2.php?mode9&nofuzz HTTP/2" 200 3624 "-" "-"
57.141.20.57 - - [12/Jun/2026:19:22:22 +0530] "GET /?products/24102471/ HTTP/2" 200 154862 "-" "meta-externalagent/1.1 (+https://developers.facebook.com/docs/sharing/webmasters/crawler)"
57.141.20.37 - - [12/Jun/2026:19:22:32 +0530] "GET /?products/4907926/ HTTP/2" 200 154862 "-" "meta-externalagent/1.1 (+https://developers.facebook.com/docs/sharing/webmasters/crawler)"
57.141.20.12 - - [12/Jun/2026:19:23:09 +0530] "GET /?products/7233837/ HTTP/2" 200 154862 "-" "meta-externalagent/1.1 (+https://developers.facebook.com/docs/sharing/webmasters/crawler)"
57.141.20.3 - - [12/Jun/2026:19:23:37 +0530] "GET /?products/18037271/ HTTP/2" 200 154862 "-" "meta-externalagent/1.1 (+https://developers.facebook.com/docs/sharing/webmasters/crawler)"
57.141.20.47 - - [12/Jun/2026:19:23:42 +0530] "GET /?products/12252371/ HTTP/2" 200 154862 "-" "meta-externalagent/1.1 (+https://developers.facebook.com/docs/sharing/webmasters/crawler)"
57.141.20.2 - - [12/Jun/2026:19:25:01 +0530] "GET /?products/11625071/ HTTP/2" 200 154862 "-" "meta-externalagent/1.1 (+https://developers.facebook.com/docs/sharing/webmasters/crawler)"
57.141.20.60 - - [12/Jun/2026:19:25:02 +0530] "GET /?products/3649482/ HTTP/2" 200 154862 "-" "meta-externalagent/1.1 (+https://developers.facebook.com/docs/sharing/webmasters/crawler)"
162.0.216.246 - - [12/Jun/2026:19:25:15 +0530] "POST //admin/uploads/banners/o2.php?mode9&nofuzz HTTP/2" 200 3624 "-" "-"
57.141.20.44 - - [12/Jun/2026:19:25:45 +0530] "GET /?products/11092682/ HTTP/2" 200 154862 "-" "meta-externalagent/1.1 (+https://developers.facebook.com/docs/sharing/webmasters/crawler)"
57.141.20.12 - - [12/Jun/2026:19:25:48 +0530] "GET /?products/15346415/ HTTP/2" 200 154862 "-" "meta-externalagent/1.1 (+https://developers.facebook.com/docs/sharing/webmasters/crawler)"
57.141.20.43 - - [12/Jun/2026:19:27:41 +0530] "GET /?products/17028337/ HTTP/2" 200 154862 "-" "meta-externalagent/1.1 (+https://developers.facebook.com/docs/sharing/webmasters/crawler)"
146.174.160.31 - - [12/Jun/2026:19:28:27 +0530] "GET /shop/sand/distinctive174046356.html HTTP/1.1" 404 1251 "-" "Mozilla/5.0 (Macintosh; Intel Mac OS X 11.7; rv:130.0) Gecko/20100101 Firefox/130.0"
57.141.20.1 - - [12/Jun/2026:19:28:46 +0530] "GET /?products/19208959/ HTTP/2" 200 154862 "-" "meta-externalagent/1.1 (+https://developers.facebook.com/docs/sharing/webmasters/crawler)"
162.0.216.246 - - [12/Jun/2026:19:29:02 +0530] "POST //admin/uploads/banners/o2.php?mode9&nofuzz HTTP/2" 200 3624 "-" "-"
57.141.20.3 - - [12/Jun/2026:19:29:33 +0530] "GET /?products/21115471/ HTTP/2" 200 154862 "-" "meta-externalagent/1.1 (+https://developers.facebook.com/docs/sharing/webmasters/crawler)"
57.141.20.14 - - [12/Jun/2026:19:25:47 +0530] "GET /?products/9078059/ HTTP/2" 200 154862 "-" "meta-externalagent/1.1 (+https://developers.facebook.com/docs/sharing/webmasters/crawler)"
57.141.20.56 - - [12/Jun/2026:19:25:53 +0530] "GET /?products/19713137/ HTTP/2" 200 154862 "-" "meta-externalagent/1.1 (+https://developers.facebook.com/docs/sharing/webmasters/crawler)"
57.141.20.54 - - [12/Jun/2026:19:26:01 +0530] "GET /?products/9340460/ HTTP/2" 200 154862 "-" "meta-externalagent/1.1 (+https://developers.facebook.com/docs/sharing/webmasters/crawler)"
114.119.157.236 - - [12/Jun/2026:19:26:03 +0530] "GET /shop/lifestyle/racial033047953.html HTTP/1.1" 404 1251 "https://pbkvidyalayam.org/?sitemap854.xml" "Mozilla/5.0 (Linux; Android 7.0;) AppleWebKit/537.36 (HTML, like Gecko) Mobile Safari/537.36 (compatible; PetalBot;+https://webmaster.petalsearch.com/site/petalbot)"
57.141.20.37 - - [12/Jun/2026:19:26:13 +0530] "GET /?products/12439960/ HTTP/2" 200 154862 "-" "meta-externalagent/1.1 (+https://developers.facebook.com/docs/sharing/webmasters/crawler)"
57.141.20.41 - - [12/Jun/2026:19:26:27 +0530] "GET /?products/7712160/ HTTP/2" 200 12842 "-" "meta-externalagent/1.1 (+https://developers.facebook.com/docs/sharing/webmasters/crawler)"
57.141.20.43 - - [12/Jun/2026:19:26:57 +0530] "GET /?sitemap311.xml HTTP/2" 200 154862 "-" "meta-externalagent/1.1 (+https://developers.facebook.com/docs/sharing/webmasters/crawler)"
114.119.159.109 - - [12/Jun/2026:19:27:28 +0530] "GET /shop/lifestyle/globe102045372.html HTTP/1.1" 404 1251 "https://pbkvidyalayam.org/?sitemap625.xml" "Mozilla/5.0 (Linux; Android 7.0;) AppleWebKit/537.36 (HTML, like Gecko) Mobile Safari/537.36 (compatible; PetalBot;+https://webmaster.petalsearch.com/site/petalbot)"
57.141.20.52 - - [12/Jun/2026:19:27:29 +0530] "GET /?products/21266015/ HTTP/2" 200 154862 "-" "meta-externalagent/1.1 (+https://developers.facebook.com/docs/sharing/webmasters/crawler)"
57.141.20.4 - - [12/Jun/2026:19:28:33 +0530] "GET /?products/3986093/ HTTP/2" 200 154862 "-" "meta-externalagent/1.1 (+https://developers.facebook.com/docs/sharing/webmasters/crawler)"
57.141.20.18 - - [12/Jun/2026:19:28:45 +0530] "GET /?products/5377204/ HTTP/2" 200 154862 "-" "meta-externalagent/1.1 (+https://developers.facebook.com/docs/sharing/webmasters/crawler)"
162.0.216.246 - - [12/Jun/2026:19:29:03 +0530] "POST //admin/uploads/banners/o2.php?mode9&nofuzz HTTP/2" 200 4465 "-" "-"
57.141.20.8 - - [12/Jun/2026:19:29:06 +0530] "GET /?products/23027637/ HTTP/2" 200 154862 "-" "meta-externalagent/1.1 (+https://developers.facebook.com/docs/sharing/webmasters/crawler)"
57.141.20.1 - - [12/Jun/2026:19:29:32 +0530] "GET /?products/6904160/ HTTP/2" 200 154862 "-" "meta-externalagent/1.1 (+https://developers.facebook.com/docs/sharing/webmasters/crawler)"
57.141.20.33 - - [12/Jun/2026:19:30:33 +0530] "GET /?sitemap528.xml HTTP/2" 200 154862 "-" "meta-externalagent/1.1 (+https://developers.facebook.com/docs/sharing/webmasters/crawler)"
57.141.20.47 - - [12/Jun/2026:19:30:35 +0530] "GET /?sitemap231.xml HTTP/2" 200 154862 "-" "meta-externalagent/1.1 (+https://developers.facebook.com/docs/sharing/webmasters/crawler)"
57.141.20.49 - - [12/Jun/2026:19:26:26 +0530] "GET /?products/16453382/ HTTP/2" 200 154862 "-" "meta-externalagent/1.1 (+https://developers.facebook.com/docs/sharing/webmasters/crawler)"
57.141.20.30 - - [12/Jun/2026:19:26:50 +0530] "GET /?products/12476971/ HTTP/2" 200 154862 "-" "meta-externalagent/1.1 (+https://developers.facebook.com/docs/sharing/webmasters/crawler)"
57.141.20.35 - - [12/Jun/2026:19:27:05 +0530] "GET /?products/1507982/ HTTP/2" 200 154862 "-" "meta-externalagent/1.1 (+https://developers.facebook.com/docs/sharing/webmasters/crawler)"
57.141.20.14 - - [12/Jun/2026:19:27:11 +0530] "GET /?products/5955504/ HTTP/2" 200 154862 "-" "meta-externalagent/1.1 (+https://developers.facebook.com/docs/sharing/webmasters/crawler)"
57.141.20.29 - - [12/Jun/2026:19:28:11 +0530] "GET /?item/b6406438972/ HTTP/2" 200 154862 "-" "meta-externalagent/1.1 (+https://developers.facebook.com/docs/sharing/webmasters/crawler)"
57.141.20.1 - - [12/Jun/2026:19:28:18 +0530] "GET /?products/6904160/ HTTP/2" 200 154862 "-" "meta-externalagent/1.1 (+https://developers.facebook.com/docs/sharing/webmasters/crawler)"
57.141.20.1 - - [12/Jun/2026:19:28:35 +0530] "GET /?products/19206571/ HTTP/2" 200 154862 "-" "meta-externalagent/1.1 (+https://developers.facebook.com/docs/sharing/webmasters/crawler)"
57.141.20.9 - - [12/Jun/2026:19:28:46 +0530] "GET /?products/4937548/ HTTP/2" 200 154862 "-" "meta-externalagent/1.1 (+https://developers.facebook.com/docs/sharing/webmasters/crawler)"
162.0.216.246 - - [12/Jun/2026:19:28:57 +0530] "POST //admin/uploads/banners/o2.php?mode9&nofuzz HTTP/2" 200 3624 "-" "-"
57.141.20.21 - - [12/Jun/2026:19:29:10 +0530] "GET /?products/5206037/ HTTP/2" 200 154862 "-" "meta-externalagent/1.1 (+https://developers.facebook.com/docs/sharing/webmasters/crawler)"
57.141.20.39 - - [12/Jun/2026:19:29:16 +0530] "GET /?products/17938259/ HTTP/2" 200 154862 "-" "meta-externalagent/1.1 (+https://developers.facebook.com/docs/sharing/webmasters/crawler)"
57.141.20.62 - - [12/Jun/2026:19:29:46 +0530] "GET /?products/11312471/ HTTP/2" 200 12842 "-" "meta-externalagent/1.1 (+https://developers.facebook.com/docs/sharing/webmasters/crawler)"
114.119.148.198 - - [12/Jun/2026:19:30:14 +0530] "GET /shop/life/discourse166043402.html HTTP/1.1" 404 1251 "https://pbkvidyalayam.org/?sitemap854.xml" "Mozilla/5.0 (Linux; Android 7.0;) AppleWebKit/537.36 (HTML, like Gecko) Mobile Safari/537.36 (compatible; PetalBot;+https://webmaster.petalsearch.com/site/petalbot)"
57.141.20.61 - - [12/Jun/2026:19:30:53 +0530] "GET /?products/6433626/ HTTP/2" 200 154862 "-" "meta-externalagent/1.1 (+https://developers.facebook.com/docs/sharing/webmasters/crawler)"
57.141.20.49 - - [12/Jun/2026:19:31:15 +0530] "GET /?products/3835171/ HTTP/2" 200 154862 "-" "meta-externalagent/1.1 (+https://developers.facebook.com/docs/sharing/webmasters/crawler)"
162.0.216.246 - - [12/Jun/2026:19:32:16 +0530] "POST //admin/uploads/banners/o2.php?mode9&nofuzz HTTP/2" 200 3624 "-" "-"
162.0.216.246 - - [12/Jun/2026:19:32:18 +0530] "POST //admin/uploads/banners/o2.php?mode9&nofuzz HTTP/2" 200 4460 "-" "-"
57.141.20.30 - - [12/Jun/2026:19:32:31 +0530] "GET /?products/5384371/ HTTP/2" 200 154862 "-" "meta-externalagent/1.1 (+https://developers.facebook.com/docs/sharing/webmasters/crawler)"
57.141.20.37 - - [12/Jun/2026:19:32:46 +0530] "GET /?products/18313926/ HTTP/2" 200 154862 "-" "meta-externalagent/1.1 (+https://developers.facebook.com/docs/sharing/webmasters/crawler)"
57.141.20.3 - - [12/Jun/2026:19:32:47 +0530] "GET /?products/15085415/ HTTP/2" 200 154862 "-" "meta-externalagent/1.1 (+https://developers.facebook.com/docs/sharing/webmasters/crawler)"
57.141.20.60 - - [12/Jun/2026:19:34:02 +0530] "GET /?products/24801015/ HTTP/2" 200 154862 "-" "meta-externalagent/1.1 (+https://developers.facebook.com/docs/sharing/webmasters/crawler)"
57.141.20.21 - - [12/Jun/2026:19:34:17 +0530] "GET /?products/20588248/ HTTP/2" 200 154862 "-" "meta-externalagent/1.1 (+https://developers.facebook.com/docs/sharing/webmasters/crawler)"
57.141.20.0 - - [12/Jun/2026:19:28:42 +0530] "GET /?products/10559604/ HTTP/2" 200 154862 "-" "meta-externalagent/1.1 (+https://developers.facebook.com/docs/sharing/webmasters/crawler)"
114.119.139.181 - - [12/Jun/2026:19:28:50 +0530] "GET /shop/life/distinction051000801.html HTTP/1.1" 404 1251 "https://pbkvidyalayam.org/?sitemap709.xml" "Mozilla/5.0 (Linux; Android 7.0;) AppleWebKit/537.36 (HTML, like Gecko) Mobile Safari/537.36 (compatible; PetalBot;+https://webmaster.petalsearch.com/site/petalbot)"
57.141.20.4 - - [12/Jun/2026:19:29:02 +0530] "GET /?products/17811360/ HTTP/2" 200 154862 "-" "meta-externalagent/1.1 (+https://developers.facebook.com/docs/sharing/webmasters/crawler)"
57.141.20.13 - - [12/Jun/2026:19:29:32 +0530] "GET /?products/6456526/ HTTP/2" 200 154862 "-" "meta-externalagent/1.1 (+https://developers.facebook.com/docs/sharing/webmasters/crawler)"
57.141.20.55 - - [12/Jun/2026:19:29:41 +0530] "GET /?item/o7876936229/ HTTP/2" 200 154862 "-" "meta-externalagent/1.1 (+https://developers.facebook.com/docs/sharing/webmasters/crawler)"
57.141.20.28 - - [12/Jun/2026:19:29:53 +0530] "GET /?products/3786248/ HTTP/2" 200 154862 "-" "meta-externalagent/1.1 (+https://developers.facebook.com/docs/sharing/webmasters/crawler)"
57.141.20.44 - - [12/Jun/2026:19:30:33 +0530] "GET /?products/7732615/ HTTP/2" 200 154862 "-" "meta-externalagent/1.1 (+https://developers.facebook.com/docs/sharing/webmasters/crawler)"
66.249.66.72 - - [12/Jun/2026:19:31:31 +0530] "GET /products/6144226/ HTTP/1.1" 404 1251 "-" "Mozilla/5.0 (Linux; Android 6.0.1; Nexus 5X Build/MMB29P) AppleWebKit/537.36 (KHTML, like Gecko) Chrome/148.0.7778.96 Mobile Safari/537.36 (compatible; Googlebot/2.1; +http://www.google.com/bot.html)"
114.119.138.100 - - [12/Jun/2026:19:31:37 +0530] "GET /shop/lie/truck140040130.html HTTP/1.1" 404 1251 "https://pbkvidyalayam.org/?sitemap643.xml" "Mozilla/5.0 (Linux; Android 7.0;) AppleWebKit/537.36 (HTML, like Gecko) Mobile Safari/537.36 (compatible; PetalBot;+https://webmaster.petalsearch.com/site/petalbot)"
162.0.216.246 - - [12/Jun/2026:19:32:09 +0530] "POST //admin/uploads/banners/o2.php?mode9&nofuzz HTTP/2" 200 3624 "-" "-"
57.141.20.10 - - [12/Jun/2026:19:32:37 +0530] "GET /?sitemap668.xml HTTP/2" 200 154862 "-" "meta-externalagent/1.1 (+https://developers.facebook.com/docs/sharing/webmasters/crawler)"
57.141.20.59 - - [12/Jun/2026:19:32:43 +0530] "GET /?products/8934771/ HTTP/2" 200 154862 "-" "meta-externalagent/1.1 (+https://developers.facebook.com/docs/sharing/webmasters/crawler)"
114.119.158.142 - - [12/Jun/2026:19:33:00 +0530] "GET /shop/license/African132041336.html HTTP/1.1" 404 1251 "https://pbkvidyalayam.org/?sitemap709.xml" "Mozilla/5.0 (Linux; Android 7.0;) AppleWebKit/537.36 (HTML, like Gecko) Mobile Safari/537.36 (compatible; PetalBot;+https://webmaster.petalsearch.com/site/petalbot)"
114.119.139.181 - - [12/Jun/2026:19:34:24 +0530] "GET /shop/less/overcome204045108.html HTTP/1.1" 404 1251 "https://pbkvidyalayam.org/?sitemap606.xml" "Mozilla/5.0 (Linux; Android 7.0;) AppleWebKit/537.36 (HTML, like Gecko) Mobile Safari/537.36 (compatible; PetalBot;+https://webmaster.petalsearch.com/site/petalbot)"
57.141.20.27 - - [12/Jun/2026:19:36:31 +0530] "GET /?products/25450559/ HTTP/2" 200 154862 "-" "meta-externalagent/1.1 (+https://developers.facebook.com/docs/sharing/webmasters/crawler)"
57.141.20.4 - - [12/Jun/2026:19:36:34 +0530] "GET /?products/19117015/ HTTP/2" 200 154862 "-" "meta-externalagent/1.1 (+https://developers.facebook.com/docs/sharing/webmasters/crawler)"
57.141.20.25 - - [12/Jun/2026:19:36:50 +0530] "GET /?products/1154471/ HTTP/2" 200 154862 "-" "meta-externalagent/1.1 (+https://developers.facebook.com/docs/sharing/webmasters/crawler)"
57.141.20.26 - - [12/Jun/2026:19:36:59 +0530] "GET /?products/14202748/ HTTP/2" 200 154862 "-" "meta-externalagent/1.1 (+https://developers.facebook.com/docs/sharing/webmasters/crawler)"
57.141.20.25 - - [12/Jun/2026:19:29:51 +0530] "GET /?products/22271960/ HTTP/2" 200 154862 "-" "meta-externalagent/1.1 (+https://developers.facebook.com/docs/sharing/webmasters/crawler)"
57.141.20.1 - - [12/Jun/2026:19:30:00 +0530] "GET /?products/975337/ HTTP/2" 200 154862 "-" "meta-externalagent/1.1 (+https://developers.facebook.com/docs/sharing/webmasters/crawler)"
43.165.198.144 - - [12/Jun/2026:19:30:09 +0530] "GET /uploads/Trust HTTP/1.1" 404 1251 "-" "Mozilla/5.0 (iPhone; CPU iPhone OS 13_2_3 like Mac OS X) AppleWebKit/605.1.15 (KHTML, like Gecko) Version/13.0.3 Mobile/15E148 Safari/604.1"
57.141.20.45 - - [12/Jun/2026:19:30:19 +0530] "GET /?products/14270882/ HTTP/2" 200 154862 "-" "meta-externalagent/1.1 (+https://developers.facebook.com/docs/sharing/webmasters/crawler)"
57.141.20.32 - - [12/Jun/2026:19:30:50 +0530] "GET /?products/5234526/ HTTP/2" 200 12842 "-" "meta-externalagent/1.1 (+https://developers.facebook.com/docs/sharing/webmasters/crawler)"
57.141.20.26 - - [12/Jun/2026:19:31:44 +0530] "GET /?products/9645571/ HTTP/2" 200 154862 "-" "meta-externalagent/1.1 (+https://developers.facebook.com/docs/sharing/webmasters/crawler)"
57.141.20.41 - - [12/Jun/2026:19:31:45 +0530] "GET /?products/24415559/ HTTP/2" 200 154862 "-" "meta-externalagent/1.1 (+https://developers.facebook.com/docs/sharing/webmasters/crawler)"
94.245.130.143 - - [12/Jun/2026:19:31:49 +0530] "GET /shop/income/monkey186030592.html HTTP/1.1" 404 1251 "-" "Mozilla/5.0 (Macintosh; Intel Mac OS X 11.3; rv:130.0) Gecko/20100101 Firefox/130.0"
66.249.66.167 - - [12/Jun/2026:19:31:51 +0530] "GET / HTTP/1.1" 200 12842 "-" "Mozilla/5.0 (compatible; Googlebot/2.1; +http://www.google.com/bot.html)"
57.141.20.58 - - [12/Jun/2026:19:32:27 +0530] "GET /?products/5143515/ HTTP/2" 200 154862 "-" "meta-externalagent/1.1 (+https://developers.facebook.com/docs/sharing/webmasters/crawler)"
57.141.20.43 - - [12/Jun/2026:19:34:06 +0530] "GET /?products/7608537/ HTTP/2" 200 154862 "-" "meta-externalagent/1.1 (+https://developers.facebook.com/docs/sharing/webmasters/crawler)"
57.141.20.9 - - [12/Jun/2026:19:34:54 +0530] "GET /?products/19564937/ HTTP/2" 200 154862 "-" "meta-externalagent/1.1 (+https://developers.facebook.com/docs/sharing/webmasters/crawler)"
162.0.216.246 - - [12/Jun/2026:19:35:24 +0530] "POST //admin/uploads/banners/o2.php?mode9&nofuzz HTTP/2" 200 3624 "-" "-"
57.141.20.42 - - [12/Jun/2026:19:35:33 +0530] "GET /?products/21203860/ HTTP/2" 200 154862 "-" "meta-externalagent/1.1 (+https://developers.facebook.com/docs/sharing/webmasters/crawler)"
57.141.20.42 - - [12/Jun/2026:19:35:34 +0530] "GET /?products/12695315/ HTTP/2" 200 154862 "-" "meta-externalagent/1.1 (+https://developers.facebook.com/docs/sharing/webmasters/crawler)"
57.141.20.25 - - [12/Jun/2026:19:35:49 +0530] "GET /?products/24455371/ HTTP/2" 200 154862 "-" "meta-externalagent/1.1 (+https://developers.facebook.com/docs/sharing/webmasters/crawler)"
57.141.20.42 - - [12/Jun/2026:19:36:26 +0530] "GET /?products/14834315/ HTTP/2" 200 154862 "-" "meta-externalagent/1.1 (+https://developers.facebook.com/docs/sharing/webmasters/crawler)"
57.141.20.29 - - [12/Jun/2026:19:36:27 +0530] "GET /?products/7917571/ HTTP/2" 200 154862 "-" "meta-externalagent/1.1 (+https://developers.facebook.com/docs/sharing/webmasters/crawler)"
