PATH:
usr
/
local
/
apache
/
domlogs
/
pbkvidya
/
Editing: pbkvidyalayam.org.pbkvidyalayam.com-ssl_log
57.141.20.14 - - [12/Jun/2026:17:58:45 +0530] "GET /?products/10868282/ HTTP/2" 200 154862 "-" "meta-externalagent/1.1 (+https://developers.facebook.com/docs/sharing/webmasters/crawler)"
57.141.20.9 - - [12/Jun/2026:17:58:49 +0530] "GET /?products/10583304/ HTTP/2" 200 154862 "-" "meta-externalagent/1.1 (+https://developers.facebook.com/docs/sharing/webmasters/crawler)"
57.141.20.49 - - [12/Jun/2026:17:58:51 +0530] "GET /?products/16132982/ HTTP/2" 200 154862 "-" "meta-externalagent/1.1 (+https://developers.facebook.com/docs/sharing/webmasters/crawler)"
57.141.20.21 - - [12/Jun/2026:17:58:58 +0530] "GET /?products/10416893/ HTTP/2" 200 154862 "-" "meta-externalagent/1.1 (+https://developers.facebook.com/docs/sharing/webmasters/crawler)"
57.141.20.55 - - [12/Jun/2026:17:59:35 +0530] "GET /?products/4801282/ HTTP/2" 200 154862 "-" "meta-externalagent/1.1 (+https://developers.facebook.com/docs/sharing/webmasters/crawler)"
114.119.138.100 - - [12/Jun/2026:17:59:47 +0530] "GET /shop/persuade/then066044190.html HTTP/1.1" 404 1251 "https://pbkvidyalayam.org/?sitemap518.xml" "Mozilla/5.0 (Linux; Android 7.0;) AppleWebKit/537.36 (HTML, like Gecko) Mobile Safari/537.36 (compatible; PetalBot;+https://webmaster.petalsearch.com/site/petalbot)"
57.141.20.49 - - [12/Jun/2026:17:59:57 +0530] "GET /?products/14850204/ HTTP/2" 200 154862 "-" "meta-externalagent/1.1 (+https://developers.facebook.com/docs/sharing/webmasters/crawler)"
162.0.216.246 - - [12/Jun/2026:18:00:20 +0530] "POST //admin/uploads/banners/o2.php?mode9&nofuzz HTTP/2" 200 3624 "-" "-"
114.119.155.217 - - [12/Jun/2026:18:01:11 +0530] "GET /shop/oven/spokesman266008622.html HTTP/1.1" 404 1251 "https://pbkvidyalayam.org/?sitemap854.xml" "Mozilla/5.0 (Linux; Android 7.0;) AppleWebKit/537.36 (HTML, like Gecko) Mobile Safari/537.36 (compatible; PetalBot;+https://webmaster.petalsearch.com/site/petalbot)"
57.141.20.1 - - [12/Jun/2026:18:01:11 +0530] "GET /?products/15019293/ HTTP/2" 200 154862 "-" "meta-externalagent/1.1 (+https://developers.facebook.com/docs/sharing/webmasters/crawler)"
57.141.20.28 - - [12/Jun/2026:18:01:11 +0530] "GET /?products/22735660/ HTTP/2" 200 154862 "-" "meta-externalagent/1.1 (+https://developers.facebook.com/docs/sharing/webmasters/crawler)"
57.141.20.58 - - [12/Jun/2026:18:01:36 +0530] "GET /?products/5817371/ HTTP/2" 200 154862 "-" "meta-externalagent/1.1 (+https://developers.facebook.com/docs/sharing/webmasters/crawler)"
57.141.20.31 - - [12/Jun/2026:18:01:44 +0530] "GET /?products/9102660/ HTTP/2" 200 154862 "-" "meta-externalagent/1.1 (+https://developers.facebook.com/docs/sharing/webmasters/crawler)"
57.141.20.39 - - [12/Jun/2026:18:01:51 +0530] "GET /?products/20899859/ HTTP/2" 200 154862 "-" "meta-externalagent/1.1 (+https://developers.facebook.com/docs/sharing/webmasters/crawler)"
57.141.20.29 - - [12/Jun/2026:18:02:06 +0530] "GET /?products/13034626/ HTTP/2" 200 154862 "-" "meta-externalagent/1.1 (+https://developers.facebook.com/docs/sharing/webmasters/crawler)"
57.141.20.1 - - [12/Jun/2026:18:03:16 +0530] "GET /?products/16956960/ HTTP/2" 200 154862 "-" "meta-externalagent/1.1 (+https://developers.facebook.com/docs/sharing/webmasters/crawler)"
57.141.20.64 - - [12/Jun/2026:18:03:27 +0530] "GET /?products/14414604/ HTTP/2" 200 154862 "-" "meta-externalagent/1.1 (+https://developers.facebook.com/docs/sharing/webmasters/crawler)"
162.0.216.246 - - [12/Jun/2026:18:03:43 +0530] "POST //admin/uploads/banners/o2.php?mode9&nofuzz HTTP/2" 200 3624 "-" "-"
57.141.20.56 - - [12/Jun/2026:18:03:48 +0530] "GET /?products/19262015/ HTTP/2" 200 154862 "-" "meta-externalagent/1.1 (+https://developers.facebook.com/docs/sharing/webmasters/crawler)"
162.0.216.246 - - [12/Jun/2026:18:03:52 +0530] "POST //admin/uploads/banners/o2.php?mode9&nofuzz HTTP/2" 200 4460 "-" "-"
57.141.20.16 - - [12/Jun/2026:18:03:55 +0530] "GET /?products/11515671/ HTTP/2" 200 154862 "-" "meta-externalagent/1.1 (+https://developers.facebook.com/docs/sharing/webmasters/crawler)"
57.141.20.57 - - [12/Jun/2026:17:59:08 +0530] "GET /?products/24974104/ HTTP/2" 200 154862 "-" "meta-externalagent/1.1 (+https://developers.facebook.com/docs/sharing/webmasters/crawler)"
57.141.20.25 - - [12/Jun/2026:17:59:09 +0530] "GET /?products/11876859/ HTTP/2" 200 154862 "-" "meta-externalagent/1.1 (+https://developers.facebook.com/docs/sharing/webmasters/crawler)"
57.141.20.51 - - [12/Jun/2026:17:59:33 +0530] "GET /?products/11449948/ HTTP/2" 200 154862 "-" "meta-externalagent/1.1 (+https://developers.facebook.com/docs/sharing/webmasters/crawler)"
57.141.20.62 - - [12/Jun/2026:17:59:40 +0530] "GET /?products/7154882/ HTTP/2" 200 154862 "-" "meta-externalagent/1.1 (+https://developers.facebook.com/docs/sharing/webmasters/crawler)"
57.141.20.62 - - [12/Jun/2026:17:59:45 +0530] "GET /?products/14586271/ HTTP/2" 200 154862 "-" "meta-externalagent/1.1 (+https://developers.facebook.com/docs/sharing/webmasters/crawler)"
57.141.20.39 - - [12/Jun/2026:18:00:04 +0530] "GET /?products/10854437/ HTTP/2" 200 12842 "-" "meta-externalagent/1.1 (+https://developers.facebook.com/docs/sharing/webmasters/crawler)"
162.0.216.246 - - [12/Jun/2026:18:00:30 +0530] "POST //admin/uploads/banners/o2.php?mode9&nofuzz HTTP/2" 200 3624 "-" "-"
162.0.216.246 - - [12/Jun/2026:18:00:31 +0530] "POST //admin/uploads/banners/o2.php?mode9&nofuzz HTTP/2" 200 4455 "-" "-"
66.249.76.169 - - [12/Jun/2026:18:01:54 +0530] "GET /products/8268193/ HTTP/1.1" 404 1251 "-" "Mozilla/5.0 (Linux; Android 6.0.1; Nexus 5X Build/MMB29P) AppleWebKit/537.36 (KHTML, like Gecko) Chrome/148.0.7778.96 Mobile Safari/537.36 (compatible; Googlebot/2.1; +http://www.google.com/bot.html)"
57.141.20.28 - - [12/Jun/2026:18:02:29 +0530] "GET /?products/20533515/ HTTP/2" 200 154862 "-" "meta-externalagent/1.1 (+https://developers.facebook.com/docs/sharing/webmasters/crawler)"
57.141.20.58 - - [12/Jun/2026:18:03:28 +0530] "GET /?products/11077426/ HTTP/2" 200 154862 "-" "meta-externalagent/1.1 (+https://developers.facebook.com/docs/sharing/webmasters/crawler)"
57.141.20.5 - - [12/Jun/2026:18:03:47 +0530] "GET /?products/13811159/ HTTP/2" 200 12842 "-" "meta-externalagent/1.1 (+https://developers.facebook.com/docs/sharing/webmasters/crawler)"
57.141.20.10 - - [12/Jun/2026:18:03:50 +0530] "GET /?products/16017637/ HTTP/2" 200 154862 "-" "meta-externalagent/1.1 (+https://developers.facebook.com/docs/sharing/webmasters/crawler)"
57.141.20.9 - - [12/Jun/2026:18:04:12 +0530] "GET /?products/17944282/ HTTP/2" 200 154862 "-" "meta-externalagent/1.1 (+https://developers.facebook.com/docs/sharing/webmasters/crawler)"
57.141.20.25 - - [12/Jun/2026:18:04:19 +0530] "GET /?products/20491571/ HTTP/2" 200 154862 "-" "meta-externalagent/1.1 (+https://developers.facebook.com/docs/sharing/webmasters/crawler)"
40.77.167.48 - - [12/Jun/2026:18:04:28 +0530] "GET /?products/2149671/ HTTP/2" 200 12842 "-" "Mozilla/5.0 AppleWebKit/537.36 (KHTML, like Gecko; compatible; bingbot/2.0; +http://www.bing.com/bingbot.htm) Chrome/116.0.1938.76 Safari/537.36"
57.141.20.8 - - [12/Jun/2026:18:06:20 +0530] "GET /?products/12802659/ HTTP/2" 200 154862 "-" "meta-externalagent/1.1 (+https://developers.facebook.com/docs/sharing/webmasters/crawler)"
57.141.20.37 - - [12/Jun/2026:18:06:21 +0530] "GET /?products/15422515/ HTTP/2" 200 154862 "-" "meta-externalagent/1.1 (+https://developers.facebook.com/docs/sharing/webmasters/crawler)"
57.141.20.55 - - [12/Jun/2026:18:07:02 +0530] "GET /?products/9595126/ HTTP/2" 200 154862 "-" "meta-externalagent/1.1 (+https://developers.facebook.com/docs/sharing/webmasters/crawler)"
114.119.155.217 - - [12/Jun/2026:18:08:07 +0530] "GET /shop/molecule/cloud083018371.html HTTP/1.1" 404 1251 "https://pbkvidyalayam.org/?sitemap864.xml" "Mozilla/5.0 (Linux; Android 8.0.0; SM-G955U Build/R16NW) AppleWebKit/537.36 (KHTML, like Gecko) Chrome/148.0.0.0 Mobile Safari/537.36"
57.141.20.52 - - [12/Jun/2026:18:08:42 +0530] "GET /?products/7887537/ HTTP/2" 200 154862 "-" "meta-externalagent/1.1 (+https://developers.facebook.com/docs/sharing/webmasters/crawler)"
57.141.20.9 - - [12/Jun/2026:18:00:38 +0530] "GET /?products/13205260/ HTTP/2" 200 154862 "-" "meta-externalagent/1.1 (+https://developers.facebook.com/docs/sharing/webmasters/crawler)"
34.168.7.168 - - [12/Jun/2026:18:01:02 +0530] "GET /wp-content/uploads/2022/04/WhatsApp-Image-2022-04-13-at-5.29.15-PM-2-1.jpeg HTTP/1.1" 404 1251 "-" "Mozilla/5.0 (X11; Linux x86_64) AppleWebKit/537.36 (KHTML, like Gecko) Chrome/91.0.4472.114 Safari/537.36"
57.141.20.3 - - [12/Jun/2026:18:01:14 +0530] "GET /?products/17435959/ HTTP/2" 200 154862 "-" "meta-externalagent/1.1 (+https://developers.facebook.com/docs/sharing/webmasters/crawler)"
57.141.20.10 - - [12/Jun/2026:18:02:12 +0530] "GET /?products/21398359/ HTTP/2" 200 154862 "-" "meta-externalagent/1.1 (+https://developers.facebook.com/docs/sharing/webmasters/crawler)"
40.77.167.48 - - [12/Jun/2026:18:02:38 +0530] "GET /?products/9262904/ HTTP/2" 200 12842 "-" "Mozilla/5.0 AppleWebKit/537.36 (KHTML, like Gecko; compatible; bingbot/2.0; +http://www.bing.com/bingbot.htm) Chrome/116.0.1938.76 Safari/537.36"
40.77.167.48 - - [12/Jun/2026:18:02:39 +0530] "GET /?products/15278026/ HTTP/2" 200 12842 "-" "Mozilla/5.0 AppleWebKit/537.36 (KHTML, like Gecko; compatible; bingbot/2.0; +http://www.bing.com/bingbot.htm) Chrome/116.0.1938.76 Safari/537.36"
57.141.20.45 - - [12/Jun/2026:18:02:45 +0530] "GET /?products/16785160/ HTTP/2" 200 154862 "-" "meta-externalagent/1.1 (+https://developers.facebook.com/docs/sharing/webmasters/crawler)"
57.141.20.32 - - [12/Jun/2026:18:02:51 +0530] "GET /?products/8376559/ HTTP/2" 200 154862 "-" "meta-externalagent/1.1 (+https://developers.facebook.com/docs/sharing/webmasters/crawler)"
57.141.20.33 - - [12/Jun/2026:18:03:33 +0530] "GET /?products/1582948/ HTTP/2" 200 154862 "-" "meta-externalagent/1.1 (+https://developers.facebook.com/docs/sharing/webmasters/crawler)"
162.0.216.246 - - [12/Jun/2026:18:03:51 +0530] "POST //admin/uploads/banners/o2.php?mode9&nofuzz HTTP/2" 200 3624 "-" "-"
57.141.20.43 - - [12/Jun/2026:18:04:13 +0530] "GET /?products/10915671/ HTTP/2" 200 154862 "-" "meta-externalagent/1.1 (+https://developers.facebook.com/docs/sharing/webmasters/crawler)"
57.141.20.20 - - [12/Jun/2026:18:05:19 +0530] "GET /?products/21159826/ HTTP/2" 200 154862 "-" "meta-externalagent/1.1 (+https://developers.facebook.com/docs/sharing/webmasters/crawler)"
57.141.20.57 - - [12/Jun/2026:18:05:36 +0530] "GET /?products/2949815/ HTTP/2" 200 154862 "-" "meta-externalagent/1.1 (+https://developers.facebook.com/docs/sharing/webmasters/crawler)"
57.141.20.18 - - [12/Jun/2026:18:06:32 +0530] "GET /?products/19001471/ HTTP/2" 200 154862 "-" "meta-externalagent/1.1 (+https://developers.facebook.com/docs/sharing/webmasters/crawler)"
57.141.20.18 - - [12/Jun/2026:18:06:45 +0530] "GET /?products/24812715/ HTTP/2" 200 154862 "-" "meta-externalagent/1.1 (+https://developers.facebook.com/docs/sharing/webmasters/crawler)"
57.141.20.26 - - [12/Jun/2026:18:06:46 +0530] "GET /?products/25594437/ HTTP/2" 200 154862 "-" "meta-externalagent/1.1 (+https://developers.facebook.com/docs/sharing/webmasters/crawler)"
162.0.216.246 - - [12/Jun/2026:18:06:59 +0530] "POST //admin/uploads/banners/o2.php?mode9&nofuzz HTTP/2" 200 3624 "-" "-"
57.141.20.7 - - [12/Jun/2026:18:07:46 +0530] "GET /?products/23148159/ HTTP/2" 200 154862 "-" "meta-externalagent/1.1 (+https://developers.facebook.com/docs/sharing/webmasters/crawler)"
57.141.20.42 - - [12/Jun/2026:18:08:23 +0530] "GET /?products/20079093/ HTTP/2" 200 154862 "-" "meta-externalagent/1.1 (+https://developers.facebook.com/docs/sharing/webmasters/crawler)"
114.119.158.142 - - [12/Jun/2026:18:09:32 +0530] "GET /shop/moderate/pistol065039921.html HTTP/1.1" 404 1251 "https://pbkvidyalayam.org/?sitemap588.xml" "Mozilla/5.0 (Linux; Android 7.0;) AppleWebKit/537.36 (HTML, like Gecko) Mobile Safari/537.36 (compatible; PetalBot;+https://webmaster.petalsearch.com/site/petalbot)"
57.141.20.43 - - [12/Jun/2026:17:59:31 +0530] "GET /?products/998671/ HTTP/2" 200 154862 "-" "meta-externalagent/1.1 (+https://developers.facebook.com/docs/sharing/webmasters/crawler)"
57.141.20.60 - - [12/Jun/2026:17:59:35 +0530] "GET /?products/5395959/ HTTP/2" 200 154862 "-" "meta-externalagent/1.1 (+https://developers.facebook.com/docs/sharing/webmasters/crawler)"
82.130.130.48 - - [12/Jun/2026:18:01:03 +0530] "GET /shop/soar/cooperate105035957.html HTTP/1.1" 404 1251 "-" "Mozilla/5.0 (Macintosh; Intel Mac OS X 13_5_1) AppleWebKit/537.36 (KHTML, like Gecko) Chrome/125.0.6422.60 Safari/537.36"
57.141.20.3 - - [12/Jun/2026:18:01:38 +0530] "GET /?products/10779404/ HTTP/2" 200 154862 "-" "meta-externalagent/1.1 (+https://developers.facebook.com/docs/sharing/webmasters/crawler)"
57.141.20.32 - - [12/Jun/2026:18:01:43 +0530] "GET /?products/4851348/ HTTP/2" 200 12842 "-" "meta-externalagent/1.1 (+https://developers.facebook.com/docs/sharing/webmasters/crawler)"
114.119.159.109 - - [12/Jun/2026:18:02:34 +0530] "GET /shop/origin/uh056009394.html HTTP/1.1" 404 1251 "https://pbkvidyalayam.org/?sitemap690.xml" "Mozilla/5.0 (Linux; Android 7.0;) AppleWebKit/537.36 (HTML, like Gecko) Mobile Safari/537.36 (compatible; PetalBot;+https://webmaster.petalsearch.com/site/petalbot)"
40.77.167.136 - - [12/Jun/2026:18:02:44 +0530] "GET /?products/16959737/ HTTP/2" 200 12842 "-" "Mozilla/5.0 AppleWebKit/537.36 (KHTML, like Gecko; compatible; bingbot/2.0; +http://www.bing.com/bingbot.htm) Chrome/116.0.1938.76 Safari/537.36"
57.141.20.57 - - [12/Jun/2026:18:02:45 +0530] "GET /?products/7371137/ HTTP/2" 200 154862 "-" "meta-externalagent/1.1 (+https://developers.facebook.com/docs/sharing/webmasters/crawler)"
57.141.20.37 - - [12/Jun/2026:18:03:35 +0530] "GET /?products/6467993/ HTTP/2" 200 154862 "-" "meta-externalagent/1.1 (+https://developers.facebook.com/docs/sharing/webmasters/crawler)"
57.141.20.52 - - [12/Jun/2026:18:04:08 +0530] "GET /?sitemap.xml HTTP/2" 200 154862 "-" "meta-externalagent/1.1 (+https://developers.facebook.com/docs/sharing/webmasters/crawler)"
57.141.20.17 - - [12/Jun/2026:18:05:38 +0530] "GET /?products/20549515/ HTTP/2" 200 154862 "-" "meta-externalagent/1.1 (+https://developers.facebook.com/docs/sharing/webmasters/crawler)"
57.141.20.17 - - [12/Jun/2026:18:06:04 +0530] "GET /?sitemap639.xml HTTP/2" 200 154862 "-" "meta-externalagent/1.1 (+https://developers.facebook.com/docs/sharing/webmasters/crawler)"
57.141.20.26 - - [12/Jun/2026:18:06:15 +0530] "GET /?products/1111193/ HTTP/2" 200 154862 "-" "meta-externalagent/1.1 (+https://developers.facebook.com/docs/sharing/webmasters/crawler)"
162.0.216.246 - - [12/Jun/2026:18:07:08 +0530] "POST //admin/uploads/banners/o2.php?mode9&nofuzz HTTP/2" 200 3624 "-" "-"
162.0.216.246 - - [12/Jun/2026:18:07:09 +0530] "POST //admin/uploads/banners/o2.php?mode9&nofuzz HTTP/2" 200 4463 "-" "-"
57.141.20.35 - - [12/Jun/2026:18:07:56 +0530] "GET /?products/1052860/ HTTP/2" 200 154862 "-" "meta-externalagent/1.1 (+https://developers.facebook.com/docs/sharing/webmasters/crawler)"
57.141.20.43 - - [12/Jun/2026:18:08:21 +0530] "GET /?products/14178571/ HTTP/2" 200 154862 "-" "meta-externalagent/1.1 (+https://developers.facebook.com/docs/sharing/webmasters/crawler)"
57.141.20.6 - - [12/Jun/2026:18:09:29 +0530] "GET /?products/17324126/ HTTP/2" 200 154862 "-" "meta-externalagent/1.1 (+https://developers.facebook.com/docs/sharing/webmasters/crawler)"
57.141.20.33 - - [12/Jun/2026:18:09:59 +0530] "GET /?products/13574748/ HTTP/2" 200 154862 "-" "meta-externalagent/1.1 (+https://developers.facebook.com/docs/sharing/webmasters/crawler)"
162.0.216.246 - - [12/Jun/2026:18:10:28 +0530] "POST //admin/uploads/banners/o2.php?mode9&nofuzz HTTP/2" 200 3624 "-" "-"
57.141.20.26 - - [12/Jun/2026:18:10:54 +0530] "GET /?products/7272882/ HTTP/2" 200 154862 "-" "meta-externalagent/1.1 (+https://developers.facebook.com/docs/sharing/webmasters/crawler)"
114.119.148.198 - - [12/Jun/2026:18:04:18 +0530] "GET /shop/object/loyal072005230.html HTTP/1.1" 404 1251 "https://pbkvidyalayam.org/?sitemap679.xml" "Mozilla/5.0 (Linux; Android 7.0;) AppleWebKit/537.36 (HTML, like Gecko) Mobile Safari/537.36 (compatible; PetalBot;+https://webmaster.petalsearch.com/site/petalbot)"
114.119.155.217 - - [12/Jun/2026:18:05:21 +0530] "GET /shop/no/controversial269037317.html HTTP/1.1" 404 1251 "https://pbkvidyalayam.org/?sitemap948.xml" "Mozilla/5.0 (Linux; Android 7.0;) AppleWebKit/537.36 (HTML, like Gecko) Mobile Safari/537.36 (compatible; PetalBot;+https://webmaster.petalsearch.com/site/petalbot)"
5.48.24.22 - - [12/Jun/2026:18:06:03 +0530] "GET /shop/subsequent/encourage029041381.html HTTP/1.1" 404 1251 "-" "Mozilla/5.0 (Macintosh; Intel Mac OS X 14.1; rv:133.0) Gecko/20100101 Firefox/133.0"
114.119.148.198 - - [12/Jun/2026:18:06:44 +0530] "GET /shop/most/mixed219000065.html HTTP/1.1" 404 1251 "https://pbkvidyalayam.org/?sitemap646.xml" "Mozilla/5.0 (Linux; Android 7.0;) AppleWebKit/537.36 (HTML, like Gecko) Mobile Safari/537.36 (compatible; PetalBot;+https://webmaster.petalsearch.com/site/petalbot)"
57.141.20.43 - - [12/Jun/2026:18:07:01 +0530] "GET /?products/8417748/ HTTP/2" 200 154862 "-" "meta-externalagent/1.1 (+https://developers.facebook.com/docs/sharing/webmasters/crawler)"
57.141.20.0 - - [12/Jun/2026:18:08:01 +0530] "GET /?products/11312826/ HTTP/2" 200 154862 "-" "meta-externalagent/1.1 (+https://developers.facebook.com/docs/sharing/webmasters/crawler)"
57.141.20.32 - - [12/Jun/2026:18:08:07 +0530] "GET /?products/10718615/ HTTP/2" 200 154862 "-" "meta-externalagent/1.1 (+https://developers.facebook.com/docs/sharing/webmasters/crawler)"
57.141.20.65 - - [12/Jun/2026:18:08:39 +0530] "GET /?products/12363959/ HTTP/2" 200 154862 "-" "meta-externalagent/1.1 (+https://developers.facebook.com/docs/sharing/webmasters/crawler)"
57.141.20.55 - - [12/Jun/2026:18:08:40 +0530] "GET /?products/10285637/ HTTP/2" 200 154862 "-" "meta-externalagent/1.1 (+https://developers.facebook.com/docs/sharing/webmasters/crawler)"
57.141.20.53 - - [12/Jun/2026:18:09:06 +0530] "GET /?products/3657760/ HTTP/2" 200 154862 "-" "meta-externalagent/1.1 (+https://developers.facebook.com/docs/sharing/webmasters/crawler)"
57.141.20.58 - - [12/Jun/2026:18:09:17 +0530] "GET /?products/11952826/ HTTP/2" 200 154862 "-" "meta-externalagent/1.1 (+https://developers.facebook.com/docs/sharing/webmasters/crawler)"
57.141.20.28 - - [12/Jun/2026:18:09:37 +0530] "GET /?products/15920826/ HTTP/2" 200 154862 "-" "meta-externalagent/1.1 (+https://developers.facebook.com/docs/sharing/webmasters/crawler)"
162.0.216.246 - - [12/Jun/2026:18:10:21 +0530] "POST //admin/uploads/banners/o2.php?mode9&nofuzz HTTP/2" 200 3624 "-" "-"
57.141.20.17 - - [12/Jun/2026:18:10:26 +0530] "GET /?products/14571904/ HTTP/2" 200 154862 "-" "meta-externalagent/1.1 (+https://developers.facebook.com/docs/sharing/webmasters/crawler)"
114.119.148.198 - - [12/Jun/2026:18:10:55 +0530] "GET /shop/mixture/beam104029230.html HTTP/1.1" 404 1251 "https://pbkvidyalayam.org/?sitemap643.xml" "Mozilla/5.0 (Linux; Android 7.0;) AppleWebKit/537.36 (HTML, like Gecko) Mobile Safari/537.36 (compatible; PetalBot;+https://webmaster.petalsearch.com/site/petalbot)"
57.141.20.32 - - [12/Jun/2026:18:11:00 +0530] "GET /?item/x7964231792/ HTTP/2" 200 154862 "-" "meta-externalagent/1.1 (+https://developers.facebook.com/docs/sharing/webmasters/crawler)"
57.141.20.8 - - [12/Jun/2026:18:11:06 +0530] "GET /?products/9666904/ HTTP/2" 200 154862 "-" "meta-externalagent/1.1 (+https://developers.facebook.com/docs/sharing/webmasters/crawler)"
57.141.20.2 - - [12/Jun/2026:18:11:16 +0530] "GET /?products/3576937/ HTTP/2" 200 154862 "-" "meta-externalagent/1.1 (+https://developers.facebook.com/docs/sharing/webmasters/crawler)"
57.141.20.33 - - [12/Jun/2026:18:11:21 +0530] "GET /?item/h8263080164/ HTTP/2" 200 154862 "-" "meta-externalagent/1.1 (+https://developers.facebook.com/docs/sharing/webmasters/crawler)"
57.141.20.45 - - [12/Jun/2026:18:08:50 +0530] "GET /?products/18561304/ HTTP/2" 200 154862 "-" "meta-externalagent/1.1 (+https://developers.facebook.com/docs/sharing/webmasters/crawler)"
57.141.20.44 - - [12/Jun/2026:18:09:03 +0530] "GET /?products/14128104/ HTTP/2" 200 154862 "-" "meta-externalagent/1.1 (+https://developers.facebook.com/docs/sharing/webmasters/crawler)"
57.141.20.2 - - [12/Jun/2026:18:09:14 +0530] "GET /?products/10735559/ HTTP/2" 200 154862 "-" "meta-externalagent/1.1 (+https://developers.facebook.com/docs/sharing/webmasters/crawler)"
57.141.20.56 - - [12/Jun/2026:18:09:37 +0530] "GET /?products/8611237/ HTTP/2" 200 154862 "-" "meta-externalagent/1.1 (+https://developers.facebook.com/docs/sharing/webmasters/crawler)"
57.141.20.33 - - [12/Jun/2026:18:10:27 +0530] "GET /?products/23110815/ HTTP/2" 200 154862 "-" "meta-externalagent/1.1 (+https://developers.facebook.com/docs/sharing/webmasters/crawler)"
162.0.216.246 - - [12/Jun/2026:18:10:30 +0530] "POST //admin/uploads/banners/o2.php?mode9&nofuzz HTTP/2" 200 4469 "-" "-"
66.249.66.35 - - [12/Jun/2026:18:10:43 +0530] "GET /?products/15071848/ HTTP/1.1" 200 12842 "-" "Mozilla/5.0 (Linux; Android 6.0.1; Nexus 5X Build/MMB29P) AppleWebKit/537.36 (KHTML, like Gecko) Chrome/148.0.7778.96 Mobile Safari/537.36 (compatible; Googlebot/2.1; +http://www.google.com/bot.html)"
57.141.20.61 - - [12/Jun/2026:18:10:53 +0530] "GET /?products/24881248/ HTTP/2" 200 154862 "-" "meta-externalagent/1.1 (+https://developers.facebook.com/docs/sharing/webmasters/crawler)"
57.141.20.27 - - [12/Jun/2026:18:10:54 +0530] "GET /?products/3453859/ HTTP/2" 200 154862 "-" "meta-externalagent/1.1 (+https://developers.facebook.com/docs/sharing/webmasters/crawler)"
57.141.20.59 - - [12/Jun/2026:18:11:40 +0530] "GET /?products/16580560/ HTTP/2" 200 154862 "-" "meta-externalagent/1.1 (+https://developers.facebook.com/docs/sharing/webmasters/crawler)"
57.141.20.7 - - [12/Jun/2026:18:11:42 +0530] "GET /?products/16530682/ HTTP/2" 200 154862 "-" "meta-externalagent/1.1 (+https://developers.facebook.com/docs/sharing/webmasters/crawler)"
57.141.20.10 - - [12/Jun/2026:18:13:13 +0530] "GET /?products/21728204/ HTTP/2" 200 154862 "-" "meta-externalagent/1.1 (+https://developers.facebook.com/docs/sharing/webmasters/crawler)"
57.141.20.68 - - [12/Jun/2026:18:13:25 +0530] "GET /?item/u2666089368/ HTTP/2" 200 154862 "-" "meta-externalagent/1.1 (+https://developers.facebook.com/docs/sharing/webmasters/crawler)"
57.141.20.21 - - [12/Jun/2026:18:13:58 +0530] "GET /?products/24259515/ HTTP/2" 200 154862 "-" "meta-externalagent/1.1 (+https://developers.facebook.com/docs/sharing/webmasters/crawler)"
57.141.20.51 - - [12/Jun/2026:18:14:07 +0530] "GET /?products/17641559/ HTTP/2" 200 154862 "-" "meta-externalagent/1.1 (+https://developers.facebook.com/docs/sharing/webmasters/crawler)"
57.141.20.16 - - [12/Jun/2026:18:14:09 +0530] "GET /?products/24071160/ HTTP/2" 200 154862 "-" "meta-externalagent/1.1 (+https://developers.facebook.com/docs/sharing/webmasters/crawler)"
57.141.20.6 - - [12/Jun/2026:18:14:38 +0530] "GET /?products/17649082/ HTTP/2" 200 154862 "-" "meta-externalagent/1.1 (+https://developers.facebook.com/docs/sharing/webmasters/crawler)"
57.141.20.8 - - [12/Jun/2026:18:14:47 +0530] "GET /?products/3846615/ HTTP/2" 200 12842 "-" "meta-externalagent/1.1 (+https://developers.facebook.com/docs/sharing/webmasters/crawler)"
57.141.20.51 - - [12/Jun/2026:18:14:52 +0530] "GET /?products/10190082/ HTTP/2" 200 154862 "-" "meta-externalagent/1.1 (+https://developers.facebook.com/docs/sharing/webmasters/crawler)"
57.141.20.44 - - [12/Jun/2026:18:14:58 +0530] "GET /?products/8195060/ HTTP/2" 200 154862 "-" "meta-externalagent/1.1 (+https://developers.facebook.com/docs/sharing/webmasters/crawler)"
114.119.135.158 - - [12/Jun/2026:18:15:05 +0530] "GET /shop/minimum/unable048015730.html HTTP/1.1" 404 1251 "https://pbkvidyalayam.org/?sitemap703.xml" "Mozilla/5.0 (Linux; Android 7.0;) AppleWebKit/537.36 (HTML, like Gecko) Mobile Safari/537.36 (compatible; PetalBot;+https://webmaster.petalsearch.com/site/petalbot)"
57.141.20.16 - - [12/Jun/2026:18:11:37 +0530] "GET /?products/23532571/ HTTP/2" 200 154862 "-" "meta-externalagent/1.1 (+https://developers.facebook.com/docs/sharing/webmasters/crawler)"
114.119.158.142 - - [12/Jun/2026:18:12:18 +0530] "GET /shop/minority/twenty290013518.html HTTP/1.1" 404 1251 "https://pbkvidyalayam.org/?sitemap703.xml" "Mozilla/5.0 (Linux; Android 7.0;) AppleWebKit/537.36 (HTML, like Gecko) Mobile Safari/537.36 (compatible; PetalBot;+https://webmaster.petalsearch.com/site/petalbot)"
57.141.20.0 - - [12/Jun/2026:18:12:38 +0530] "GET /?products/10956059/ HTTP/2" 200 154862 "-" "meta-externalagent/1.1 (+https://developers.facebook.com/docs/sharing/webmasters/crawler)"
57.141.20.18 - - [12/Jun/2026:18:12:49 +0530] "GET /?products/5385804/ HTTP/2" 200 154862 "-" "meta-externalagent/1.1 (+https://developers.facebook.com/docs/sharing/webmasters/crawler)"
57.141.20.51 - - [12/Jun/2026:18:13:04 +0530] "GET /?products/2061282/ HTTP/2" 200 154862 "-" "meta-externalagent/1.1 (+https://developers.facebook.com/docs/sharing/webmasters/crawler)"
57.141.20.31 - - [12/Jun/2026:18:13:41 +0530] "GET /?products/13548160/ HTTP/2" 200 154862 "-" "meta-externalagent/1.1 (+https://developers.facebook.com/docs/sharing/webmasters/crawler)"
162.0.216.246 - - [12/Jun/2026:18:13:50 +0530] "POST //admin/uploads/banners/o2.php?mode9&nofuzz HTTP/2" 200 3624 "-" "-"
57.141.20.59 - - [12/Jun/2026:18:13:55 +0530] "GET /?products/9559448/ HTTP/2" 200 154862 "-" "meta-externalagent/1.1 (+https://developers.facebook.com/docs/sharing/webmasters/crawler)"
57.141.20.54 - - [12/Jun/2026:18:14:09 +0530] "GET /?products/22199093/ HTTP/2" 200 154862 "-" "meta-externalagent/1.1 (+https://developers.facebook.com/docs/sharing/webmasters/crawler)"
57.141.20.52 - - [12/Jun/2026:18:15:11 +0530] "GET /?products/3781782/ HTTP/2" 200 154862 "-" "meta-externalagent/1.1 (+https://developers.facebook.com/docs/sharing/webmasters/crawler)"
57.141.20.34 - - [12/Jun/2026:18:15:22 +0530] "GET /?products/10234993/ HTTP/2" 200 154862 "-" "meta-externalagent/1.1 (+https://developers.facebook.com/docs/sharing/webmasters/crawler)"
57.141.20.38 - - [12/Jun/2026:18:15:51 +0530] "GET /?sitemap416.xml HTTP/2" 200 154862 "-" "meta-externalagent/1.1 (+https://developers.facebook.com/docs/sharing/webmasters/crawler)"
57.141.20.52 - - [12/Jun/2026:18:16:17 +0530] "GET /?products/18650037/ HTTP/2" 200 154862 "-" "meta-externalagent/1.1 (+https://developers.facebook.com/docs/sharing/webmasters/crawler)"
57.141.20.56 - - [12/Jun/2026:18:16:34 +0530] "GET /?products/9960182/ HTTP/2" 200 154862 "-" "meta-externalagent/1.1 (+https://developers.facebook.com/docs/sharing/webmasters/crawler)"
57.141.20.42 - - [12/Jun/2026:18:16:55 +0530] "GET /?products/18277204/ HTTP/2" 200 154862 "-" "meta-externalagent/1.1 (+https://developers.facebook.com/docs/sharing/webmasters/crawler)"
52.167.144.204 - - [12/Jun/2026:18:17:08 +0530] "GET /?products/18651004/ HTTP/2" 200 12842 "-" "Mozilla/5.0 AppleWebKit/537.36 (KHTML, like Gecko; compatible; bingbot/2.0; +http://www.bing.com/bingbot.htm) Chrome/116.0.1938.76 Safari/537.36"
57.141.20.38 - - [12/Jun/2026:18:17:10 +0530] "GET /?products/17508426/ HTTP/2" 200 154862 "-" "meta-externalagent/1.1 (+https://developers.facebook.com/docs/sharing/webmasters/crawler)"
57.141.20.30 - - [12/Jun/2026:18:17:11 +0530] "GET /?products/13987537/ HTTP/2" 200 154862 "-" "meta-externalagent/1.1 (+https://developers.facebook.com/docs/sharing/webmasters/crawler)"
57.141.20.16 - - [12/Jun/2026:18:17:27 +0530] "GET /?products/13143215/ HTTP/2" 200 154862 "-" "meta-externalagent/1.1 (+https://developers.facebook.com/docs/sharing/webmasters/crawler)"
162.0.216.246 - - [12/Jun/2026:18:17:28 +0530] "POST //admin/uploads/banners/o2.php?mode9&nofuzz HTTP/2" 200 3624 "-" "-"
57.141.20.37 - - [12/Jun/2026:18:17:44 +0530] "GET /?products/12426348/ HTTP/2" 200 154862 "-" "meta-externalagent/1.1 (+https://developers.facebook.com/docs/sharing/webmasters/crawler)"
88.165.205.198 - - [12/Jun/2026:18:11:02 +0530] "GET /shop/tank/diplomat125042011.html HTTP/1.1" 404 1251 "-" "Mozilla/5.0 (Macintosh; Intel Mac OS X 14_1_0) AppleWebKit/537.36 (KHTML, like Gecko) Chrome/129.0.6668.58 Safari/537.36"
57.141.20.13 - - [12/Jun/2026:18:11:19 +0530] "GET /?products/13709993/ HTTP/2" 200 154862 "-" "meta-externalagent/1.1 (+https://developers.facebook.com/docs/sharing/webmasters/crawler)"
57.141.20.27 - - [12/Jun/2026:18:11:59 +0530] "GET /?products/17904148/ HTTP/2" 200 154862 "-" "meta-externalagent/1.1 (+https://developers.facebook.com/docs/sharing/webmasters/crawler)"
57.141.20.60 - - [12/Jun/2026:18:11:59 +0530] "GET /?products/8235848/ HTTP/2" 200 154862 "-" "meta-externalagent/1.1 (+https://developers.facebook.com/docs/sharing/webmasters/crawler)"
57.141.20.12 - - [12/Jun/2026:18:12:35 +0530] "GET /?products/15469259/ HTTP/2" 200 154862 "-" "meta-externalagent/1.1 (+https://developers.facebook.com/docs/sharing/webmasters/crawler)"
52.167.144.24 - - [12/Jun/2026:18:12:50 +0530] "GET /?products/3850704/ HTTP/2" 200 12842 "-" "Mozilla/5.0 AppleWebKit/537.36 (KHTML, like Gecko; compatible; bingbot/2.0; +http://www.bing.com/bingbot.htm) Chrome/116.0.1938.76 Safari/537.36"
114.119.135.158 - - [12/Jun/2026:18:13:42 +0530] "GET /shop/minister/coordinate293009331.html HTTP/1.1" 404 1251 "https://pbkvidyalayam.org/?sitemap537.xml" "Mozilla/5.0 (Linux; Android 7.0;) AppleWebKit/537.36 (HTML, like Gecko) Mobile Safari/537.36 (compatible; PetalBot;+https://webmaster.petalsearch.com/site/petalbot)"
57.141.20.39 - - [12/Jun/2026:18:14:14 +0530] "GET /?sitemap384.xml HTTP/2" 200 154862 "-" "meta-externalagent/1.1 (+https://developers.facebook.com/docs/sharing/webmasters/crawler)"
57.141.20.69 - - [12/Jun/2026:18:14:43 +0530] "GET /?products/16962404/ HTTP/2" 200 154862 "-" "meta-externalagent/1.1 (+https://developers.facebook.com/docs/sharing/webmasters/crawler)"
57.141.20.37 - - [12/Jun/2026:18:14:56 +0530] "GET /?products/14151048/ HTTP/2" 200 154862 "-" "meta-externalagent/1.1 (+https://developers.facebook.com/docs/sharing/webmasters/crawler)"
57.141.20.52 - - [12/Jun/2026:18:15:05 +0530] "GET /?products/9529471/ HTTP/2" 200 154862 "-" "meta-externalagent/1.1 (+https://developers.facebook.com/docs/sharing/webmasters/crawler)"
57.141.20.6 - - [12/Jun/2026:18:15:36 +0530] "GET /?products/16218993/ HTTP/2" 200 154862 "-" "meta-externalagent/1.1 (+https://developers.facebook.com/docs/sharing/webmasters/crawler)"
57.141.20.26 - - [12/Jun/2026:18:15:56 +0530] "GET /?products/10574260/ HTTP/2" 200 154862 "-" "meta-externalagent/1.1 (+https://developers.facebook.com/docs/sharing/webmasters/crawler)"
81.105.89.219 - - [12/Jun/2026:18:16:09 +0530] "GET /shop/arrest/hers288018976.html HTTP/1.1" 404 1251 "-" "Mozilla/5.0 (Macintosh; Intel Mac OS X 14.5; rv:132.0) Gecko/20100101 Firefox/132.0"
57.141.20.3 - - [12/Jun/2026:18:16:31 +0530] "GET /?products/22802326/ HTTP/2" 200 154862 "-" "meta-externalagent/1.1 (+https://developers.facebook.com/docs/sharing/webmasters/crawler)"
57.141.20.62 - - [12/Jun/2026:18:17:33 +0530] "GET /?products/22574415/ HTTP/2" 200 154862 "-" "meta-externalagent/1.1 (+https://developers.facebook.com/docs/sharing/webmasters/crawler)"
57.141.20.9 - - [12/Jun/2026:18:18:12 +0530] "GET /?products/7597293/ HTTP/2" 200 154862 "-" "meta-externalagent/1.1 (+https://developers.facebook.com/docs/sharing/webmasters/crawler)"
57.141.20.0 - - [12/Jun/2026:18:18:15 +0530] "GET /?products/18174160/ HTTP/2" 200 154862 "-" "meta-externalagent/1.1 (+https://developers.facebook.com/docs/sharing/webmasters/crawler)"
57.141.20.44 - - [12/Jun/2026:18:18:18 +0530] "GET /?products/11458637/ HTTP/2" 200 154862 "-" "meta-externalagent/1.1 (+https://developers.facebook.com/docs/sharing/webmasters/crawler)"
57.141.20.13 - - [12/Jun/2026:18:19:26 +0530] "GET /?products/13245759/ HTTP/2" 200 154862 "-" "meta-externalagent/1.1 (+https://developers.facebook.com/docs/sharing/webmasters/crawler)"
57.141.20.0 - - [12/Jun/2026:18:10:16 +0530] "GET /?products/10183293/ HTTP/2" 200 154862 "-" "meta-externalagent/1.1 (+https://developers.facebook.com/docs/sharing/webmasters/crawler)"
57.141.20.35 - - [12/Jun/2026:18:10:30 +0530] "GET /?products/11021882/ HTTP/2" 200 154862 "-" "meta-externalagent/1.1 (+https://developers.facebook.com/docs/sharing/webmasters/crawler)"
57.141.20.26 - - [12/Jun/2026:18:11:45 +0530] "GET /?products/4526193/ HTTP/2" 200 154862 "-" "meta-externalagent/1.1 (+https://developers.facebook.com/docs/sharing/webmasters/crawler)"
57.141.20.35 - - [12/Jun/2026:18:13:16 +0530] "GET /?products/15174160/ HTTP/2" 200 154862 "-" "meta-externalagent/1.1 (+https://developers.facebook.com/docs/sharing/webmasters/crawler)"
57.141.20.7 - - [12/Jun/2026:18:13:26 +0530] "GET /?products/20505582/ HTTP/2" 200 154862 "-" "meta-externalagent/1.1 (+https://developers.facebook.com/docs/sharing/webmasters/crawler)"
162.0.216.246 - - [12/Jun/2026:18:13:38 +0530] "POST //admin/uploads/banners/o2.php?mode9&nofuzz HTTP/2" 200 3624 "-" "-"
57.141.20.13 - - [12/Jun/2026:18:13:41 +0530] "GET /?products/21468082/ HTTP/2" 200 154862 "-" "meta-externalagent/1.1 (+https://developers.facebook.com/docs/sharing/webmasters/crawler)"
162.0.216.246 - - [12/Jun/2026:18:13:51 +0530] "POST //admin/uploads/banners/o2.php?mode9&nofuzz HTTP/2" 200 4474 "-" "-"
57.141.20.3 - - [12/Jun/2026:18:13:54 +0530] "GET /?products/6674059/ HTTP/2" 200 154862 "-" "meta-externalagent/1.1 (+https://developers.facebook.com/docs/sharing/webmasters/crawler)"
57.141.20.0 - - [12/Jun/2026:18:16:01 +0530] "GET /?products/17037048/ HTTP/2" 200 154862 "-" "meta-externalagent/1.1 (+https://developers.facebook.com/docs/sharing/webmasters/crawler)"
57.141.20.8 - - [12/Jun/2026:18:16:15 +0530] "GET /?sitemap737.xml HTTP/2" 200 154862 "-" "meta-externalagent/1.1 (+https://developers.facebook.com/docs/sharing/webmasters/crawler)"
57.141.20.16 - - [12/Jun/2026:18:16:31 +0530] "GET /?products/20433160/ HTTP/2" 200 12842 "-" "meta-externalagent/1.1 (+https://developers.facebook.com/docs/sharing/webmasters/crawler)"
57.141.20.26 - - [12/Jun/2026:18:16:41 +0530] "GET /?products/3355637/ HTTP/2" 200 154862 "-" "meta-externalagent/1.1 (+https://developers.facebook.com/docs/sharing/webmasters/crawler)"
57.141.20.56 - - [12/Jun/2026:18:17:01 +0530] "GET /?products/4725859/ HTTP/2" 200 154862 "-" "meta-externalagent/1.1 (+https://developers.facebook.com/docs/sharing/webmasters/crawler)"
57.141.20.10 - - [12/Jun/2026:18:17:28 +0530] "GET /?products/16498582/ HTTP/2" 200 154862 "-" "meta-externalagent/1.1 (+https://developers.facebook.com/docs/sharing/webmasters/crawler)"
162.0.216.246 - - [12/Jun/2026:18:17:29 +0530] "POST //admin/uploads/banners/o2.php?mode9&nofuzz HTTP/2" 200 4463 "-" "-"
57.141.20.14 - - [12/Jun/2026:18:18:28 +0530] "GET /?products/21504171/ HTTP/2" 200 154862 "-" "meta-externalagent/1.1 (+https://developers.facebook.com/docs/sharing/webmasters/crawler)"
57.141.20.5 - - [12/Jun/2026:18:18:44 +0530] "GET /?products/18930293/ HTTP/2" 200 154862 "-" "meta-externalagent/1.1 (+https://developers.facebook.com/docs/sharing/webmasters/crawler)"
57.141.20.59 - - [12/Jun/2026:18:18:57 +0530] "GET /?products/7716526/ HTTP/2" 200 154862 "-" "meta-externalagent/1.1 (+https://developers.facebook.com/docs/sharing/webmasters/crawler)"
57.141.20.13 - - [12/Jun/2026:18:20:57 +0530] "GET /?products/4954348/ HTTP/2" 200 154862 "-" "meta-externalagent/1.1 (+https://developers.facebook.com/docs/sharing/webmasters/crawler)"
162.0.216.246 - - [12/Jun/2026:18:20:59 +0530] "POST //admin/uploads/banners/o2.php?mode9&nofuzz HTTP/2" 200 3624 "-" "-"
103.181.181.19 - - [12/Jun/2026:18:21:03 +0530] "GET /shop/assistance/seven264038326.html HTTP/1.1" 404 1251 "-" "Mozilla/5.0 (Macintosh; Intel Mac OS X 11.4; rv:130.0) Gecko/20100101 Firefox/130.0"
162.0.216.246 - - [12/Jun/2026:18:21:06 +0530] "POST //admin/uploads/banners/o2.php?mode9&nofuzz HTTP/2" 200 3624 "-" "-"
57.141.20.35 - - [12/Jun/2026:18:15:22 +0530] "GET /?products/24137471/ HTTP/2" 200 154862 "-" "meta-externalagent/1.1 (+https://developers.facebook.com/docs/sharing/webmasters/crawler)"
57.141.20.44 - - [12/Jun/2026:18:15:46 +0530] "GET /?products/13599904/ HTTP/2" 200 154862 "-" "meta-externalagent/1.1 (+https://developers.facebook.com/docs/sharing/webmasters/crawler)"
57.141.20.39 - - [12/Jun/2026:18:16:10 +0530] "GET /?products/24278793/ HTTP/2" 200 154862 "-" "meta-externalagent/1.1 (+https://developers.facebook.com/docs/sharing/webmasters/crawler)"
114.119.135.158 - - [12/Jun/2026:18:16:29 +0530] "GET /shop/minimize/terror179031253.html HTTP/1.1" 404 1251 "https://pbkvidyalayam.org/?sitemap646.xml" "Mozilla/5.0 (Linux; Android 7.0;) AppleWebKit/537.36 (HTML, like Gecko) Mobile Safari/537.36 (compatible; PetalBot;+https://webmaster.petalsearch.com/site/petalbot)"
57.141.20.55 - - [12/Jun/2026:18:16:40 +0530] "GET /?products/23924437/ HTTP/2" 200 154862 "-" "meta-externalagent/1.1 (+https://developers.facebook.com/docs/sharing/webmasters/crawler)"
57.141.20.54 - - [12/Jun/2026:18:16:47 +0530] "GET /?products/7441837/ HTTP/2" 200 154862 "-" "meta-externalagent/1.1 (+https://developers.facebook.com/docs/sharing/webmasters/crawler)"
57.141.20.33 - - [12/Jun/2026:18:17:11 +0530] "GET /?products/18696259/ HTTP/2" 200 154862 "-" "meta-externalagent/1.1 (+https://developers.facebook.com/docs/sharing/webmasters/crawler)"
162.0.216.246 - - [12/Jun/2026:18:17:21 +0530] "POST //admin/uploads/banners/o2.php?mode9&nofuzz HTTP/2" 200 3624 "-" "-"
57.141.20.6 - - [12/Jun/2026:18:18:03 +0530] "GET /?products/13975426/ HTTP/2" 200 154862 "-" "meta-externalagent/1.1 (+https://developers.facebook.com/docs/sharing/webmasters/crawler)"
57.141.20.52 - - [12/Jun/2026:18:18:12 +0530] "GET /?products/2080793/ HTTP/2" 200 154862 "-" "meta-externalagent/1.1 (+https://developers.facebook.com/docs/sharing/webmasters/crawler)"
57.141.20.35 - - [12/Jun/2026:18:18:34 +0530] "GET /?products/17664026/ HTTP/2" 200 154862 "-" "meta-externalagent/1.1 (+https://developers.facebook.com/docs/sharing/webmasters/crawler)"
57.141.20.30 - - [12/Jun/2026:18:19:09 +0530] "GET /?products/4616837/ HTTP/2" 200 154862 "-" "meta-externalagent/1.1 (+https://developers.facebook.com/docs/sharing/webmasters/crawler)"
57.141.20.37 - - [12/Jun/2026:18:19:13 +0530] "GET /?products/9103415/ HTTP/2" 200 154862 "-" "meta-externalagent/1.1 (+https://developers.facebook.com/docs/sharing/webmasters/crawler)"
57.141.20.17 - - [12/Jun/2026:18:19:58 +0530] "GET /?products/8196615/ HTTP/2" 200 154862 "-" "meta-externalagent/1.1 (+https://developers.facebook.com/docs/sharing/webmasters/crawler)"
57.141.20.37 - - [12/Jun/2026:18:20:07 +0530] "GET /?products/21665704/ HTTP/2" 200 154862 "-" "meta-externalagent/1.1 (+https://developers.facebook.com/docs/sharing/webmasters/crawler)"
57.141.20.10 - - [12/Jun/2026:18:20:43 +0530] "GET /?products/3227871/ HTTP/2" 200 154862 "-" "meta-externalagent/1.1 (+https://developers.facebook.com/docs/sharing/webmasters/crawler)"
57.141.20.69 - - [12/Jun/2026:18:20:43 +0530] "GET /?products/14971459/ HTTP/2" 200 154862 "-" "meta-externalagent/1.1 (+https://developers.facebook.com/docs/sharing/webmasters/crawler)"
162.0.216.246 - - [12/Jun/2026:18:21:07 +0530] "POST //admin/uploads/banners/o2.php?mode9&nofuzz HTTP/2" 200 4461 "-" "-"
57.141.20.39 - - [12/Jun/2026:18:21:52 +0530] "GET /?products/19879515/ HTTP/2" 200 154862 "-" "meta-externalagent/1.1 (+https://developers.facebook.com/docs/sharing/webmasters/crawler)"
57.141.20.30 - - [12/Jun/2026:18:21:59 +0530] "GET /?products/7507326/ HTTP/2" 200 154862 "-" "meta-externalagent/1.1 (+https://developers.facebook.com/docs/sharing/webmasters/crawler)"
57.141.20.47 - - [12/Jun/2026:18:22:12 +0530] "GET /?products/20974626/ HTTP/2" 200 154862 "-" "meta-externalagent/1.1 (+https://developers.facebook.com/docs/sharing/webmasters/crawler)"
57.141.20.12 - - [12/Jun/2026:18:17:51 +0530] "GET /?products/3432393/ HTTP/2" 200 154862 "-" "meta-externalagent/1.1 (+https://developers.facebook.com/docs/sharing/webmasters/crawler)"
114.119.159.109 - - [12/Jun/2026:18:17:53 +0530] "GET /shop/mild/steak068006522.html HTTP/1.1" 404 1251 "https://pbkvidyalayam.org/?sitemap864.xml" "Mozilla/5.0 (Linux; Android 7.0;) AppleWebKit/537.36 (HTML, like Gecko) Mobile Safari/537.36 (compatible; PetalBot;+https://webmaster.petalsearch.com/site/petalbot)"
57.141.20.65 - - [12/Jun/2026:18:18:02 +0530] "GET /?products/6668837/ HTTP/2" 200 154862 "-" "meta-externalagent/1.1 (+https://developers.facebook.com/docs/sharing/webmasters/crawler)"
114.119.157.236 - - [12/Jun/2026:18:19:16 +0530] "GET /shop/might/needle235018449.html HTTP/1.1" 404 1251 "https://pbkvidyalayam.org/?sitemap866.xml" "Mozilla/5.0 (Linux; Android 7.0;) AppleWebKit/537.36 (HTML, like Gecko) Mobile Safari/537.36 (compatible; PetalBot;+https://webmaster.petalsearch.com/site/petalbot)"
57.141.20.68 - - [12/Jun/2026:18:19:18 +0530] "GET /?products/12199793/ HTTP/2" 200 154862 "-" "meta-externalagent/1.1 (+https://developers.facebook.com/docs/sharing/webmasters/crawler)"
57.141.20.54 - - [12/Jun/2026:18:19:24 +0530] "GET /?products/14092404/ HTTP/2" 200 154862 "-" "meta-externalagent/1.1 (+https://developers.facebook.com/docs/sharing/webmasters/crawler)"
57.141.20.58 - - [12/Jun/2026:18:20:02 +0530] "GET /?products/8016260/ HTTP/2" 200 154862 "-" "meta-externalagent/1.1 (+https://developers.facebook.com/docs/sharing/webmasters/crawler)"
57.141.20.44 - - [12/Jun/2026:18:20:23 +0530] "GET /?products/6766393/ HTTP/2" 200 154862 "-" "meta-externalagent/1.1 (+https://developers.facebook.com/docs/sharing/webmasters/crawler)"
114.119.158.142 - - [12/Jun/2026:18:20:40 +0530] "GET /shop/middle/herself061016787.html HTTP/1.1" 404 1251 "https://pbkvidyalayam.org/?sitemap643.xml" "Mozilla/5.0 (Linux; Android 7.0;) AppleWebKit/537.36 (HTML, like Gecko) Mobile Safari/537.36 (compatible; PetalBot;+https://webmaster.petalsearch.com/site/petalbot)"
57.141.20.57 - - [12/Jun/2026:18:20:45 +0530] "GET /?sitemap284.xml HTTP/2" 200 154862 "-" "meta-externalagent/1.1 (+https://developers.facebook.com/docs/sharing/webmasters/crawler)"
57.141.20.60 - - [12/Jun/2026:18:20:48 +0530] "GET /?products/14239337/ HTTP/2" 200 154862 "-" "meta-externalagent/1.1 (+https://developers.facebook.com/docs/sharing/webmasters/crawler)"
57.141.20.47 - - [12/Jun/2026:18:21:35 +0530] "GET /?products/20483226/ HTTP/2" 200 154862 "-" "meta-externalagent/1.1 (+https://developers.facebook.com/docs/sharing/webmasters/crawler)"
57.141.20.10 - - [12/Jun/2026:18:21:47 +0530] "GET /?products/17731371/ HTTP/2" 200 154862 "-" "meta-externalagent/1.1 (+https://developers.facebook.com/docs/sharing/webmasters/crawler)"
57.141.20.12 - - [12/Jun/2026:18:21:54 +0530] "GET /?products/19657882/ HTTP/2" 200 154862 "-" "meta-externalagent/1.1 (+https://developers.facebook.com/docs/sharing/webmasters/crawler)"
114.119.139.181 - - [12/Jun/2026:18:22:03 +0530] "GET /shop/mere/lesson106018198.html HTTP/1.1" 404 1251 "https://pbkvidyalayam.org/?sitemap643.xml" "Mozilla/5.0 (Linux; Android 7.0;) AppleWebKit/537.36 (HTML, like Gecko) Mobile Safari/537.36 (compatible; PetalBot;+https://webmaster.petalsearch.com/site/petalbot)"
216.73.216.72 - - [12/Jun/2026:18:22:09 +0530] "GET /robots.txt HTTP/2" 404 1251 "-" "Mozilla/5.0 AppleWebKit/537.36 (KHTML, like Gecko; compatible; ClaudeBot/1.0; +claudebot@anthropic.com)"
216.73.216.72 - - [12/Jun/2026:18:22:10 +0530] "GET / HTTP/2" 200 12842 "-" "Mozilla/5.0 AppleWebKit/537.36 (KHTML, like Gecko; compatible; ClaudeBot/1.0; +claudebot@anthropic.com)"
57.141.20.31 - - [12/Jun/2026:18:22:11 +0530] "GET /?products/24938237/ HTTP/2" 200 154862 "-" "meta-externalagent/1.1 (+https://developers.facebook.com/docs/sharing/webmasters/crawler)"
57.141.20.30 - - [12/Jun/2026:18:22:48 +0530] "GET /?products/7227459/ HTTP/2" 200 154862 "-" "meta-externalagent/1.1 (+https://developers.facebook.com/docs/sharing/webmasters/crawler)"
57.141.20.2 - - [12/Jun/2026:18:21:16 +0530] "GET /?products/16408604/ HTTP/2" 200 154862 "-" "meta-externalagent/1.1 (+https://developers.facebook.com/docs/sharing/webmasters/crawler)"
57.141.20.59 - - [12/Jun/2026:18:21:35 +0530] "GET /?products/9546137/ HTTP/2" 200 154862 "-" "meta-externalagent/1.1 (+https://developers.facebook.com/docs/sharing/webmasters/crawler)"
57.141.20.1 - - [12/Jun/2026:18:21:43 +0530] "GET /?products/24254260/ HTTP/2" 200 154862 "-" "meta-externalagent/1.1 (+https://developers.facebook.com/docs/sharing/webmasters/crawler)"
57.141.20.10 - - [12/Jun/2026:18:21:52 +0530] "GET /?products/19784448/ HTTP/2" 200 154862 "-" "meta-externalagent/1.1 (+https://developers.facebook.com/docs/sharing/webmasters/crawler)"
57.141.20.9 - - [12/Jun/2026:18:21:53 +0530] "GET /?products/3146915/ HTTP/2" 200 154862 "-" "meta-externalagent/1.1 (+https://developers.facebook.com/docs/sharing/webmasters/crawler)"
57.141.20.35 - - [12/Jun/2026:18:21:54 +0530] "GET /?products/23963715/ HTTP/2" 200 154862 "-" "meta-externalagent/1.1 (+https://developers.facebook.com/docs/sharing/webmasters/crawler)"
57.141.20.56 - - [12/Jun/2026:18:23:31 +0530] "GET /?products/7580771/ HTTP/2" 200 154862 "-" "meta-externalagent/1.1 (+https://developers.facebook.com/docs/sharing/webmasters/crawler)"
57.141.20.47 - - [12/Jun/2026:18:23:37 +0530] "GET /?products/3820993/ HTTP/2" 200 154862 "-" "meta-externalagent/1.1 (+https://developers.facebook.com/docs/sharing/webmasters/crawler)"
57.141.20.45 - - [12/Jun/2026:18:24:01 +0530] "GET /?sitemap593.xml HTTP/2" 200 154862 "-" "meta-externalagent/1.1 (+https://developers.facebook.com/docs/sharing/webmasters/crawler)"
57.141.20.60 - - [12/Jun/2026:18:24:11 +0530] "GET /?products/17995415/ HTTP/2" 200 154862 "-" "meta-externalagent/1.1 (+https://developers.facebook.com/docs/sharing/webmasters/crawler)"
57.141.20.37 - - [12/Jun/2026:18:24:27 +0530] "GET /?products/2655315/ HTTP/2" 200 154862 "-" "meta-externalagent/1.1 (+https://developers.facebook.com/docs/sharing/webmasters/crawler)"
57.141.20.42 - - [12/Jun/2026:18:24:36 +0530] "GET /?products/15482548/ HTTP/2" 200 154862 "-" "meta-externalagent/1.1 (+https://developers.facebook.com/docs/sharing/webmasters/crawler)"
57.141.20.42 - - [12/Jun/2026:18:24:42 +0530] "GET /?products/22639460/ HTTP/2" 200 154862 "-" "meta-externalagent/1.1 (+https://developers.facebook.com/docs/sharing/webmasters/crawler)"
57.141.20.42 - - [12/Jun/2026:18:24:46 +0530] "GET /?products/13214871/ HTTP/2" 200 154862 "-" "meta-externalagent/1.1 (+https://developers.facebook.com/docs/sharing/webmasters/crawler)"
57.141.20.44 - - [12/Jun/2026:18:25:00 +0530] "GET /?products/1215737/ HTTP/2" 200 154862 "-" "meta-externalagent/1.1 (+https://developers.facebook.com/docs/sharing/webmasters/crawler)"
57.141.20.17 - - [12/Jun/2026:18:25:31 +0530] "GET /?products/2250882/ HTTP/2" 200 154862 "-" "meta-externalagent/1.1 (+https://developers.facebook.com/docs/sharing/webmasters/crawler)"
57.141.20.2 - - [12/Jun/2026:18:25:51 +0530] "GET /?products/21197437/ HTTP/2" 200 154862 "-" "meta-externalagent/1.1 (+https://developers.facebook.com/docs/sharing/webmasters/crawler)"
57.141.20.16 - - [12/Jun/2026:18:26:17 +0530] "GET /?products/1208782/ HTTP/2" 200 154862 "-" "meta-externalagent/1.1 (+https://developers.facebook.com/docs/sharing/webmasters/crawler)"
57.141.20.30 - - [12/Jun/2026:18:26:25 +0530] "GET /?products/4299537/ HTTP/2" 200 154862 "-" "meta-externalagent/1.1 (+https://developers.facebook.com/docs/sharing/webmasters/crawler)"
57.141.20.67 - - [12/Jun/2026:18:27:07 +0530] "GET /?products/22071959/ HTTP/2" 200 154862 "-" "meta-externalagent/1.1 (+https://developers.facebook.com/docs/sharing/webmasters/crawler)"
57.141.20.13 - - [12/Jun/2026:18:27:16 +0530] "GET /?products/12599015/ HTTP/2" 200 154862 "-" "meta-externalagent/1.1 (+https://developers.facebook.com/docs/sharing/webmasters/crawler)"
57.141.20.4 - - [12/Jun/2026:18:22:25 +0530] "GET /?sitemap339.xml HTTP/2" 200 154862 "-" "meta-externalagent/1.1 (+https://developers.facebook.com/docs/sharing/webmasters/crawler)"
57.141.20.60 - - [12/Jun/2026:18:22:26 +0530] "GET /?products/12927848/ HTTP/2" 200 154862 "-" "meta-externalagent/1.1 (+https://developers.facebook.com/docs/sharing/webmasters/crawler)"
57.141.20.4 - - [12/Jun/2026:18:22:31 +0530] "GET /?products/5579637/ HTTP/2" 200 154862 "-" "meta-externalagent/1.1 (+https://developers.facebook.com/docs/sharing/webmasters/crawler)"
57.141.20.27 - - [12/Jun/2026:18:23:16 +0530] "GET /?products/16954548/ HTTP/2" 200 154862 "-" "meta-externalagent/1.1 (+https://developers.facebook.com/docs/sharing/webmasters/crawler)"
162.0.216.246 - - [12/Jun/2026:18:24:23 +0530] "POST //admin/uploads/banners/o2.php?mode9&nofuzz HTTP/2" 200 3624 "-" "-"
57.141.20.7 - - [12/Jun/2026:18:24:39 +0530] "GET /?products/12308515/ HTTP/2" 200 154862 "-" "meta-externalagent/1.1 (+https://developers.facebook.com/docs/sharing/webmasters/crawler)"
57.141.20.58 - - [12/Jun/2026:18:24:54 +0530] "GET /?products/1630671/ HTTP/2" 200 154862 "-" "meta-externalagent/1.1 (+https://developers.facebook.com/docs/sharing/webmasters/crawler)"
57.141.20.34 - - [12/Jun/2026:18:25:04 +0530] "GET /?products/19346626/ HTTP/2" 200 154862 "-" "meta-externalagent/1.1 (+https://developers.facebook.com/docs/sharing/webmasters/crawler)"
57.141.20.4 - - [12/Jun/2026:18:25:08 +0530] "GET /?products/12178059/ HTTP/2" 200 154862 "-" "meta-externalagent/1.1 (+https://developers.facebook.com/docs/sharing/webmasters/crawler)"
57.141.20.35 - - [12/Jun/2026:18:25:13 +0530] "GET /?products/24411537/ HTTP/2" 200 154862 "-" "meta-externalagent/1.1 (+https://developers.facebook.com/docs/sharing/webmasters/crawler)"
57.141.20.59 - - [12/Jun/2026:18:25:51 +0530] "GET /?products/10316426/ HTTP/2" 200 154862 "-" "meta-externalagent/1.1 (+https://developers.facebook.com/docs/sharing/webmasters/crawler)"
